{"id":49057,"date":"2024-09-19T13:10:29","date_gmt":"2024-09-19T11:10:29","guid":{"rendered":"https:\/\/ayto.mutxamel.org\/proceso-selectivo\/tecnico-en-normalizacion-linguistica\/"},"modified":"2024-10-18T09:01:14","modified_gmt":"2024-10-18T07:01:14","slug":"tecnico-en-normalizacion-linguistica","status":"publish","type":"proceso-selectivo","link":"https:\/\/ayto.mutxamel.org\/ca\/proceso-selectivo\/tecnico-en-normalizacion-linguistica\/","title":{"rendered":"T\u00c8CNIC EN NORMALITZACI\u00d3 LING\u00dc\u00cdSTICA"},"content":{"rendered":"<p>Convocar proves per a la selecci\u00f3 urgent d&#8217;una persona per a prestar els servicis de T\u00e8cnic de Normalitzaci\u00f3 Ling\u00fc\u00edstica<\/p>\n<p><a href=\"https:\/\/ayto.mutxamel.org\/wp-content\/uploads\/2024\/09\/RRHH_Dec_Oferta_Generica_Tec_Normalitzacio_Linguistica.pdf\" target=\"_blank\" rel=\"noreferrer noopener\" data-insuit-uuid=\"c244a967-5238-471d-9bf0-584b7b1caead\">Convocat\u00f2ria\u00a0<\/a><\/p>\n<p><a href=\"https:\/\/ayto.mutxamel.org\/wp-content\/uploads\/2024\/09\/RRHH_Edicte-resultats-entrevista-i-valoracio-de-merits.pdf\" target=\"_blank\" rel=\"noreferrer noopener\" data-insuit-uuid=\"c244a967-5238-471d-9bf0-584b7b1caead\">Edicte resultats entrevista i valoraci\u00f3 de m\u00e8rits<\/a><\/p>\n<p><a href=\"https:\/\/ayto.mutxamel.org\/wp-content\/uploads\/2024\/10\/RRHH_EDICTE_FINAL_CONCURS_I_ENTREVISTA_BORSA_TECNIC_NORMALIT.pdf\" target=\"_blank\" rel=\"noreferrer noopener\" data-insuit-uuid=\"c244a967-5238-471d-9bf0-584b7b1caead\">Edicte final concurs i entrevista despr\u00e9s d&#8217;alegacions borsa t\u00e8cnic normalitzaci\u00f3<\/a><\/p>\n","protected":false},"excerpt":{"rendered":"<p>Convocar proves per a la selecci\u00f3 urgent d&#8217;una persona per a prestar els servicis de T\u00e8cnic de Normalitzaci\u00f3 Ling\u00fc\u00edstica Convocat\u00f2ria\u00a0 Edicte resultats entrevista i valoraci\u00f3 de m\u00e8rits Edicte final concurs i entrevista despr\u00e9s d&#8217;alegacions borsa t\u00e8cnic normalitzaci\u00f3<\/p>\n","protected":false},"author":5,"featured_media":0,"menu_order":0,"template":"","format":"standard","meta":{"_acf_changed":false,"footnotes":""},"estado-procesoselectivo":[426],"class_list":["post-49057","proceso-selectivo","type-proceso-selectivo","status-publish","format-standard","hentry","estado-procesoselectivo-finalitzat"],"acf":[],"yoast_head":"<!-- This site is optimized with the Yoast SEO plugin v27.3 - https:\/\/yoast.com\/product\/yoast-seo-wordpress\/ -->\n<title>T\u00c8CNIC EN NORMALITZACI\u00d3 LING\u00dc\u00cdSTICA - Ayuntamiento de Mutxamel<\/title>\n<meta name=\"robots\" content=\"index, follow, max-snippet:-1, max-image-preview:large, max-video-preview:-1\" \/>\n<link rel=\"canonical\" href=\"https:\/\/ayto.mutxamel.org\/ca\/proceso-selectivo\/tecnico-en-normalizacion-linguistica\/\" \/>\n<meta property=\"og:locale\" content=\"ca_ES\" \/>\n<meta property=\"og:type\" content=\"article\" \/>\n<meta property=\"og:title\" content=\"T\u00c8CNIC EN NORMALITZACI\u00d3 LING\u00dc\u00cdSTICA - Ayuntamiento de Mutxamel\" \/>\n<meta property=\"og:description\" content=\"Convocar proves per a la selecci\u00f3 urgent d&#8217;una persona per a prestar els servicis de T\u00e8cnic de Normalitzaci\u00f3 Ling\u00fc\u00edstica Convocat\u00f2ria\u00a0 Edicte resultats entrevista i valoraci\u00f3 de m\u00e8rits Edicte final concurs i entrevista despr\u00e9s d&#8217;alegacions borsa t\u00e8cnic normalitzaci\u00f3\" \/>\n<meta property=\"og:url\" content=\"https:\/\/ayto.mutxamel.org\/ca\/proceso-selectivo\/tecnico-en-normalizacion-linguistica\/\" \/>\n<meta property=\"og:site_name\" content=\"Ayuntamiento de Mutxamel\" \/>\n<meta property=\"article:modified_time\" content=\"2024-10-18T07:01:14+00:00\" \/>\n<meta name=\"twitter:card\" content=\"summary_large_image\" \/>\n<meta name=\"twitter:label1\" content=\"Temps estimat de lectura\" \/>\n\t<meta name=\"twitter:data1\" content=\"1 minut\" \/>\n<script type=\"application\/ld+json\" class=\"yoast-schema-graph\">{\"@context\":\"https:\\\/\\\/schema.org\",\"@graph\":[{\"@type\":\"WebPage\",\"@id\":\"https:\\\/\\\/ayto.mutxamel.org\\\/ca\\\/proceso-selectivo\\\/tecnico-en-normalizacion-linguistica\\\/\",\"url\":\"https:\\\/\\\/ayto.mutxamel.org\\\/ca\\\/proceso-selectivo\\\/tecnico-en-normalizacion-linguistica\\\/\",\"name\":\"T\u00c8CNIC EN NORMALITZACI\u00d3 LING\u00dc\u00cdSTICA - Ayuntamiento de Mutxamel\",\"isPartOf\":{\"@id\":\"https:\\\/\\\/ayto.mutxamel.org\\\/ca\\\/#website\"},\"datePublished\":\"2024-09-19T11:10:29+00:00\",\"dateModified\":\"2024-10-18T07:01:14+00:00\",\"breadcrumb\":{\"@id\":\"https:\\\/\\\/ayto.mutxamel.org\\\/ca\\\/proceso-selectivo\\\/tecnico-en-normalizacion-linguistica\\\/#breadcrumb\"},\"inLanguage\":\"ca\",\"potentialAction\":[{\"@type\":\"ReadAction\",\"target\":[\"https:\\\/\\\/ayto.mutxamel.org\\\/ca\\\/proceso-selectivo\\\/tecnico-en-normalizacion-linguistica\\\/\"]}]},{\"@type\":\"BreadcrumbList\",\"@id\":\"https:\\\/\\\/ayto.mutxamel.org\\\/ca\\\/proceso-selectivo\\\/tecnico-en-normalizacion-linguistica\\\/#breadcrumb\",\"itemListElement\":[{\"@type\":\"ListItem\",\"position\":1,\"name\":\"Portada\",\"item\":\"https:\\\/\\\/ayto.mutxamel.org\\\/ca\\\/\"},{\"@type\":\"ListItem\",\"position\":2,\"name\":\"Procesos Selectivos\",\"item\":\"https:\\\/\\\/ayto.mutxamel.org\\\/ca\\\/proceso-selectivo\\\/\"},{\"@type\":\"ListItem\",\"position\":3,\"name\":\"T\u00c8CNIC EN NORMALITZACI\u00d3 LING\u00dc\u00cdSTICA\"}]},{\"@type\":\"WebSite\",\"@id\":\"https:\\\/\\\/ayto.mutxamel.org\\\/ca\\\/#website\",\"url\":\"https:\\\/\\\/ayto.mutxamel.org\\\/ca\\\/\",\"name\":\"Ayuntamiento de Mutxamel\",\"description\":\"\",\"potentialAction\":[{\"@type\":\"SearchAction\",\"target\":{\"@type\":\"EntryPoint\",\"urlTemplate\":\"https:\\\/\\\/ayto.mutxamel.org\\\/ca\\\/?s={search_term_string}\"},\"query-input\":{\"@type\":\"PropertyValueSpecification\",\"valueRequired\":true,\"valueName\":\"search_term_string\"}}],\"inLanguage\":\"ca\"}]}<\/script>\n<!-- \/ Yoast SEO plugin. -->","yoast_head_json":{"title":"T\u00c8CNIC EN NORMALITZACI\u00d3 LING\u00dc\u00cdSTICA - Ayuntamiento de Mutxamel","robots":{"index":"index","follow":"follow","max-snippet":"max-snippet:-1","max-image-preview":"max-image-preview:large","max-video-preview":"max-video-preview:-1"},"canonical":"https:\/\/ayto.mutxamel.org\/ca\/proceso-selectivo\/tecnico-en-normalizacion-linguistica\/","og_locale":"ca_ES","og_type":"article","og_title":"T\u00c8CNIC EN NORMALITZACI\u00d3 LING\u00dc\u00cdSTICA - Ayuntamiento de Mutxamel","og_description":"Convocar proves per a la selecci\u00f3 urgent d&#8217;una persona per a prestar els servicis de T\u00e8cnic de Normalitzaci\u00f3 Ling\u00fc\u00edstica Convocat\u00f2ria\u00a0 Edicte resultats entrevista i valoraci\u00f3 de m\u00e8rits Edicte final concurs i entrevista despr\u00e9s d&#8217;alegacions borsa t\u00e8cnic normalitzaci\u00f3","og_url":"https:\/\/ayto.mutxamel.org\/ca\/proceso-selectivo\/tecnico-en-normalizacion-linguistica\/","og_site_name":"Ayuntamiento de Mutxamel","article_modified_time":"2024-10-18T07:01:14+00:00","twitter_card":"summary_large_image","twitter_misc":{"Temps estimat de lectura":"1 minut"},"schema":{"@context":"https:\/\/schema.org","@graph":[{"@type":"WebPage","@id":"https:\/\/ayto.mutxamel.org\/ca\/proceso-selectivo\/tecnico-en-normalizacion-linguistica\/","url":"https:\/\/ayto.mutxamel.org\/ca\/proceso-selectivo\/tecnico-en-normalizacion-linguistica\/","name":"T\u00c8CNIC EN NORMALITZACI\u00d3 LING\u00dc\u00cdSTICA - Ayuntamiento de Mutxamel","isPartOf":{"@id":"https:\/\/ayto.mutxamel.org\/ca\/#website"},"datePublished":"2024-09-19T11:10:29+00:00","dateModified":"2024-10-18T07:01:14+00:00","breadcrumb":{"@id":"https:\/\/ayto.mutxamel.org\/ca\/proceso-selectivo\/tecnico-en-normalizacion-linguistica\/#breadcrumb"},"inLanguage":"ca","potentialAction":[{"@type":"ReadAction","target":["https:\/\/ayto.mutxamel.org\/ca\/proceso-selectivo\/tecnico-en-normalizacion-linguistica\/"]}]},{"@type":"BreadcrumbList","@id":"https:\/\/ayto.mutxamel.org\/ca\/proceso-selectivo\/tecnico-en-normalizacion-linguistica\/#breadcrumb","itemListElement":[{"@type":"ListItem","position":1,"name":"Portada","item":"https:\/\/ayto.mutxamel.org\/ca\/"},{"@type":"ListItem","position":2,"name":"Procesos Selectivos","item":"https:\/\/ayto.mutxamel.org\/ca\/proceso-selectivo\/"},{"@type":"ListItem","position":3,"name":"T\u00c8CNIC EN NORMALITZACI\u00d3 LING\u00dc\u00cdSTICA"}]},{"@type":"WebSite","@id":"https:\/\/ayto.mutxamel.org\/ca\/#website","url":"https:\/\/ayto.mutxamel.org\/ca\/","name":"Ayuntamiento de Mutxamel","description":"","potentialAction":[{"@type":"SearchAction","target":{"@type":"EntryPoint","urlTemplate":"https:\/\/ayto.mutxamel.org\/ca\/?s={search_term_string}"},"query-input":{"@type":"PropertyValueSpecification","valueRequired":true,"valueName":"search_term_string"}}],"inLanguage":"ca"}]}},"_links":{"self":[{"href":"https:\/\/ayto.mutxamel.org\/ca\/wp-json\/wp\/v2\/proceso-selectivo\/49057","targetHints":{"allow":["GET"]}}],"collection":[{"href":"https:\/\/ayto.mutxamel.org\/ca\/wp-json\/wp\/v2\/proceso-selectivo"}],"about":[{"href":"https:\/\/ayto.mutxamel.org\/ca\/wp-json\/wp\/v2\/types\/proceso-selectivo"}],"author":[{"embeddable":true,"href":"https:\/\/ayto.mutxamel.org\/ca\/wp-json\/wp\/v2\/users\/5"}],"version-history":[{"count":5,"href":"https:\/\/ayto.mutxamel.org\/ca\/wp-json\/wp\/v2\/proceso-selectivo\/49057\/revisions"}],"predecessor-version":[{"id":50067,"href":"https:\/\/ayto.mutxamel.org\/ca\/wp-json\/wp\/v2\/proceso-selectivo\/49057\/revisions\/50067"}],"wp:attachment":[{"href":"https:\/\/ayto.mutxamel.org\/ca\/wp-json\/wp\/v2\/media?parent=49057"}],"wp:term":[{"taxonomy":"estado-procesoselectivo","embeddable":true,"href":"https:\/\/ayto.mutxamel.org\/ca\/wp-json\/wp\/v2\/estado-procesoselectivo?post=49057"}],"curies":[{"name":"wp","href":"https:\/\/api.w.org\/{rel}","templated":true}]}}

TÈCNIC EN NORMALITZACIÓ LINGÜÍSTICA

<p>Convocar proves per a la selecció urgent d&#8217;una persona per a prestar els servicis de Tècnic de Normalització Lingüística</p>
<p><a href="https://ayto.mutxamel.org/wp-content/uploads/2024/09/RRHH_Dec_Oferta_Generica_Tec_Normalitzacio_Linguistica.pdf" target="_blank" rel="noreferrer noopener" data-insuit-uuid="c244a967-5238-471d-9bf0-584b7b1caead">Convocatòria </a></p>
<p><a href="https://ayto.mutxamel.org/wp-content/uploads/2024/09/RRHH_Edicte-resultats-entrevista-i-valoracio-de-merits.pdf" target="_blank" rel="noreferrer noopener" data-insuit-uuid="c244a967-5238-471d-9bf0-584b7b1caead">Edicte resultats entrevista i valoració de mèrits</a></p>
<p><a href="https://ayto.mutxamel.org/wp-content/uploads/2024/10/RRHH_EDICTE_FINAL_CONCURS_I_ENTREVISTA_BORSA_TECNIC_NORMALIT.pdf" target="_blank" rel="noreferrer noopener" data-insuit-uuid="c244a967-5238-471d-9bf0-584b7b1caead">Edicte final concurs i entrevista després d&#8217;alegacions borsa tècnic normalització</a></p>

<p>Convocar proves per a la selecció urgent d&#8217;una persona per a prestar els servicis de Tècnic de Normalització Lingüística Convocatòria  Edicte resultats entrevista i valoració de mèrits Edicte final concurs i entrevista després d&#8217;alegacions borsa tècnic normalització</p>

<!-- This site is optimized with the Yoast SEO plugin v27.3 - https://yoast.com/product/yoast-seo-wordpress/ -->
<title>TÈCNIC EN NORMALITZACIÓ LINGÜÍSTICA - Ayuntamiento de Mutxamel</title>
<meta name="robots" content="index, follow, max-snippet:-1, max-image-preview:large, max-video-preview:-1" />
<link rel="canonical" href="https://ayto.mutxamel.org/ca/proceso-selectivo/tecnico-en-normalizacion-linguistica/" />
<meta property="og:locale" content="ca_ES" />
<meta property="og:type" content="article" />
<meta property="og:title" content="TÈCNIC EN NORMALITZACIÓ LINGÜÍSTICA - Ayuntamiento de Mutxamel" />
<meta property="og:description" content="Convocar proves per a la selecció urgent d&#8217;una persona per a prestar els servicis de Tècnic de Normalització Lingüística Convocatòria  Edicte resultats entrevista i valoració de mèrits Edicte final concurs i entrevista després d&#8217;alegacions borsa tècnic normalització" />
<meta property="og:url" content="https://ayto.mutxamel.org/ca/proceso-selectivo/tecnico-en-normalizacion-linguistica/" />
<meta property="og:site_name" content="Ayuntamiento de Mutxamel" />
<meta property="article:modified_time" content="2024-10-18T07:01:14+00:00" />
<meta name="twitter:card" content="summary_large_image" />
<meta name="twitter:label1" content="Temps estimat de lectura" />
	<meta name="twitter:data1" content="1 minut" />
<script type="application/ld+json" class="yoast-schema-graph">{"@context":"https:\/\/schema.org","@graph":[{"@type":"WebPage","@id":"https:\/\/ayto.mutxamel.org\/ca\/proceso-selectivo\/tecnico-en-normalizacion-linguistica\/","url":"https:\/\/ayto.mutxamel.org\/ca\/proceso-selectivo\/tecnico-en-normalizacion-linguistica\/","name":"TÈCNIC EN NORMALITZACIÓ LINGÜÍSTICA - Ayuntamiento de Mutxamel","isPartOf":{"@id":"https:\/\/ayto.mutxamel.org\/ca\/#website"},"datePublished":"2024-09-19T11:10:29+00:00","dateModified":"2024-10-18T07:01:14+00:00","breadcrumb":{"@id":"https:\/\/ayto.mutxamel.org\/ca\/proceso-selectivo\/tecnico-en-normalizacion-linguistica\/#breadcrumb"},"inLanguage":"ca","potentialAction":[{"@type":"ReadAction","target":["https:\/\/ayto.mutxamel.org\/ca\/proceso-selectivo\/tecnico-en-normalizacion-linguistica\/"]}]},{"@type":"BreadcrumbList","@id":"https:\/\/ayto.mutxamel.org\/ca\/proceso-selectivo\/tecnico-en-normalizacion-linguistica\/#breadcrumb","itemListElement":[{"@type":"ListItem","position":1,"name":"Portada","item":"https:\/\/ayto.mutxamel.org\/ca\/"},{"@type":"ListItem","position":2,"name":"Procesos Selectivos","item":"https:\/\/ayto.mutxamel.org\/ca\/proceso-selectivo\/"},{"@type":"ListItem","position":3,"name":"TÈCNIC EN NORMALITZACIÓ LINGÜÍSTICA"}]},{"@type":"WebSite","@id":"https:\/\/ayto.mutxamel.org\/ca\/#website","url":"https:\/\/ayto.mutxamel.org\/ca\/","name":"Ayuntamiento de Mutxamel","description":"","potentialAction":[{"@type":"SearchAction","target":{"@type":"EntryPoint","urlTemplate":"https:\/\/ayto.mutxamel.org\/ca\/?s={search_term_string}"},"query-input":{"@type":"PropertyValueSpecification","valueRequired":true,"valueName":"search_term_string"}}],"inLanguage":"ca"}]}</script>
<!-- / Yoast SEO plugin. -->

TÈCNIC EN NORMALITZACIÓ LINGÜÍSTICA - Ayuntamiento de Mutxamel

Convocar proves per a la selecció urgent d&#8217;una persona per a prestar els servicis de Tècnic de Normalització Lingüística Convocatòria  Edicte resultats entrevista i valoració de mèrits Edicte final concurs i entrevista després d&#8217;alegacions borsa tècnic normalització
