{"id":47763,"date":"2024-07-29T09:06:56","date_gmt":"2024-07-29T07:06:56","guid":{"rendered":"https:\/\/ayto.mutxamel.org\/proceso-selectivo\/jefatura-del-servicio-de-planeamiento-gestion-servicios-generales-agricultura-y-sostenibilidad-ambiental\/"},"modified":"2025-03-19T19:13:12","modified_gmt":"2025-03-19T18:13:12","slug":"jefatura-del-servicio-de-planeamiento-gestion-servicios-generales-agricultura-y-sostenibilidad-ambiental","status":"publish","type":"proceso-selectivo","link":"https:\/\/ayto.mutxamel.org\/ca\/proceso-selectivo\/jefatura-del-servicio-de-planeamiento-gestion-servicios-generales-agricultura-y-sostenibilidad-ambiental\/","title":{"rendered":"Direcci\u00f3 del Servici de Planejament, Gesti\u00f3, Servicis generals, agricultura i sostenibilitat ambiental"},"content":{"rendered":"<p>Convocat\u00f2ria i bases per a la provisi\u00f3 del posat Direcci\u00f3 del Servici de Planejament, Gesti\u00f3, Servicis generals, agricultura i sostenibilitat ambiental.<\/p>\n<p><a href=\"https:\/\/ayto.mutxamel.org\/wp-content\/uploads\/2024\/07\/RRHH_Bases-Jef_Planeamiento.pdf\" target=\"_blank\" rel=\"noreferrer noopener\" data-insuit-uuid=\"c244a967-5238-471d-9bf0-584b7b1caead\">Convocat\u00f2ria i Bases<\/a> [publicat 29\/07\/2024 ]\n<p><a href=\"https:\/\/ayto.mutxamel.org\/wp-content\/uploads\/2024\/08\/Edicto-convocatoria-BOE-195-de-13-08-2024.pdf\" target=\"_blank\" rel=\"noreferrer noopener\" data-insuit-uuid=\"82244e83-9c1a-4691-9a3f-a3991634c2be\">Publicaci\u00f3 BOP<\/a> El termini de presentaci\u00f3 d&#8217;inst\u00e0ncies ser\u00e0 de deu dies h\u00e0bils, comptats a partir del seg\u00fcent al de la publicaci\u00f3 de la convocat\u00f2ria en el Bolet\u00edn Oficial del Estado.<\/p>\n<p>Termini de presentaci\u00f3 d\u2019instancies del 14\/08\/2024 al 28\/08\/2024.<\/p>\n<p>Accedint a la\u00a0<a href=\"https:\/\/sedeelectronica.mutxamel.org\/\" data-insuit-uuid=\"892c1f01-4d3c-480a-be30-1e4aaad8cb98\">seu electr\u00f2nica de Mutxamel\u00a0<\/a>en la secci\u00f3 \u201cTr\u00e0mits i gestions\u201d en l\u2019apartat \u201cRecursos Humans\u201d en el subapartat \u201cOcupaci\u00f3 \u2013 Selecci\u00f3 de Personal\u201d triar el tr\u00e0mit \u00abPROCESSOS SELECTIUS\u00bb<\/p>\n","protected":false},"excerpt":{"rendered":"<p>Convocat\u00f2ria i bases per a la provisi\u00f3 del posat Direcci\u00f3 del Servici de Planejament, Gesti\u00f3, Servicis generals, agricultura i sostenibilitat ambiental. Convocat\u00f2ria i Bases [publicat 29\/07\/2024 ] Publicaci\u00f3 BOP El termini de presentaci\u00f3 d&#8217;inst\u00e0ncies ser\u00e0 de deu dies h\u00e0bils, comptats a partir del seg\u00fcent al de la publicaci\u00f3 de la convocat\u00f2ria en el Bolet\u00edn Oficial&#8230;<\/p>\n","protected":false},"author":5,"featured_media":0,"menu_order":0,"template":"","format":"standard","meta":{"_acf_changed":false,"footnotes":""},"estado-procesoselectivo":[426],"class_list":["post-47763","proceso-selectivo","type-proceso-selectivo","status-publish","format-standard","hentry","estado-procesoselectivo-finalitzat"],"acf":[],"yoast_head":"<!-- This site is optimized with the Yoast SEO plugin v27.3 - https:\/\/yoast.com\/product\/yoast-seo-wordpress\/ -->\n<title>Direcci\u00f3 del Servici de Planejament, Gesti\u00f3, Servicis generals, agricultura i sostenibilitat ambiental - Ayuntamiento de Mutxamel<\/title>\n<meta name=\"robots\" content=\"index, follow, max-snippet:-1, max-image-preview:large, max-video-preview:-1\" \/>\n<link rel=\"canonical\" href=\"https:\/\/ayto.mutxamel.org\/ca\/proceso-selectivo\/jefatura-del-servicio-de-planeamiento-gestion-servicios-generales-agricultura-y-sostenibilidad-ambiental\/\" \/>\n<meta property=\"og:locale\" content=\"ca_ES\" \/>\n<meta property=\"og:type\" content=\"article\" \/>\n<meta property=\"og:title\" content=\"Direcci\u00f3 del Servici de Planejament, Gesti\u00f3, Servicis generals, agricultura i sostenibilitat ambiental - Ayuntamiento de Mutxamel\" \/>\n<meta property=\"og:description\" content=\"Convocat\u00f2ria i bases per a la provisi\u00f3 del posat Direcci\u00f3 del Servici de Planejament, Gesti\u00f3, Servicis generals, agricultura i sostenibilitat ambiental. Convocat\u00f2ria i Bases [publicat 29\/07\/2024 ] Publicaci\u00f3 BOP El termini de presentaci\u00f3 d&#8217;inst\u00e0ncies ser\u00e0 de deu dies h\u00e0bils, comptats a partir del seg\u00fcent al de la publicaci\u00f3 de la convocat\u00f2ria en el Bolet\u00edn Oficial...\" \/>\n<meta property=\"og:url\" content=\"https:\/\/ayto.mutxamel.org\/ca\/proceso-selectivo\/jefatura-del-servicio-de-planeamiento-gestion-servicios-generales-agricultura-y-sostenibilidad-ambiental\/\" \/>\n<meta property=\"og:site_name\" content=\"Ayuntamiento de Mutxamel\" \/>\n<meta property=\"article:modified_time\" content=\"2025-03-19T18:13:12+00:00\" \/>\n<meta name=\"twitter:card\" content=\"summary_large_image\" \/>\n<meta name=\"twitter:label1\" content=\"Temps estimat de lectura\" \/>\n\t<meta name=\"twitter:data1\" content=\"1 minut\" \/>\n<script type=\"application\/ld+json\" class=\"yoast-schema-graph\">{\"@context\":\"https:\\\/\\\/schema.org\",\"@graph\":[{\"@type\":\"WebPage\",\"@id\":\"https:\\\/\\\/ayto.mutxamel.org\\\/ca\\\/proceso-selectivo\\\/jefatura-del-servicio-de-planeamiento-gestion-servicios-generales-agricultura-y-sostenibilidad-ambiental\\\/\",\"url\":\"https:\\\/\\\/ayto.mutxamel.org\\\/ca\\\/proceso-selectivo\\\/jefatura-del-servicio-de-planeamiento-gestion-servicios-generales-agricultura-y-sostenibilidad-ambiental\\\/\",\"name\":\"Direcci\u00f3 del Servici de Planejament, Gesti\u00f3, Servicis generals, agricultura i sostenibilitat ambiental - Ayuntamiento de Mutxamel\",\"isPartOf\":{\"@id\":\"https:\\\/\\\/ayto.mutxamel.org\\\/ca\\\/#website\"},\"datePublished\":\"2024-07-29T07:06:56+00:00\",\"dateModified\":\"2025-03-19T18:13:12+00:00\",\"breadcrumb\":{\"@id\":\"https:\\\/\\\/ayto.mutxamel.org\\\/ca\\\/proceso-selectivo\\\/jefatura-del-servicio-de-planeamiento-gestion-servicios-generales-agricultura-y-sostenibilidad-ambiental\\\/#breadcrumb\"},\"inLanguage\":\"ca\",\"potentialAction\":[{\"@type\":\"ReadAction\",\"target\":[\"https:\\\/\\\/ayto.mutxamel.org\\\/ca\\\/proceso-selectivo\\\/jefatura-del-servicio-de-planeamiento-gestion-servicios-generales-agricultura-y-sostenibilidad-ambiental\\\/\"]}]},{\"@type\":\"BreadcrumbList\",\"@id\":\"https:\\\/\\\/ayto.mutxamel.org\\\/ca\\\/proceso-selectivo\\\/jefatura-del-servicio-de-planeamiento-gestion-servicios-generales-agricultura-y-sostenibilidad-ambiental\\\/#breadcrumb\",\"itemListElement\":[{\"@type\":\"ListItem\",\"position\":1,\"name\":\"Portada\",\"item\":\"https:\\\/\\\/ayto.mutxamel.org\\\/ca\\\/\"},{\"@type\":\"ListItem\",\"position\":2,\"name\":\"Procesos Selectivos\",\"item\":\"https:\\\/\\\/ayto.mutxamel.org\\\/ca\\\/proceso-selectivo\\\/\"},{\"@type\":\"ListItem\",\"position\":3,\"name\":\"Direcci\u00f3 del Servici de Planejament, Gesti\u00f3, Servicis generals, agricultura i sostenibilitat ambiental\"}]},{\"@type\":\"WebSite\",\"@id\":\"https:\\\/\\\/ayto.mutxamel.org\\\/ca\\\/#website\",\"url\":\"https:\\\/\\\/ayto.mutxamel.org\\\/ca\\\/\",\"name\":\"Ayuntamiento de Mutxamel\",\"description\":\"\",\"potentialAction\":[{\"@type\":\"SearchAction\",\"target\":{\"@type\":\"EntryPoint\",\"urlTemplate\":\"https:\\\/\\\/ayto.mutxamel.org\\\/ca\\\/?s={search_term_string}\"},\"query-input\":{\"@type\":\"PropertyValueSpecification\",\"valueRequired\":true,\"valueName\":\"search_term_string\"}}],\"inLanguage\":\"ca\"}]}<\/script>\n<!-- \/ Yoast SEO plugin. -->","yoast_head_json":{"title":"Direcci\u00f3 del Servici de Planejament, Gesti\u00f3, Servicis generals, agricultura i sostenibilitat ambiental - Ayuntamiento de Mutxamel","robots":{"index":"index","follow":"follow","max-snippet":"max-snippet:-1","max-image-preview":"max-image-preview:large","max-video-preview":"max-video-preview:-1"},"canonical":"https:\/\/ayto.mutxamel.org\/ca\/proceso-selectivo\/jefatura-del-servicio-de-planeamiento-gestion-servicios-generales-agricultura-y-sostenibilidad-ambiental\/","og_locale":"ca_ES","og_type":"article","og_title":"Direcci\u00f3 del Servici de Planejament, Gesti\u00f3, Servicis generals, agricultura i sostenibilitat ambiental - Ayuntamiento de Mutxamel","og_description":"Convocat\u00f2ria i bases per a la provisi\u00f3 del posat Direcci\u00f3 del Servici de Planejament, Gesti\u00f3, Servicis generals, agricultura i sostenibilitat ambiental. Convocat\u00f2ria i Bases [publicat 29\/07\/2024 ] Publicaci\u00f3 BOP El termini de presentaci\u00f3 d&#8217;inst\u00e0ncies ser\u00e0 de deu dies h\u00e0bils, comptats a partir del seg\u00fcent al de la publicaci\u00f3 de la convocat\u00f2ria en el Bolet\u00edn Oficial...","og_url":"https:\/\/ayto.mutxamel.org\/ca\/proceso-selectivo\/jefatura-del-servicio-de-planeamiento-gestion-servicios-generales-agricultura-y-sostenibilidad-ambiental\/","og_site_name":"Ayuntamiento de Mutxamel","article_modified_time":"2025-03-19T18:13:12+00:00","twitter_card":"summary_large_image","twitter_misc":{"Temps estimat de lectura":"1 minut"},"schema":{"@context":"https:\/\/schema.org","@graph":[{"@type":"WebPage","@id":"https:\/\/ayto.mutxamel.org\/ca\/proceso-selectivo\/jefatura-del-servicio-de-planeamiento-gestion-servicios-generales-agricultura-y-sostenibilidad-ambiental\/","url":"https:\/\/ayto.mutxamel.org\/ca\/proceso-selectivo\/jefatura-del-servicio-de-planeamiento-gestion-servicios-generales-agricultura-y-sostenibilidad-ambiental\/","name":"Direcci\u00f3 del Servici de Planejament, Gesti\u00f3, Servicis generals, agricultura i sostenibilitat ambiental - Ayuntamiento de Mutxamel","isPartOf":{"@id":"https:\/\/ayto.mutxamel.org\/ca\/#website"},"datePublished":"2024-07-29T07:06:56+00:00","dateModified":"2025-03-19T18:13:12+00:00","breadcrumb":{"@id":"https:\/\/ayto.mutxamel.org\/ca\/proceso-selectivo\/jefatura-del-servicio-de-planeamiento-gestion-servicios-generales-agricultura-y-sostenibilidad-ambiental\/#breadcrumb"},"inLanguage":"ca","potentialAction":[{"@type":"ReadAction","target":["https:\/\/ayto.mutxamel.org\/ca\/proceso-selectivo\/jefatura-del-servicio-de-planeamiento-gestion-servicios-generales-agricultura-y-sostenibilidad-ambiental\/"]}]},{"@type":"BreadcrumbList","@id":"https:\/\/ayto.mutxamel.org\/ca\/proceso-selectivo\/jefatura-del-servicio-de-planeamiento-gestion-servicios-generales-agricultura-y-sostenibilidad-ambiental\/#breadcrumb","itemListElement":[{"@type":"ListItem","position":1,"name":"Portada","item":"https:\/\/ayto.mutxamel.org\/ca\/"},{"@type":"ListItem","position":2,"name":"Procesos Selectivos","item":"https:\/\/ayto.mutxamel.org\/ca\/proceso-selectivo\/"},{"@type":"ListItem","position":3,"name":"Direcci\u00f3 del Servici de Planejament, Gesti\u00f3, Servicis generals, agricultura i sostenibilitat ambiental"}]},{"@type":"WebSite","@id":"https:\/\/ayto.mutxamel.org\/ca\/#website","url":"https:\/\/ayto.mutxamel.org\/ca\/","name":"Ayuntamiento de Mutxamel","description":"","potentialAction":[{"@type":"SearchAction","target":{"@type":"EntryPoint","urlTemplate":"https:\/\/ayto.mutxamel.org\/ca\/?s={search_term_string}"},"query-input":{"@type":"PropertyValueSpecification","valueRequired":true,"valueName":"search_term_string"}}],"inLanguage":"ca"}]}},"_links":{"self":[{"href":"https:\/\/ayto.mutxamel.org\/ca\/wp-json\/wp\/v2\/proceso-selectivo\/47763","targetHints":{"allow":["GET"]}}],"collection":[{"href":"https:\/\/ayto.mutxamel.org\/ca\/wp-json\/wp\/v2\/proceso-selectivo"}],"about":[{"href":"https:\/\/ayto.mutxamel.org\/ca\/wp-json\/wp\/v2\/types\/proceso-selectivo"}],"author":[{"embeddable":true,"href":"https:\/\/ayto.mutxamel.org\/ca\/wp-json\/wp\/v2\/users\/5"}],"version-history":[{"count":4,"href":"https:\/\/ayto.mutxamel.org\/ca\/wp-json\/wp\/v2\/proceso-selectivo\/47763\/revisions"}],"predecessor-version":[{"id":50230,"href":"https:\/\/ayto.mutxamel.org\/ca\/wp-json\/wp\/v2\/proceso-selectivo\/47763\/revisions\/50230"}],"wp:attachment":[{"href":"https:\/\/ayto.mutxamel.org\/ca\/wp-json\/wp\/v2\/media?parent=47763"}],"wp:term":[{"taxonomy":"estado-procesoselectivo","embeddable":true,"href":"https:\/\/ayto.mutxamel.org\/ca\/wp-json\/wp\/v2\/estado-procesoselectivo?post=47763"}],"curies":[{"name":"wp","href":"https:\/\/api.w.org\/{rel}","templated":true}]}}

Direcció del Servici de Planejament, Gestió, Servicis generals, agricultura i sostenibilitat ambiental

<p>Convocatòria i bases per a la provisió del posat Direcció del Servici de Planejament, Gestió, Servicis generals, agricultura i sostenibilitat ambiental.</p>
<p><a href="https://ayto.mutxamel.org/wp-content/uploads/2024/07/RRHH_Bases-Jef_Planeamiento.pdf" target="_blank" rel="noreferrer noopener" data-insuit-uuid="c244a967-5238-471d-9bf0-584b7b1caead">Convocatòria i Bases</a> [publicat 29/07/2024 ]
<p><a href="https://ayto.mutxamel.org/wp-content/uploads/2024/08/Edicto-convocatoria-BOE-195-de-13-08-2024.pdf" target="_blank" rel="noreferrer noopener" data-insuit-uuid="82244e83-9c1a-4691-9a3f-a3991634c2be">Publicació BOP</a> El termini de presentació d&#8217;instàncies serà de deu dies hàbils, comptats a partir del següent al de la publicació de la convocatòria en el Boletín Oficial del Estado.</p>
<p>Termini de presentació d’instancies del 14/08/2024 al 28/08/2024.</p>
<p>Accedint a la <a href="https://sedeelectronica.mutxamel.org/" data-insuit-uuid="892c1f01-4d3c-480a-be30-1e4aaad8cb98">seu electrònica de Mutxamel </a>en la secció “Tràmits i gestions” en l’apartat “Recursos Humans” en el subapartat “Ocupació – Selecció de Personal” triar el tràmit «PROCESSOS SELECTIUS»</p>

<p>Convocatòria i bases per a la provisió del posat Direcció del Servici de Planejament, Gestió, Servicis generals, agricultura i sostenibilitat ambiental. Convocatòria i Bases [publicat 29/07/2024 ] Publicació BOP El termini de presentació d&#8217;instàncies serà de deu dies hàbils, comptats a partir del següent al de la publicació de la convocatòria en el Boletín Oficial&#8230;</p>

<!-- This site is optimized with the Yoast SEO plugin v27.3 - https://yoast.com/product/yoast-seo-wordpress/ -->
<title>Direcció del Servici de Planejament, Gestió, Servicis generals, agricultura i sostenibilitat ambiental - Ayuntamiento de Mutxamel</title>
<meta name="robots" content="index, follow, max-snippet:-1, max-image-preview:large, max-video-preview:-1" />
<link rel="canonical" href="https://ayto.mutxamel.org/ca/proceso-selectivo/jefatura-del-servicio-de-planeamiento-gestion-servicios-generales-agricultura-y-sostenibilidad-ambiental/" />
<meta property="og:locale" content="ca_ES" />
<meta property="og:type" content="article" />
<meta property="og:title" content="Direcció del Servici de Planejament, Gestió, Servicis generals, agricultura i sostenibilitat ambiental - Ayuntamiento de Mutxamel" />
<meta property="og:description" content="Convocatòria i bases per a la provisió del posat Direcció del Servici de Planejament, Gestió, Servicis generals, agricultura i sostenibilitat ambiental. Convocatòria i Bases [publicat 29/07/2024 ] Publicació BOP El termini de presentació d&#8217;instàncies serà de deu dies hàbils, comptats a partir del següent al de la publicació de la convocatòria en el Boletín Oficial..." />
<meta property="og:url" content="https://ayto.mutxamel.org/ca/proceso-selectivo/jefatura-del-servicio-de-planeamiento-gestion-servicios-generales-agricultura-y-sostenibilidad-ambiental/" />
<meta property="og:site_name" content="Ayuntamiento de Mutxamel" />
<meta property="article:modified_time" content="2025-03-19T18:13:12+00:00" />
<meta name="twitter:card" content="summary_large_image" />
<meta name="twitter:label1" content="Temps estimat de lectura" />
	<meta name="twitter:data1" content="1 minut" />
<script type="application/ld+json" class="yoast-schema-graph">{"@context":"https:\/\/schema.org","@graph":[{"@type":"WebPage","@id":"https:\/\/ayto.mutxamel.org\/ca\/proceso-selectivo\/jefatura-del-servicio-de-planeamiento-gestion-servicios-generales-agricultura-y-sostenibilidad-ambiental\/","url":"https:\/\/ayto.mutxamel.org\/ca\/proceso-selectivo\/jefatura-del-servicio-de-planeamiento-gestion-servicios-generales-agricultura-y-sostenibilidad-ambiental\/","name":"Direcció del Servici de Planejament, Gestió, Servicis generals, agricultura i sostenibilitat ambiental - Ayuntamiento de Mutxamel","isPartOf":{"@id":"https:\/\/ayto.mutxamel.org\/ca\/#website"},"datePublished":"2024-07-29T07:06:56+00:00","dateModified":"2025-03-19T18:13:12+00:00","breadcrumb":{"@id":"https:\/\/ayto.mutxamel.org\/ca\/proceso-selectivo\/jefatura-del-servicio-de-planeamiento-gestion-servicios-generales-agricultura-y-sostenibilidad-ambiental\/#breadcrumb"},"inLanguage":"ca","potentialAction":[{"@type":"ReadAction","target":["https:\/\/ayto.mutxamel.org\/ca\/proceso-selectivo\/jefatura-del-servicio-de-planeamiento-gestion-servicios-generales-agricultura-y-sostenibilidad-ambiental\/"]}]},{"@type":"BreadcrumbList","@id":"https:\/\/ayto.mutxamel.org\/ca\/proceso-selectivo\/jefatura-del-servicio-de-planeamiento-gestion-servicios-generales-agricultura-y-sostenibilidad-ambiental\/#breadcrumb","itemListElement":[{"@type":"ListItem","position":1,"name":"Portada","item":"https:\/\/ayto.mutxamel.org\/ca\/"},{"@type":"ListItem","position":2,"name":"Procesos Selectivos","item":"https:\/\/ayto.mutxamel.org\/ca\/proceso-selectivo\/"},{"@type":"ListItem","position":3,"name":"Direcció del Servici de Planejament, Gestió, Servicis generals, agricultura i sostenibilitat ambiental"}]},{"@type":"WebSite","@id":"https:\/\/ayto.mutxamel.org\/ca\/#website","url":"https:\/\/ayto.mutxamel.org\/ca\/","name":"Ayuntamiento de Mutxamel","description":"","potentialAction":[{"@type":"SearchAction","target":{"@type":"EntryPoint","urlTemplate":"https:\/\/ayto.mutxamel.org\/ca\/?s={search_term_string}"},"query-input":{"@type":"PropertyValueSpecification","valueRequired":true,"valueName":"search_term_string"}}],"inLanguage":"ca"}]}</script>
<!-- / Yoast SEO plugin. -->

Direcció del Servici de Planejament, Gestió, Servicis generals, agricultura i sostenibilitat ambiental - Ayuntamiento de Mutxamel

Convocatòria i bases per a la provisió del posat Direcció del Servici de Planejament, Gestió, Servicis generals, agricultura i sostenibilitat ambiental. Convocatòria i Bases [publicat 29/07/2024 ] Publicació BOP El termini de presentació d&#8217;instàncies serà de deu dies hàbils, comptats a partir del següent al de la publicació de la convocatòria en el Boletín Oficial...
