{"id":67588,"date":"2026-04-29T10:20:47","date_gmt":"2026-04-29T08:20:47","guid":{"rendered":"https:\/\/ayto.mutxamel.org\/eventos\/mutxamel-en-dansa\/"},"modified":"2026-04-29T10:23:05","modified_gmt":"2026-04-29T08:23:05","slug":"mutxamel-en-dansa","status":"publish","type":"mec-events","link":"https:\/\/ayto.mutxamel.org\/ca\/eventos\/mutxamel-en-dansa\/","title":{"rendered":"Mutxamel en Dansa"},"content":{"rendered":"<p>\ud83d\udc83\u2728 Torna Mutxamel en Dansa! \u2728\ud83d\udc83<br \/>\nL&#8217;Ajuntament de Mutxamel presenta una nova edici\u00f3 d&#8217;este certamen que, despr\u00e9s de l&#8217;\u00e8xit d&#8217;anys anteriors, es consolida com una de les grans cites culturals del municipi. Una proposta que acosta la dansa a tots els p\u00fablics i plena de vida els nostres espais urbans.<\/p>\n<p>\ud83d\udcc5 Programaci\u00f3:<br \/>\n\ud83e\ude70 Dissabte 16 de maig | 20.00 h<br \/>\n\ud83d\udccd Auditori Casa de Cultura<br \/>\nLa Companyia Jos\u00e9 Soriano presenta TRON\u00cdA &amp; AL\u00b7LEGORIA<\/p>\n<p>\ud83e\ude70 Diumenge 17 de maig | 11.30 h<br \/>\n\ud83d\udccd Plaza Mercado Municipal<br \/>\nMostra d&#8217;escoles de dansa amb:<br \/>\nBallet Gisela Comins, Ballet Ver\u00f3nica Perell\u00f3, Acad\u00e8mia Jos\u00e9 Soriano i Narac\u00e9 Danse Academy<\/p>\n<p>\ud83e\ude70 Dissabte 23 de maig | 20.30 h<br \/>\n\ud83d\udccd Plaza Mercado Municipal<br \/>\nLa Companyia Visitants presenta MASCLET\u00c0 PO\u00c8TICA<\/p>\n<p>Una programaci\u00f3 que combina companyies professionals amb talent local, fomentant la participaci\u00f3 i acostant les arts esc\u00e8niques a la ciutadania.<\/p>\n","protected":false},"excerpt":{"rendered":"<p>\ud83d\udc83\u2728 Torna Mutxamel en Dansa! \u2728\ud83d\udc83 L&#8217;Ajuntament de Mutxamel presenta una nova edici\u00f3 d&#8217;este certamen que, despr\u00e9s de l&#8217;\u00e8xit d&#8217;anys anteriors, es consolida com una de les grans cites culturals del municipi. Una proposta que acosta la dansa a tots els p\u00fablics i plena de vida els nostres espais urbans. \ud83d\udcc5 Programaci\u00f3: \ud83e\ude70 Dissabte 16&#8230;<\/p>\n","protected":false},"author":6,"featured_media":67580,"comment_status":"closed","ping_status":"closed","template":"","tags":[784,785,781,783,782],"mec_category":[40,538,27],"class_list":["post-67588","mec-events","type-mec-events","status-publish","has-post-thumbnail","hentry","tag-ball","tag-cultura-al-carrer","tag-dansa","tag-escoles-de-dansa","tag-mutxamel-en-dansa","mec_category-culturav","mec_category-turimtx-va","mec_category-turisme"],"acf":[],"yoast_head":"<!-- This site is optimized with the Yoast SEO plugin v27.3 - https:\/\/yoast.com\/product\/yoast-seo-wordpress\/ -->\n<title>Mutxamel en Dansa - Ayuntamiento de Mutxamel<\/title>\n<meta name=\"robots\" content=\"index, follow, max-snippet:-1, max-image-preview:large, max-video-preview:-1\" \/>\n<link rel=\"canonical\" href=\"https:\/\/ayto.mutxamel.org\/ca\/eventos\/mutxamel-en-dansa\/\" \/>\n<meta property=\"og:locale\" content=\"ca_ES\" \/>\n<meta property=\"og:type\" content=\"article\" \/>\n<meta property=\"og:title\" content=\"Mutxamel en Dansa - Ayuntamiento de Mutxamel\" \/>\n<meta property=\"og:description\" content=\"\ud83d\udc83\u2728 Torna Mutxamel en Dansa! \u2728\ud83d\udc83 L&#8217;Ajuntament de Mutxamel presenta una nova edici\u00f3 d&#8217;este certamen que, despr\u00e9s de l&#8217;\u00e8xit d&#8217;anys anteriors, es consolida com una de les grans cites culturals del municipi. Una proposta que acosta la dansa a tots els p\u00fablics i plena de vida els nostres espais urbans. \ud83d\udcc5 Programaci\u00f3: \ud83e\ude70 Dissabte 16...\" \/>\n<meta property=\"og:url\" content=\"https:\/\/ayto.mutxamel.org\/ca\/eventos\/mutxamel-en-dansa\/\" \/>\n<meta property=\"og:site_name\" content=\"Ayuntamiento de Mutxamel\" \/>\n<meta property=\"article:modified_time\" content=\"2026-04-29T08:23:05+00:00\" \/>\n<meta property=\"og:image\" content=\"https:\/\/ayto.mutxamel.org\/wp-content\/uploads\/2026\/04\/Mutxamel-en-danza-val-scaled.jpg\" \/>\n\t<meta property=\"og:image:width\" content=\"1357\" \/>\n\t<meta property=\"og:image:height\" content=\"1920\" \/>\n\t<meta property=\"og:image:type\" content=\"image\/jpeg\" \/>\n<meta name=\"twitter:card\" content=\"summary_large_image\" \/>\n<meta name=\"twitter:label1\" content=\"Temps estimat de lectura\" \/>\n\t<meta name=\"twitter:data1\" content=\"1 minut\" \/>\n<script type=\"application\/ld+json\" class=\"yoast-schema-graph\">{\"@context\":\"https:\\\/\\\/schema.org\",\"@graph\":[{\"@type\":\"WebPage\",\"@id\":\"https:\\\/\\\/ayto.mutxamel.org\\\/ca\\\/eventos\\\/mutxamel-en-dansa\\\/\",\"url\":\"https:\\\/\\\/ayto.mutxamel.org\\\/ca\\\/eventos\\\/mutxamel-en-dansa\\\/\",\"name\":\"Mutxamel en Dansa - Ayuntamiento de Mutxamel\",\"isPartOf\":{\"@id\":\"https:\\\/\\\/ayto.mutxamel.org\\\/ca\\\/#website\"},\"primaryImageOfPage\":{\"@id\":\"https:\\\/\\\/ayto.mutxamel.org\\\/ca\\\/eventos\\\/mutxamel-en-dansa\\\/#primaryimage\"},\"image\":{\"@id\":\"https:\\\/\\\/ayto.mutxamel.org\\\/ca\\\/eventos\\\/mutxamel-en-dansa\\\/#primaryimage\"},\"thumbnailUrl\":\"https:\\\/\\\/ayto.mutxamel.org\\\/wp-content\\\/uploads\\\/2026\\\/04\\\/Mutxamel-en-danza-val-scaled.jpg\",\"datePublished\":\"2026-04-29T08:20:47+00:00\",\"dateModified\":\"2026-04-29T08:23:05+00:00\",\"breadcrumb\":{\"@id\":\"https:\\\/\\\/ayto.mutxamel.org\\\/ca\\\/eventos\\\/mutxamel-en-dansa\\\/#breadcrumb\"},\"inLanguage\":\"ca\",\"potentialAction\":[{\"@type\":\"ReadAction\",\"target\":[\"https:\\\/\\\/ayto.mutxamel.org\\\/ca\\\/eventos\\\/mutxamel-en-dansa\\\/\"]}]},{\"@type\":\"ImageObject\",\"inLanguage\":\"ca\",\"@id\":\"https:\\\/\\\/ayto.mutxamel.org\\\/ca\\\/eventos\\\/mutxamel-en-dansa\\\/#primaryimage\",\"url\":\"https:\\\/\\\/ayto.mutxamel.org\\\/wp-content\\\/uploads\\\/2026\\\/04\\\/Mutxamel-en-danza-val-scaled.jpg\",\"contentUrl\":\"https:\\\/\\\/ayto.mutxamel.org\\\/wp-content\\\/uploads\\\/2026\\\/04\\\/Mutxamel-en-danza-val-scaled.jpg\",\"width\":1357,\"height\":1920,\"caption\":\"mutxamel en danza 2026\"},{\"@type\":\"BreadcrumbList\",\"@id\":\"https:\\\/\\\/ayto.mutxamel.org\\\/ca\\\/eventos\\\/mutxamel-en-dansa\\\/#breadcrumb\",\"itemListElement\":[{\"@type\":\"ListItem\",\"position\":1,\"name\":\"Portada\",\"item\":\"https:\\\/\\\/ayto.mutxamel.org\\\/ca\\\/\"},{\"@type\":\"ListItem\",\"position\":2,\"name\":\"Events\",\"item\":\"https:\\\/\\\/ayto.mutxamel.org\\\/ca\\\/eventos\\\/\"},{\"@type\":\"ListItem\",\"position\":3,\"name\":\"Mutxamel en Dansa\"}]},{\"@type\":\"WebSite\",\"@id\":\"https:\\\/\\\/ayto.mutxamel.org\\\/ca\\\/#website\",\"url\":\"https:\\\/\\\/ayto.mutxamel.org\\\/ca\\\/\",\"name\":\"Ayuntamiento de Mutxamel\",\"description\":\"\",\"potentialAction\":[{\"@type\":\"SearchAction\",\"target\":{\"@type\":\"EntryPoint\",\"urlTemplate\":\"https:\\\/\\\/ayto.mutxamel.org\\\/ca\\\/?s={search_term_string}\"},\"query-input\":{\"@type\":\"PropertyValueSpecification\",\"valueRequired\":true,\"valueName\":\"search_term_string\"}}],\"inLanguage\":\"ca\"}]}<\/script>\n<!-- \/ Yoast SEO plugin. -->","yoast_head_json":{"title":"Mutxamel en Dansa - Ayuntamiento de Mutxamel","robots":{"index":"index","follow":"follow","max-snippet":"max-snippet:-1","max-image-preview":"max-image-preview:large","max-video-preview":"max-video-preview:-1"},"canonical":"https:\/\/ayto.mutxamel.org\/ca\/eventos\/mutxamel-en-dansa\/","og_locale":"ca_ES","og_type":"article","og_title":"Mutxamel en Dansa - Ayuntamiento de Mutxamel","og_description":"\ud83d\udc83\u2728 Torna Mutxamel en Dansa! \u2728\ud83d\udc83 L&#8217;Ajuntament de Mutxamel presenta una nova edici\u00f3 d&#8217;este certamen que, despr\u00e9s de l&#8217;\u00e8xit d&#8217;anys anteriors, es consolida com una de les grans cites culturals del municipi. Una proposta que acosta la dansa a tots els p\u00fablics i plena de vida els nostres espais urbans. \ud83d\udcc5 Programaci\u00f3: \ud83e\ude70 Dissabte 16...","og_url":"https:\/\/ayto.mutxamel.org\/ca\/eventos\/mutxamel-en-dansa\/","og_site_name":"Ayuntamiento de Mutxamel","article_modified_time":"2026-04-29T08:23:05+00:00","og_image":[{"width":1357,"height":1920,"url":"https:\/\/ayto.mutxamel.org\/wp-content\/uploads\/2026\/04\/Mutxamel-en-danza-val-scaled.jpg","type":"image\/jpeg"}],"twitter_card":"summary_large_image","twitter_misc":{"Temps estimat de lectura":"1 minut"},"schema":{"@context":"https:\/\/schema.org","@graph":[{"@type":"WebPage","@id":"https:\/\/ayto.mutxamel.org\/ca\/eventos\/mutxamel-en-dansa\/","url":"https:\/\/ayto.mutxamel.org\/ca\/eventos\/mutxamel-en-dansa\/","name":"Mutxamel en Dansa - Ayuntamiento de Mutxamel","isPartOf":{"@id":"https:\/\/ayto.mutxamel.org\/ca\/#website"},"primaryImageOfPage":{"@id":"https:\/\/ayto.mutxamel.org\/ca\/eventos\/mutxamel-en-dansa\/#primaryimage"},"image":{"@id":"https:\/\/ayto.mutxamel.org\/ca\/eventos\/mutxamel-en-dansa\/#primaryimage"},"thumbnailUrl":"https:\/\/ayto.mutxamel.org\/wp-content\/uploads\/2026\/04\/Mutxamel-en-danza-val-scaled.jpg","datePublished":"2026-04-29T08:20:47+00:00","dateModified":"2026-04-29T08:23:05+00:00","breadcrumb":{"@id":"https:\/\/ayto.mutxamel.org\/ca\/eventos\/mutxamel-en-dansa\/#breadcrumb"},"inLanguage":"ca","potentialAction":[{"@type":"ReadAction","target":["https:\/\/ayto.mutxamel.org\/ca\/eventos\/mutxamel-en-dansa\/"]}]},{"@type":"ImageObject","inLanguage":"ca","@id":"https:\/\/ayto.mutxamel.org\/ca\/eventos\/mutxamel-en-dansa\/#primaryimage","url":"https:\/\/ayto.mutxamel.org\/wp-content\/uploads\/2026\/04\/Mutxamel-en-danza-val-scaled.jpg","contentUrl":"https:\/\/ayto.mutxamel.org\/wp-content\/uploads\/2026\/04\/Mutxamel-en-danza-val-scaled.jpg","width":1357,"height":1920,"caption":"mutxamel en danza 2026"},{"@type":"BreadcrumbList","@id":"https:\/\/ayto.mutxamel.org\/ca\/eventos\/mutxamel-en-dansa\/#breadcrumb","itemListElement":[{"@type":"ListItem","position":1,"name":"Portada","item":"https:\/\/ayto.mutxamel.org\/ca\/"},{"@type":"ListItem","position":2,"name":"Events","item":"https:\/\/ayto.mutxamel.org\/ca\/eventos\/"},{"@type":"ListItem","position":3,"name":"Mutxamel en Dansa"}]},{"@type":"WebSite","@id":"https:\/\/ayto.mutxamel.org\/ca\/#website","url":"https:\/\/ayto.mutxamel.org\/ca\/","name":"Ayuntamiento de Mutxamel","description":"","potentialAction":[{"@type":"SearchAction","target":{"@type":"EntryPoint","urlTemplate":"https:\/\/ayto.mutxamel.org\/ca\/?s={search_term_string}"},"query-input":{"@type":"PropertyValueSpecification","valueRequired":true,"valueName":"search_term_string"}}],"inLanguage":"ca"}]}},"_links":{"self":[{"href":"https:\/\/ayto.mutxamel.org\/ca\/wp-json\/wp\/v2\/mec-events\/67588","targetHints":{"allow":["GET"]}}],"collection":[{"href":"https:\/\/ayto.mutxamel.org\/ca\/wp-json\/wp\/v2\/mec-events"}],"about":[{"href":"https:\/\/ayto.mutxamel.org\/ca\/wp-json\/wp\/v2\/types\/mec-events"}],"author":[{"embeddable":true,"href":"https:\/\/ayto.mutxamel.org\/ca\/wp-json\/wp\/v2\/users\/6"}],"replies":[{"embeddable":true,"href":"https:\/\/ayto.mutxamel.org\/ca\/wp-json\/wp\/v2\/comments?post=67588"}],"wp:featuredmedia":[{"embeddable":true,"href":"https:\/\/ayto.mutxamel.org\/ca\/wp-json\/wp\/v2\/media\/67580"}],"wp:attachment":[{"href":"https:\/\/ayto.mutxamel.org\/ca\/wp-json\/wp\/v2\/media?parent=67588"}],"wp:term":[{"taxonomy":"post_tag","embeddable":true,"href":"https:\/\/ayto.mutxamel.org\/ca\/wp-json\/wp\/v2\/tags?post=67588"},{"taxonomy":"mec_category","embeddable":true,"href":"https:\/\/ayto.mutxamel.org\/ca\/wp-json\/wp\/v2\/mec_category?post=67588"}],"curies":[{"name":"wp","href":"https:\/\/api.w.org\/{rel}","templated":true}]}}

<p>💃✨ Torna Mutxamel en Dansa! ✨💃<br />
L&#8217;Ajuntament de Mutxamel presenta una nova edició d&#8217;este certamen que, després de l&#8217;èxit d&#8217;anys anteriors, es consolida com una de les grans cites culturals del municipi. Una proposta que acosta la dansa a tots els públics i plena de vida els nostres espais urbans.</p>
<p>📅 Programació:<br />
🩰 Dissabte 16 de maig | 20.00 h<br />
📍 Auditori Casa de Cultura<br />
La Companyia José Soriano presenta TRONÍA &amp; AL·LEGORIA</p>
<p>🩰 Diumenge 17 de maig | 11.30 h<br />
📍 Plaza Mercado Municipal<br />
Mostra d&#8217;escoles de dansa amb:<br />
Ballet Gisela Comins, Ballet Verónica Perelló, Acadèmia José Soriano i Naracé Danse Academy</p>
<p>🩰 Dissabte 23 de maig | 20.30 h<br />
📍 Plaza Mercado Municipal<br />
La Companyia Visitants presenta MASCLETÀ POÈTICA</p>
<p>Una programació que combina companyies professionals amb talent local, fomentant la participació i acostant les arts escèniques a la ciutadania.</p>

<p>💃✨ Torna Mutxamel en Dansa! ✨💃 L&#8217;Ajuntament de Mutxamel presenta una nova edició d&#8217;este certamen que, després de l&#8217;èxit d&#8217;anys anteriors, es consolida com una de les grans cites culturals del municipi. Una proposta que acosta la dansa a tots els públics i plena de vida els nostres espais urbans. 📅 Programació: 🩰 Dissabte 16&#8230;</p>

<!-- This site is optimized with the Yoast SEO plugin v27.3 - https://yoast.com/product/yoast-seo-wordpress/ -->
<title>Mutxamel en Dansa - Ayuntamiento de Mutxamel</title>
<meta name="robots" content="index, follow, max-snippet:-1, max-image-preview:large, max-video-preview:-1" />
<link rel="canonical" href="https://ayto.mutxamel.org/ca/eventos/mutxamel-en-dansa/" />
<meta property="og:locale" content="ca_ES" />
<meta property="og:type" content="article" />
<meta property="og:title" content="Mutxamel en Dansa - Ayuntamiento de Mutxamel" />
<meta property="og:description" content="💃✨ Torna Mutxamel en Dansa! ✨💃 L&#8217;Ajuntament de Mutxamel presenta una nova edició d&#8217;este certamen que, després de l&#8217;èxit d&#8217;anys anteriors, es consolida com una de les grans cites culturals del municipi. Una proposta que acosta la dansa a tots els públics i plena de vida els nostres espais urbans. 📅 Programació: 🩰 Dissabte 16..." />
<meta property="og:url" content="https://ayto.mutxamel.org/ca/eventos/mutxamel-en-dansa/" />
<meta property="og:site_name" content="Ayuntamiento de Mutxamel" />
<meta property="article:modified_time" content="2026-04-29T08:23:05+00:00" />
<meta property="og:image" content="https://ayto.mutxamel.org/wp-content/uploads/2026/04/Mutxamel-en-danza-val-scaled.jpg" />
	<meta property="og:image:width" content="1357" />
	<meta property="og:image:height" content="1920" />
	<meta property="og:image:type" content="image/jpeg" />
<meta name="twitter:card" content="summary_large_image" />
<meta name="twitter:label1" content="Temps estimat de lectura" />
	<meta name="twitter:data1" content="1 minut" />
<script type="application/ld+json" class="yoast-schema-graph">{"@context":"https:\/\/schema.org","@graph":[{"@type":"WebPage","@id":"https:\/\/ayto.mutxamel.org\/ca\/eventos\/mutxamel-en-dansa\/","url":"https:\/\/ayto.mutxamel.org\/ca\/eventos\/mutxamel-en-dansa\/","name":"Mutxamel en Dansa - Ayuntamiento de Mutxamel","isPartOf":{"@id":"https:\/\/ayto.mutxamel.org\/ca\/#website"},"primaryImageOfPage":{"@id":"https:\/\/ayto.mutxamel.org\/ca\/eventos\/mutxamel-en-dansa\/#primaryimage"},"image":{"@id":"https:\/\/ayto.mutxamel.org\/ca\/eventos\/mutxamel-en-dansa\/#primaryimage"},"thumbnailUrl":"https:\/\/ayto.mutxamel.org\/wp-content\/uploads\/2026\/04\/Mutxamel-en-danza-val-scaled.jpg","datePublished":"2026-04-29T08:20:47+00:00","dateModified":"2026-04-29T08:23:05+00:00","breadcrumb":{"@id":"https:\/\/ayto.mutxamel.org\/ca\/eventos\/mutxamel-en-dansa\/#breadcrumb"},"inLanguage":"ca","potentialAction":[{"@type":"ReadAction","target":["https:\/\/ayto.mutxamel.org\/ca\/eventos\/mutxamel-en-dansa\/"]}]},{"@type":"ImageObject","inLanguage":"ca","@id":"https:\/\/ayto.mutxamel.org\/ca\/eventos\/mutxamel-en-dansa\/#primaryimage","url":"https:\/\/ayto.mutxamel.org\/wp-content\/uploads\/2026\/04\/Mutxamel-en-danza-val-scaled.jpg","contentUrl":"https:\/\/ayto.mutxamel.org\/wp-content\/uploads\/2026\/04\/Mutxamel-en-danza-val-scaled.jpg","width":1357,"height":1920,"caption":"mutxamel en danza 2026"},{"@type":"BreadcrumbList","@id":"https:\/\/ayto.mutxamel.org\/ca\/eventos\/mutxamel-en-dansa\/#breadcrumb","itemListElement":[{"@type":"ListItem","position":1,"name":"Portada","item":"https:\/\/ayto.mutxamel.org\/ca\/"},{"@type":"ListItem","position":2,"name":"Events","item":"https:\/\/ayto.mutxamel.org\/ca\/eventos\/"},{"@type":"ListItem","position":3,"name":"Mutxamel en Dansa"}]},{"@type":"WebSite","@id":"https:\/\/ayto.mutxamel.org\/ca\/#website","url":"https:\/\/ayto.mutxamel.org\/ca\/","name":"Ayuntamiento de Mutxamel","description":"","potentialAction":[{"@type":"SearchAction","target":{"@type":"EntryPoint","urlTemplate":"https:\/\/ayto.mutxamel.org\/ca\/?s={search_term_string}"},"query-input":{"@type":"PropertyValueSpecification","valueRequired":true,"valueName":"search_term_string"}}],"inLanguage":"ca"}]}</script>
<!-- / Yoast SEO plugin. -->

💃✨ Torna Mutxamel en Dansa! ✨💃 L&#8217;Ajuntament de Mutxamel presenta una nova edició d&#8217;este certamen que, després de l&#8217;èxit d&#8217;anys anteriors, es consolida com una de les grans cites culturals del municipi. Una proposta que acosta la dansa a tots els públics i plena de vida els nostres espais urbans. 📅 Programació: 🩰 Dissabte 16...
