{"id":67577,"date":"2026-04-29T09:55:50","date_gmt":"2026-04-29T07:55:50","guid":{"rendered":"https:\/\/ayto.mutxamel.org\/eventos\/tallers-en-lhort-urba\/"},"modified":"2026-04-29T10:00:04","modified_gmt":"2026-04-29T08:00:04","slug":"tallers-en-lhort-urba","status":"publish","type":"mec-events","link":"https:\/\/ayto.mutxamel.org\/ca\/eventos\/tallers-en-lhort-urba\/","title":{"rendered":"\u00a0Tallers en l\u2019Hort Urb\u00e0"},"content":{"rendered":"<p>La Regidoria d\u2019Agricultura organitza un programa de<span>\u00a0<\/span><strong>tallers formatius en l\u2019Hort Urb\u00e0 de Ravel<\/strong><span>\u00a0<\/span>per a totes aquelles persones interessades a adquirir els coneixements necessaris per a posar en marxa el seu propi hort.<\/p>\n<p>Consta de 7 tallers teoricopr\u00e0ctics d&#8217;aproximadament 3h de duraci\u00f3 cadascun i s\u00f3n gratu\u00efts, pr\u00e8via inscripci\u00f3.<\/p>\n<p>Els tallers es realitzaran en el Centre Social Polivalent Jos\u00e9 Bernab\u00e9u Alberola i en l\u2019Hort Municipal de Ravel.<\/p>\n<p><strong>Programa:<\/strong><\/p>\n<p>30\/04: Introducci\u00f3 funcionament de l&#8217;hort .<br \/>\n04\/05: Introducci\u00f3 a l&#8217;agricultura ecol\u00f2gica.<br \/>\n11\/05: Planificaci\u00f3 de l&#8217;hort, rotacions i associacions.<br \/>\n13\/05: El s\u00f2l, substrats i planters. Compostatge<br \/>\n18\/05: Biodiversitat funcional, plagues m\u00e9s comunes en horticultura i remeis tradicionals.<br \/>\n21\/05: Aigua i reg. \u00das eficient de l&#8217;aigua i planificaci\u00f3 del reg<br \/>\n26\/06: Collita, aprofitament dels productes de l&#8217;hort i conservaci\u00f3 de llavors.<\/p>\n<p>Per a inscriure\u2019s, s\u2019ha d\u2019enviar un correu electr\u00f2nic a inscripcionesmedioambiente@mutxamel.org indicant nom i cognoms, tel\u00e8fon de contacte i taller o tallers en els quals es desitja participar.<\/p>\n","protected":false},"excerpt":{"rendered":"<p>La Regidoria d\u2019Agricultura organitza un programa de\u00a0tallers formatius en l\u2019Hort Urb\u00e0 de Ravel\u00a0per a totes aquelles persones interessades a adquirir els coneixements necessaris per a posar en marxa el seu propi hort. Consta de 7 tallers teoricopr\u00e0ctics d&#8217;aproximadament 3h de duraci\u00f3 cadascun i s\u00f3n gratu\u00efts, pr\u00e8via inscripci\u00f3. Els tallers es realitzaran en el Centre Social&#8230;<\/p>\n","protected":false},"author":6,"featured_media":67570,"comment_status":"closed","ping_status":"closed","template":"","tags":[258,773,774,771,772,775],"mec_category":[500,661],"class_list":["post-67577","mec-events","type-mec-events","status-publish","has-post-thumbnail","hentry","tag-agriculturav","tag-biodiversitat","tag-collita","tag-horts","tag-horts-urbans","tag-sostenible","mec_category-agricultura-ca","mec_category-agricultura-ca-3"],"acf":[],"yoast_head":"<!-- This site is optimized with the Yoast SEO plugin v27.3 - https:\/\/yoast.com\/product\/yoast-seo-wordpress\/ -->\n<title>\u00a0Tallers en l\u2019Hort Urb\u00e0 - Ayuntamiento de Mutxamel<\/title>\n<meta name=\"robots\" content=\"index, follow, max-snippet:-1, max-image-preview:large, max-video-preview:-1\" \/>\n<link rel=\"canonical\" href=\"https:\/\/ayto.mutxamel.org\/ca\/eventos\/tallers-en-lhort-urba\/\" \/>\n<meta property=\"og:locale\" content=\"ca_ES\" \/>\n<meta property=\"og:type\" content=\"article\" \/>\n<meta property=\"og:title\" content=\"\u00a0Tallers en l\u2019Hort Urb\u00e0 - Ayuntamiento de Mutxamel\" \/>\n<meta property=\"og:description\" content=\"La Regidoria d\u2019Agricultura organitza un programa de\u00a0tallers formatius en l\u2019Hort Urb\u00e0 de Ravel\u00a0per a totes aquelles persones interessades a adquirir els coneixements necessaris per a posar en marxa el seu propi hort. Consta de 7 tallers teoricopr\u00e0ctics d&#8217;aproximadament 3h de duraci\u00f3 cadascun i s\u00f3n gratu\u00efts, pr\u00e8via inscripci\u00f3. Els tallers es realitzaran en el Centre Social...\" \/>\n<meta property=\"og:url\" content=\"https:\/\/ayto.mutxamel.org\/ca\/eventos\/tallers-en-lhort-urba\/\" \/>\n<meta property=\"og:site_name\" content=\"Ayuntamiento de Mutxamel\" \/>\n<meta property=\"article:modified_time\" content=\"2026-04-29T08:00:04+00:00\" \/>\n<meta property=\"og:image\" content=\"https:\/\/ayto.mutxamel.org\/wp-content\/uploads\/2026\/04\/Talleres-Huertos-urbanos-val-scaled.jpg\" \/>\n\t<meta property=\"og:image:width\" content=\"1357\" \/>\n\t<meta property=\"og:image:height\" content=\"1920\" \/>\n\t<meta property=\"og:image:type\" content=\"image\/jpeg\" \/>\n<meta name=\"twitter:card\" content=\"summary_large_image\" \/>\n<meta name=\"twitter:label1\" content=\"Temps estimat de lectura\" \/>\n\t<meta name=\"twitter:data1\" content=\"1 minut\" \/>\n<script type=\"application\/ld+json\" class=\"yoast-schema-graph\">{\"@context\":\"https:\\\/\\\/schema.org\",\"@graph\":[{\"@type\":\"WebPage\",\"@id\":\"https:\\\/\\\/ayto.mutxamel.org\\\/ca\\\/eventos\\\/tallers-en-lhort-urba\\\/\",\"url\":\"https:\\\/\\\/ayto.mutxamel.org\\\/ca\\\/eventos\\\/tallers-en-lhort-urba\\\/\",\"name\":\"\u00a0Tallers en l\u2019Hort Urb\u00e0 - Ayuntamiento de Mutxamel\",\"isPartOf\":{\"@id\":\"https:\\\/\\\/ayto.mutxamel.org\\\/ca\\\/#website\"},\"primaryImageOfPage\":{\"@id\":\"https:\\\/\\\/ayto.mutxamel.org\\\/ca\\\/eventos\\\/tallers-en-lhort-urba\\\/#primaryimage\"},\"image\":{\"@id\":\"https:\\\/\\\/ayto.mutxamel.org\\\/ca\\\/eventos\\\/tallers-en-lhort-urba\\\/#primaryimage\"},\"thumbnailUrl\":\"https:\\\/\\\/ayto.mutxamel.org\\\/wp-content\\\/uploads\\\/2026\\\/04\\\/Talleres-Huertos-urbanos-val-scaled.jpg\",\"datePublished\":\"2026-04-29T07:55:50+00:00\",\"dateModified\":\"2026-04-29T08:00:04+00:00\",\"breadcrumb\":{\"@id\":\"https:\\\/\\\/ayto.mutxamel.org\\\/ca\\\/eventos\\\/tallers-en-lhort-urba\\\/#breadcrumb\"},\"inLanguage\":\"ca\",\"potentialAction\":[{\"@type\":\"ReadAction\",\"target\":[\"https:\\\/\\\/ayto.mutxamel.org\\\/ca\\\/eventos\\\/tallers-en-lhort-urba\\\/\"]}]},{\"@type\":\"ImageObject\",\"inLanguage\":\"ca\",\"@id\":\"https:\\\/\\\/ayto.mutxamel.org\\\/ca\\\/eventos\\\/tallers-en-lhort-urba\\\/#primaryimage\",\"url\":\"https:\\\/\\\/ayto.mutxamel.org\\\/wp-content\\\/uploads\\\/2026\\\/04\\\/Talleres-Huertos-urbanos-val-scaled.jpg\",\"contentUrl\":\"https:\\\/\\\/ayto.mutxamel.org\\\/wp-content\\\/uploads\\\/2026\\\/04\\\/Talleres-Huertos-urbanos-val-scaled.jpg\",\"width\":1357,\"height\":1920,\"caption\":\"Talleres de Huertos Urbanos\"},{\"@type\":\"BreadcrumbList\",\"@id\":\"https:\\\/\\\/ayto.mutxamel.org\\\/ca\\\/eventos\\\/tallers-en-lhort-urba\\\/#breadcrumb\",\"itemListElement\":[{\"@type\":\"ListItem\",\"position\":1,\"name\":\"Portada\",\"item\":\"https:\\\/\\\/ayto.mutxamel.org\\\/ca\\\/\"},{\"@type\":\"ListItem\",\"position\":2,\"name\":\"Events\",\"item\":\"https:\\\/\\\/ayto.mutxamel.org\\\/ca\\\/eventos\\\/\"},{\"@type\":\"ListItem\",\"position\":3,\"name\":\"\u00a0Tallers en l\u2019Hort Urb\u00e0\"}]},{\"@type\":\"WebSite\",\"@id\":\"https:\\\/\\\/ayto.mutxamel.org\\\/ca\\\/#website\",\"url\":\"https:\\\/\\\/ayto.mutxamel.org\\\/ca\\\/\",\"name\":\"Ayuntamiento de Mutxamel\",\"description\":\"\",\"potentialAction\":[{\"@type\":\"SearchAction\",\"target\":{\"@type\":\"EntryPoint\",\"urlTemplate\":\"https:\\\/\\\/ayto.mutxamel.org\\\/ca\\\/?s={search_term_string}\"},\"query-input\":{\"@type\":\"PropertyValueSpecification\",\"valueRequired\":true,\"valueName\":\"search_term_string\"}}],\"inLanguage\":\"ca\"}]}<\/script>\n<!-- \/ Yoast SEO plugin. -->","yoast_head_json":{"title":"\u00a0Tallers en l\u2019Hort Urb\u00e0 - Ayuntamiento de Mutxamel","robots":{"index":"index","follow":"follow","max-snippet":"max-snippet:-1","max-image-preview":"max-image-preview:large","max-video-preview":"max-video-preview:-1"},"canonical":"https:\/\/ayto.mutxamel.org\/ca\/eventos\/tallers-en-lhort-urba\/","og_locale":"ca_ES","og_type":"article","og_title":"\u00a0Tallers en l\u2019Hort Urb\u00e0 - Ayuntamiento de Mutxamel","og_description":"La Regidoria d\u2019Agricultura organitza un programa de\u00a0tallers formatius en l\u2019Hort Urb\u00e0 de Ravel\u00a0per a totes aquelles persones interessades a adquirir els coneixements necessaris per a posar en marxa el seu propi hort. Consta de 7 tallers teoricopr\u00e0ctics d&#8217;aproximadament 3h de duraci\u00f3 cadascun i s\u00f3n gratu\u00efts, pr\u00e8via inscripci\u00f3. Els tallers es realitzaran en el Centre Social...","og_url":"https:\/\/ayto.mutxamel.org\/ca\/eventos\/tallers-en-lhort-urba\/","og_site_name":"Ayuntamiento de Mutxamel","article_modified_time":"2026-04-29T08:00:04+00:00","og_image":[{"width":1357,"height":1920,"url":"https:\/\/ayto.mutxamel.org\/wp-content\/uploads\/2026\/04\/Talleres-Huertos-urbanos-val-scaled.jpg","type":"image\/jpeg"}],"twitter_card":"summary_large_image","twitter_misc":{"Temps estimat de lectura":"1 minut"},"schema":{"@context":"https:\/\/schema.org","@graph":[{"@type":"WebPage","@id":"https:\/\/ayto.mutxamel.org\/ca\/eventos\/tallers-en-lhort-urba\/","url":"https:\/\/ayto.mutxamel.org\/ca\/eventos\/tallers-en-lhort-urba\/","name":"\u00a0Tallers en l\u2019Hort Urb\u00e0 - Ayuntamiento de Mutxamel","isPartOf":{"@id":"https:\/\/ayto.mutxamel.org\/ca\/#website"},"primaryImageOfPage":{"@id":"https:\/\/ayto.mutxamel.org\/ca\/eventos\/tallers-en-lhort-urba\/#primaryimage"},"image":{"@id":"https:\/\/ayto.mutxamel.org\/ca\/eventos\/tallers-en-lhort-urba\/#primaryimage"},"thumbnailUrl":"https:\/\/ayto.mutxamel.org\/wp-content\/uploads\/2026\/04\/Talleres-Huertos-urbanos-val-scaled.jpg","datePublished":"2026-04-29T07:55:50+00:00","dateModified":"2026-04-29T08:00:04+00:00","breadcrumb":{"@id":"https:\/\/ayto.mutxamel.org\/ca\/eventos\/tallers-en-lhort-urba\/#breadcrumb"},"inLanguage":"ca","potentialAction":[{"@type":"ReadAction","target":["https:\/\/ayto.mutxamel.org\/ca\/eventos\/tallers-en-lhort-urba\/"]}]},{"@type":"ImageObject","inLanguage":"ca","@id":"https:\/\/ayto.mutxamel.org\/ca\/eventos\/tallers-en-lhort-urba\/#primaryimage","url":"https:\/\/ayto.mutxamel.org\/wp-content\/uploads\/2026\/04\/Talleres-Huertos-urbanos-val-scaled.jpg","contentUrl":"https:\/\/ayto.mutxamel.org\/wp-content\/uploads\/2026\/04\/Talleres-Huertos-urbanos-val-scaled.jpg","width":1357,"height":1920,"caption":"Talleres de Huertos Urbanos"},{"@type":"BreadcrumbList","@id":"https:\/\/ayto.mutxamel.org\/ca\/eventos\/tallers-en-lhort-urba\/#breadcrumb","itemListElement":[{"@type":"ListItem","position":1,"name":"Portada","item":"https:\/\/ayto.mutxamel.org\/ca\/"},{"@type":"ListItem","position":2,"name":"Events","item":"https:\/\/ayto.mutxamel.org\/ca\/eventos\/"},{"@type":"ListItem","position":3,"name":"\u00a0Tallers en l\u2019Hort Urb\u00e0"}]},{"@type":"WebSite","@id":"https:\/\/ayto.mutxamel.org\/ca\/#website","url":"https:\/\/ayto.mutxamel.org\/ca\/","name":"Ayuntamiento de Mutxamel","description":"","potentialAction":[{"@type":"SearchAction","target":{"@type":"EntryPoint","urlTemplate":"https:\/\/ayto.mutxamel.org\/ca\/?s={search_term_string}"},"query-input":{"@type":"PropertyValueSpecification","valueRequired":true,"valueName":"search_term_string"}}],"inLanguage":"ca"}]}},"_links":{"self":[{"href":"https:\/\/ayto.mutxamel.org\/ca\/wp-json\/wp\/v2\/mec-events\/67577","targetHints":{"allow":["GET"]}}],"collection":[{"href":"https:\/\/ayto.mutxamel.org\/ca\/wp-json\/wp\/v2\/mec-events"}],"about":[{"href":"https:\/\/ayto.mutxamel.org\/ca\/wp-json\/wp\/v2\/types\/mec-events"}],"author":[{"embeddable":true,"href":"https:\/\/ayto.mutxamel.org\/ca\/wp-json\/wp\/v2\/users\/6"}],"replies":[{"embeddable":true,"href":"https:\/\/ayto.mutxamel.org\/ca\/wp-json\/wp\/v2\/comments?post=67577"}],"wp:featuredmedia":[{"embeddable":true,"href":"https:\/\/ayto.mutxamel.org\/ca\/wp-json\/wp\/v2\/media\/67570"}],"wp:attachment":[{"href":"https:\/\/ayto.mutxamel.org\/ca\/wp-json\/wp\/v2\/media?parent=67577"}],"wp:term":[{"taxonomy":"post_tag","embeddable":true,"href":"https:\/\/ayto.mutxamel.org\/ca\/wp-json\/wp\/v2\/tags?post=67577"},{"taxonomy":"mec_category","embeddable":true,"href":"https:\/\/ayto.mutxamel.org\/ca\/wp-json\/wp\/v2\/mec_category?post=67577"}],"curies":[{"name":"wp","href":"https:\/\/api.w.org\/{rel}","templated":true}]}}

Tallers en l’Hort Urbà

<p>La Regidoria d’Agricultura organitza un programa de<span> </span><strong>tallers formatius en l’Hort Urbà de Ravel</strong><span> </span>per a totes aquelles persones interessades a adquirir els coneixements necessaris per a posar en marxa el seu propi hort.</p>
<p>Consta de 7 tallers teoricopràctics d&#8217;aproximadament 3h de duració cadascun i són gratuïts, prèvia inscripció.</p>
<p>Els tallers es realitzaran en el Centre Social Polivalent José Bernabéu Alberola i en l’Hort Municipal de Ravel.</p>
<p><strong>Programa:</strong></p>
<p>30/04: Introducció funcionament de l&#8217;hort .<br />
04/05: Introducció a l&#8217;agricultura ecològica.<br />
11/05: Planificació de l&#8217;hort, rotacions i associacions.<br />
13/05: El sòl, substrats i planters. Compostatge<br />
18/05: Biodiversitat funcional, plagues més comunes en horticultura i remeis tradicionals.<br />
21/05: Aigua i reg. Ús eficient de l&#8217;aigua i planificació del reg<br />
26/06: Collita, aprofitament dels productes de l&#8217;hort i conservació de llavors.</p>
<p>Per a inscriure’s, s’ha d’enviar un correu electrònic a inscripcionesmedioambiente@mutxamel.org indicant nom i cognoms, telèfon de contacte i taller o tallers en els quals es desitja participar.</p>

<p>La Regidoria d’Agricultura organitza un programa de tallers formatius en l’Hort Urbà de Ravel per a totes aquelles persones interessades a adquirir els coneixements necessaris per a posar en marxa el seu propi hort. Consta de 7 tallers teoricopràctics d&#8217;aproximadament 3h de duració cadascun i són gratuïts, prèvia inscripció. Els tallers es realitzaran en el Centre Social&#8230;</p>

<!-- This site is optimized with the Yoast SEO plugin v27.3 - https://yoast.com/product/yoast-seo-wordpress/ -->
<title> Tallers en l’Hort Urbà - Ayuntamiento de Mutxamel</title>
<meta name="robots" content="index, follow, max-snippet:-1, max-image-preview:large, max-video-preview:-1" />
<link rel="canonical" href="https://ayto.mutxamel.org/ca/eventos/tallers-en-lhort-urba/" />
<meta property="og:locale" content="ca_ES" />
<meta property="og:type" content="article" />
<meta property="og:title" content=" Tallers en l’Hort Urbà - Ayuntamiento de Mutxamel" />
<meta property="og:description" content="La Regidoria d’Agricultura organitza un programa de tallers formatius en l’Hort Urbà de Ravel per a totes aquelles persones interessades a adquirir els coneixements necessaris per a posar en marxa el seu propi hort. Consta de 7 tallers teoricopràctics d&#8217;aproximadament 3h de duració cadascun i són gratuïts, prèvia inscripció. Els tallers es realitzaran en el Centre Social..." />
<meta property="og:url" content="https://ayto.mutxamel.org/ca/eventos/tallers-en-lhort-urba/" />
<meta property="og:site_name" content="Ayuntamiento de Mutxamel" />
<meta property="article:modified_time" content="2026-04-29T08:00:04+00:00" />
<meta property="og:image" content="https://ayto.mutxamel.org/wp-content/uploads/2026/04/Talleres-Huertos-urbanos-val-scaled.jpg" />
	<meta property="og:image:width" content="1357" />
	<meta property="og:image:height" content="1920" />
	<meta property="og:image:type" content="image/jpeg" />
<meta name="twitter:card" content="summary_large_image" />
<meta name="twitter:label1" content="Temps estimat de lectura" />
	<meta name="twitter:data1" content="1 minut" />
<script type="application/ld+json" class="yoast-schema-graph">{"@context":"https:\/\/schema.org","@graph":[{"@type":"WebPage","@id":"https:\/\/ayto.mutxamel.org\/ca\/eventos\/tallers-en-lhort-urba\/","url":"https:\/\/ayto.mutxamel.org\/ca\/eventos\/tallers-en-lhort-urba\/","name":" Tallers en l’Hort Urbà - Ayuntamiento de Mutxamel","isPartOf":{"@id":"https:\/\/ayto.mutxamel.org\/ca\/#website"},"primaryImageOfPage":{"@id":"https:\/\/ayto.mutxamel.org\/ca\/eventos\/tallers-en-lhort-urba\/#primaryimage"},"image":{"@id":"https:\/\/ayto.mutxamel.org\/ca\/eventos\/tallers-en-lhort-urba\/#primaryimage"},"thumbnailUrl":"https:\/\/ayto.mutxamel.org\/wp-content\/uploads\/2026\/04\/Talleres-Huertos-urbanos-val-scaled.jpg","datePublished":"2026-04-29T07:55:50+00:00","dateModified":"2026-04-29T08:00:04+00:00","breadcrumb":{"@id":"https:\/\/ayto.mutxamel.org\/ca\/eventos\/tallers-en-lhort-urba\/#breadcrumb"},"inLanguage":"ca","potentialAction":[{"@type":"ReadAction","target":["https:\/\/ayto.mutxamel.org\/ca\/eventos\/tallers-en-lhort-urba\/"]}]},{"@type":"ImageObject","inLanguage":"ca","@id":"https:\/\/ayto.mutxamel.org\/ca\/eventos\/tallers-en-lhort-urba\/#primaryimage","url":"https:\/\/ayto.mutxamel.org\/wp-content\/uploads\/2026\/04\/Talleres-Huertos-urbanos-val-scaled.jpg","contentUrl":"https:\/\/ayto.mutxamel.org\/wp-content\/uploads\/2026\/04\/Talleres-Huertos-urbanos-val-scaled.jpg","width":1357,"height":1920,"caption":"Talleres de Huertos Urbanos"},{"@type":"BreadcrumbList","@id":"https:\/\/ayto.mutxamel.org\/ca\/eventos\/tallers-en-lhort-urba\/#breadcrumb","itemListElement":[{"@type":"ListItem","position":1,"name":"Portada","item":"https:\/\/ayto.mutxamel.org\/ca\/"},{"@type":"ListItem","position":2,"name":"Events","item":"https:\/\/ayto.mutxamel.org\/ca\/eventos\/"},{"@type":"ListItem","position":3,"name":" Tallers en l’Hort Urbà"}]},{"@type":"WebSite","@id":"https:\/\/ayto.mutxamel.org\/ca\/#website","url":"https:\/\/ayto.mutxamel.org\/ca\/","name":"Ayuntamiento de Mutxamel","description":"","potentialAction":[{"@type":"SearchAction","target":{"@type":"EntryPoint","urlTemplate":"https:\/\/ayto.mutxamel.org\/ca\/?s={search_term_string}"},"query-input":{"@type":"PropertyValueSpecification","valueRequired":true,"valueName":"search_term_string"}}],"inLanguage":"ca"}]}</script>
<!-- / Yoast SEO plugin. -->

Tallers en l’Hort Urbà - Ayuntamiento de Mutxamel

La Regidoria d’Agricultura organitza un programa de tallers formatius en l’Hort Urbà de Ravel per a totes aquelles persones interessades a adquirir els coneixements necessaris per a posar en marxa el seu propi hort. Consta de 7 tallers teoricopràctics d&#8217;aproximadament 3h de duració cadascun i són gratuïts, prèvia inscripció. Els tallers es realitzaran en el Centre Social...
