{"id":64814,"date":"2026-01-09T14:05:26","date_gmt":"2026-01-09T13:05:26","guid":{"rendered":"https:\/\/ayto.mutxamel.org\/eventos\/festes-de-sant-antoni-abad-2026-a-mutxamel\/"},"modified":"2026-01-09T14:05:26","modified_gmt":"2026-01-09T13:05:26","slug":"festes-de-sant-antoni-abad-2026-a-mutxamel","status":"publish","type":"mec-events","link":"https:\/\/ayto.mutxamel.org\/ca\/eventos\/festes-de-sant-antoni-abad-2026-a-mutxamel\/","title":{"rendered":"Festes de Sant Antoni Abad 2026 a Mutxamel"},"content":{"rendered":"<p>Mutxamel celebrar\u00e0 del 16 al 18 de gener de 2026 les tradicionals Festes de Sant Antoni Abad, una cita molt arrelada en el calendari festiu del municipi que combina actes religiosos, cultura popular, m\u00fasica i activitats per a totes les edats.<\/p>\n<p>Durant el cap de setmana, ve\u00efns i visitants podran gaudir d&#8217;una completa programaci\u00f3 que donar\u00e0 principi el divendres 16 de gener amb el preg\u00f3 de festes, la tradicional alborada i l&#8217;obertura de la barraca popular.<\/p>\n<p>El dissabte 17 de gener estar\u00e0 dedicat especialment a l&#8217;oci familiar i festiu, amb jocs infantils, cercaviles amb dol\u00e7aina i tabalet, concert del grup Sanguangos, correfoc i foguera, culminant amb la reobertura de la barraca.<\/p>\n<p>El dia gran ser\u00e0 el diumenge 18 de gener, que comen\u00e7ar\u00e0 amb la diana, l&#8217;entrada de la banda de m\u00fasica \u201cL&#8217;Alian\u00e7a\u201d i el passeig eq\u00fcestre. A continuaci\u00f3 se celebraran la process\u00f3, ofrena, danses tradicionals i missa en honor a Sant Antoni Abad, seguides de la tradicional benedicci\u00f3 d&#8217;animals, la masclet\u00e0, danses del grup Verge de Loreto i el sorteig del porc i el corder en l&#8217;ermita.<\/p>\n<p>Unes festes organitzades per la Majordomia de Sant Antoni Abat amb la col\u00b7laboraci\u00f3 de l&#8217;Ajuntament de Mutxamel, que mantenen visca una de les tradicions m\u00e9s emblem\u00e0tiques del municipi.<\/p>\n","protected":false},"excerpt":{"rendered":"<p>Mutxamel celebrar\u00e0 del 16 al 18 de gener de 2026 les tradicionals Festes de Sant Antoni Abad, una cita molt arrelada en el calendari festiu del municipi que combina actes religiosos, cultura popular, m\u00fasica i activitats per a totes les edats. Durant el cap de setmana, ve\u00efns i visitants podran gaudir d&#8217;una completa programaci\u00f3 que&#8230;<\/p>\n","protected":false},"author":12,"featured_media":64813,"comment_status":"closed","ping_status":"closed","template":"","tags":[],"mec_category":[16],"class_list":["post-64814","mec-events","type-mec-events","status-publish","has-post-thumbnail","hentry","mec_category-festes"],"acf":[],"yoast_head":"<!-- This site is optimized with the Yoast SEO plugin v27.3 - https:\/\/yoast.com\/product\/yoast-seo-wordpress\/ -->\n<title>Festes de Sant Antoni Abad 2026 a Mutxamel - Ayuntamiento de Mutxamel<\/title>\n<meta name=\"robots\" content=\"index, follow, max-snippet:-1, max-image-preview:large, max-video-preview:-1\" \/>\n<link rel=\"canonical\" href=\"https:\/\/ayto.mutxamel.org\/ca\/eventos\/festes-de-sant-antoni-abad-2026-a-mutxamel\/\" \/>\n<meta property=\"og:locale\" content=\"ca_ES\" \/>\n<meta property=\"og:type\" content=\"article\" \/>\n<meta property=\"og:title\" content=\"Festes de Sant Antoni Abad 2026 a Mutxamel - Ayuntamiento de Mutxamel\" \/>\n<meta property=\"og:description\" content=\"Mutxamel celebrar\u00e0 del 16 al 18 de gener de 2026 les tradicionals Festes de Sant Antoni Abad, una cita molt arrelada en el calendari festiu del municipi que combina actes religiosos, cultura popular, m\u00fasica i activitats per a totes les edats. Durant el cap de setmana, ve\u00efns i visitants podran gaudir d&#8217;una completa programaci\u00f3 que...\" \/>\n<meta property=\"og:url\" content=\"https:\/\/ayto.mutxamel.org\/ca\/eventos\/festes-de-sant-antoni-abad-2026-a-mutxamel\/\" \/>\n<meta property=\"og:site_name\" content=\"Ayuntamiento de Mutxamel\" \/>\n<meta property=\"og:image\" content=\"https:\/\/ayto.mutxamel.org\/wp-content\/uploads\/2026\/01\/e069a442-3cf9-48ab-971c-e49589432f32.jpeg\" \/>\n\t<meta property=\"og:image:width\" content=\"1132\" \/>\n\t<meta property=\"og:image:height\" content=\"1600\" \/>\n\t<meta property=\"og:image:type\" content=\"image\/jpeg\" \/>\n<meta name=\"twitter:card\" content=\"summary_large_image\" \/>\n<meta name=\"twitter:label1\" content=\"Temps estimat de lectura\" \/>\n\t<meta name=\"twitter:data1\" content=\"1 minut\" \/>\n<script type=\"application\/ld+json\" class=\"yoast-schema-graph\">{\"@context\":\"https:\\\/\\\/schema.org\",\"@graph\":[{\"@type\":\"WebPage\",\"@id\":\"https:\\\/\\\/ayto.mutxamel.org\\\/ca\\\/eventos\\\/festes-de-sant-antoni-abad-2026-a-mutxamel\\\/\",\"url\":\"https:\\\/\\\/ayto.mutxamel.org\\\/ca\\\/eventos\\\/festes-de-sant-antoni-abad-2026-a-mutxamel\\\/\",\"name\":\"Festes de Sant Antoni Abad 2026 a Mutxamel - Ayuntamiento de Mutxamel\",\"isPartOf\":{\"@id\":\"https:\\\/\\\/ayto.mutxamel.org\\\/ca\\\/#website\"},\"primaryImageOfPage\":{\"@id\":\"https:\\\/\\\/ayto.mutxamel.org\\\/ca\\\/eventos\\\/festes-de-sant-antoni-abad-2026-a-mutxamel\\\/#primaryimage\"},\"image\":{\"@id\":\"https:\\\/\\\/ayto.mutxamel.org\\\/ca\\\/eventos\\\/festes-de-sant-antoni-abad-2026-a-mutxamel\\\/#primaryimage\"},\"thumbnailUrl\":\"https:\\\/\\\/ayto.mutxamel.org\\\/wp-content\\\/uploads\\\/2026\\\/01\\\/e069a442-3cf9-48ab-971c-e49589432f32.jpeg\",\"datePublished\":\"2026-01-09T13:05:26+00:00\",\"breadcrumb\":{\"@id\":\"https:\\\/\\\/ayto.mutxamel.org\\\/ca\\\/eventos\\\/festes-de-sant-antoni-abad-2026-a-mutxamel\\\/#breadcrumb\"},\"inLanguage\":\"ca\",\"potentialAction\":[{\"@type\":\"ReadAction\",\"target\":[\"https:\\\/\\\/ayto.mutxamel.org\\\/ca\\\/eventos\\\/festes-de-sant-antoni-abad-2026-a-mutxamel\\\/\"]}]},{\"@type\":\"ImageObject\",\"inLanguage\":\"ca\",\"@id\":\"https:\\\/\\\/ayto.mutxamel.org\\\/ca\\\/eventos\\\/festes-de-sant-antoni-abad-2026-a-mutxamel\\\/#primaryimage\",\"url\":\"https:\\\/\\\/ayto.mutxamel.org\\\/wp-content\\\/uploads\\\/2026\\\/01\\\/e069a442-3cf9-48ab-971c-e49589432f32.jpeg\",\"contentUrl\":\"https:\\\/\\\/ayto.mutxamel.org\\\/wp-content\\\/uploads\\\/2026\\\/01\\\/e069a442-3cf9-48ab-971c-e49589432f32.jpeg\",\"width\":1132,\"height\":1600},{\"@type\":\"BreadcrumbList\",\"@id\":\"https:\\\/\\\/ayto.mutxamel.org\\\/ca\\\/eventos\\\/festes-de-sant-antoni-abad-2026-a-mutxamel\\\/#breadcrumb\",\"itemListElement\":[{\"@type\":\"ListItem\",\"position\":1,\"name\":\"Portada\",\"item\":\"https:\\\/\\\/ayto.mutxamel.org\\\/ca\\\/\"},{\"@type\":\"ListItem\",\"position\":2,\"name\":\"Events\",\"item\":\"https:\\\/\\\/ayto.mutxamel.org\\\/ca\\\/eventos\\\/\"},{\"@type\":\"ListItem\",\"position\":3,\"name\":\"Festes de Sant Antoni Abad 2026 a Mutxamel\"}]},{\"@type\":\"WebSite\",\"@id\":\"https:\\\/\\\/ayto.mutxamel.org\\\/ca\\\/#website\",\"url\":\"https:\\\/\\\/ayto.mutxamel.org\\\/ca\\\/\",\"name\":\"Ayuntamiento de Mutxamel\",\"description\":\"\",\"potentialAction\":[{\"@type\":\"SearchAction\",\"target\":{\"@type\":\"EntryPoint\",\"urlTemplate\":\"https:\\\/\\\/ayto.mutxamel.org\\\/ca\\\/?s={search_term_string}\"},\"query-input\":{\"@type\":\"PropertyValueSpecification\",\"valueRequired\":true,\"valueName\":\"search_term_string\"}}],\"inLanguage\":\"ca\"}]}<\/script>\n<!-- \/ Yoast SEO plugin. -->","yoast_head_json":{"title":"Festes de Sant Antoni Abad 2026 a Mutxamel - Ayuntamiento de Mutxamel","robots":{"index":"index","follow":"follow","max-snippet":"max-snippet:-1","max-image-preview":"max-image-preview:large","max-video-preview":"max-video-preview:-1"},"canonical":"https:\/\/ayto.mutxamel.org\/ca\/eventos\/festes-de-sant-antoni-abad-2026-a-mutxamel\/","og_locale":"ca_ES","og_type":"article","og_title":"Festes de Sant Antoni Abad 2026 a Mutxamel - Ayuntamiento de Mutxamel","og_description":"Mutxamel celebrar\u00e0 del 16 al 18 de gener de 2026 les tradicionals Festes de Sant Antoni Abad, una cita molt arrelada en el calendari festiu del municipi que combina actes religiosos, cultura popular, m\u00fasica i activitats per a totes les edats. Durant el cap de setmana, ve\u00efns i visitants podran gaudir d&#8217;una completa programaci\u00f3 que...","og_url":"https:\/\/ayto.mutxamel.org\/ca\/eventos\/festes-de-sant-antoni-abad-2026-a-mutxamel\/","og_site_name":"Ayuntamiento de Mutxamel","og_image":[{"width":1132,"height":1600,"url":"https:\/\/ayto.mutxamel.org\/wp-content\/uploads\/2026\/01\/e069a442-3cf9-48ab-971c-e49589432f32.jpeg","type":"image\/jpeg"}],"twitter_card":"summary_large_image","twitter_misc":{"Temps estimat de lectura":"1 minut"},"schema":{"@context":"https:\/\/schema.org","@graph":[{"@type":"WebPage","@id":"https:\/\/ayto.mutxamel.org\/ca\/eventos\/festes-de-sant-antoni-abad-2026-a-mutxamel\/","url":"https:\/\/ayto.mutxamel.org\/ca\/eventos\/festes-de-sant-antoni-abad-2026-a-mutxamel\/","name":"Festes de Sant Antoni Abad 2026 a Mutxamel - Ayuntamiento de Mutxamel","isPartOf":{"@id":"https:\/\/ayto.mutxamel.org\/ca\/#website"},"primaryImageOfPage":{"@id":"https:\/\/ayto.mutxamel.org\/ca\/eventos\/festes-de-sant-antoni-abad-2026-a-mutxamel\/#primaryimage"},"image":{"@id":"https:\/\/ayto.mutxamel.org\/ca\/eventos\/festes-de-sant-antoni-abad-2026-a-mutxamel\/#primaryimage"},"thumbnailUrl":"https:\/\/ayto.mutxamel.org\/wp-content\/uploads\/2026\/01\/e069a442-3cf9-48ab-971c-e49589432f32.jpeg","datePublished":"2026-01-09T13:05:26+00:00","breadcrumb":{"@id":"https:\/\/ayto.mutxamel.org\/ca\/eventos\/festes-de-sant-antoni-abad-2026-a-mutxamel\/#breadcrumb"},"inLanguage":"ca","potentialAction":[{"@type":"ReadAction","target":["https:\/\/ayto.mutxamel.org\/ca\/eventos\/festes-de-sant-antoni-abad-2026-a-mutxamel\/"]}]},{"@type":"ImageObject","inLanguage":"ca","@id":"https:\/\/ayto.mutxamel.org\/ca\/eventos\/festes-de-sant-antoni-abad-2026-a-mutxamel\/#primaryimage","url":"https:\/\/ayto.mutxamel.org\/wp-content\/uploads\/2026\/01\/e069a442-3cf9-48ab-971c-e49589432f32.jpeg","contentUrl":"https:\/\/ayto.mutxamel.org\/wp-content\/uploads\/2026\/01\/e069a442-3cf9-48ab-971c-e49589432f32.jpeg","width":1132,"height":1600},{"@type":"BreadcrumbList","@id":"https:\/\/ayto.mutxamel.org\/ca\/eventos\/festes-de-sant-antoni-abad-2026-a-mutxamel\/#breadcrumb","itemListElement":[{"@type":"ListItem","position":1,"name":"Portada","item":"https:\/\/ayto.mutxamel.org\/ca\/"},{"@type":"ListItem","position":2,"name":"Events","item":"https:\/\/ayto.mutxamel.org\/ca\/eventos\/"},{"@type":"ListItem","position":3,"name":"Festes de Sant Antoni Abad 2026 a Mutxamel"}]},{"@type":"WebSite","@id":"https:\/\/ayto.mutxamel.org\/ca\/#website","url":"https:\/\/ayto.mutxamel.org\/ca\/","name":"Ayuntamiento de Mutxamel","description":"","potentialAction":[{"@type":"SearchAction","target":{"@type":"EntryPoint","urlTemplate":"https:\/\/ayto.mutxamel.org\/ca\/?s={search_term_string}"},"query-input":{"@type":"PropertyValueSpecification","valueRequired":true,"valueName":"search_term_string"}}],"inLanguage":"ca"}]}},"_links":{"self":[{"href":"https:\/\/ayto.mutxamel.org\/ca\/wp-json\/wp\/v2\/mec-events\/64814","targetHints":{"allow":["GET"]}}],"collection":[{"href":"https:\/\/ayto.mutxamel.org\/ca\/wp-json\/wp\/v2\/mec-events"}],"about":[{"href":"https:\/\/ayto.mutxamel.org\/ca\/wp-json\/wp\/v2\/types\/mec-events"}],"author":[{"embeddable":true,"href":"https:\/\/ayto.mutxamel.org\/ca\/wp-json\/wp\/v2\/users\/12"}],"replies":[{"embeddable":true,"href":"https:\/\/ayto.mutxamel.org\/ca\/wp-json\/wp\/v2\/comments?post=64814"}],"wp:featuredmedia":[{"embeddable":true,"href":"https:\/\/ayto.mutxamel.org\/ca\/wp-json\/wp\/v2\/media\/64813"}],"wp:attachment":[{"href":"https:\/\/ayto.mutxamel.org\/ca\/wp-json\/wp\/v2\/media?parent=64814"}],"wp:term":[{"taxonomy":"post_tag","embeddable":true,"href":"https:\/\/ayto.mutxamel.org\/ca\/wp-json\/wp\/v2\/tags?post=64814"},{"taxonomy":"mec_category","embeddable":true,"href":"https:\/\/ayto.mutxamel.org\/ca\/wp-json\/wp\/v2\/mec_category?post=64814"}],"curies":[{"name":"wp","href":"https:\/\/api.w.org\/{rel}","templated":true}]}}

<p>Mutxamel celebrarà del 16 al 18 de gener de 2026 les tradicionals Festes de Sant Antoni Abad, una cita molt arrelada en el calendari festiu del municipi que combina actes religiosos, cultura popular, música i activitats per a totes les edats.</p>
<p>Durant el cap de setmana, veïns i visitants podran gaudir d&#8217;una completa programació que donarà principi el divendres 16 de gener amb el pregó de festes, la tradicional alborada i l&#8217;obertura de la barraca popular.</p>
<p>El dissabte 17 de gener estarà dedicat especialment a l&#8217;oci familiar i festiu, amb jocs infantils, cercaviles amb dolçaina i tabalet, concert del grup Sanguangos, correfoc i foguera, culminant amb la reobertura de la barraca.</p>
<p>El dia gran serà el diumenge 18 de gener, que començarà amb la diana, l&#8217;entrada de la banda de música “L&#8217;Aliança” i el passeig eqüestre. A continuació se celebraran la processó, ofrena, danses tradicionals i missa en honor a Sant Antoni Abad, seguides de la tradicional benedicció d&#8217;animals, la mascletà, danses del grup Verge de Loreto i el sorteig del porc i el corder en l&#8217;ermita.</p>
<p>Unes festes organitzades per la Majordomia de Sant Antoni Abat amb la col·laboració de l&#8217;Ajuntament de Mutxamel, que mantenen visca una de les tradicions més emblemàtiques del municipi.</p>

<p>Mutxamel celebrarà del 16 al 18 de gener de 2026 les tradicionals Festes de Sant Antoni Abad, una cita molt arrelada en el calendari festiu del municipi que combina actes religiosos, cultura popular, música i activitats per a totes les edats. Durant el cap de setmana, veïns i visitants podran gaudir d&#8217;una completa programació que&#8230;</p>

<!-- This site is optimized with the Yoast SEO plugin v27.3 - https://yoast.com/product/yoast-seo-wordpress/ -->
<title>Festes de Sant Antoni Abad 2026 a Mutxamel - Ayuntamiento de Mutxamel</title>
<meta name="robots" content="index, follow, max-snippet:-1, max-image-preview:large, max-video-preview:-1" />
<link rel="canonical" href="https://ayto.mutxamel.org/ca/eventos/festes-de-sant-antoni-abad-2026-a-mutxamel/" />
<meta property="og:locale" content="ca_ES" />
<meta property="og:type" content="article" />
<meta property="og:title" content="Festes de Sant Antoni Abad 2026 a Mutxamel - Ayuntamiento de Mutxamel" />
<meta property="og:description" content="Mutxamel celebrarà del 16 al 18 de gener de 2026 les tradicionals Festes de Sant Antoni Abad, una cita molt arrelada en el calendari festiu del municipi que combina actes religiosos, cultura popular, música i activitats per a totes les edats. Durant el cap de setmana, veïns i visitants podran gaudir d&#8217;una completa programació que..." />
<meta property="og:url" content="https://ayto.mutxamel.org/ca/eventos/festes-de-sant-antoni-abad-2026-a-mutxamel/" />
<meta property="og:site_name" content="Ayuntamiento de Mutxamel" />
<meta property="og:image" content="https://ayto.mutxamel.org/wp-content/uploads/2026/01/e069a442-3cf9-48ab-971c-e49589432f32.jpeg" />
	<meta property="og:image:width" content="1132" />
	<meta property="og:image:height" content="1600" />
	<meta property="og:image:type" content="image/jpeg" />
<meta name="twitter:card" content="summary_large_image" />
<meta name="twitter:label1" content="Temps estimat de lectura" />
	<meta name="twitter:data1" content="1 minut" />
<script type="application/ld+json" class="yoast-schema-graph">{"@context":"https:\/\/schema.org","@graph":[{"@type":"WebPage","@id":"https:\/\/ayto.mutxamel.org\/ca\/eventos\/festes-de-sant-antoni-abad-2026-a-mutxamel\/","url":"https:\/\/ayto.mutxamel.org\/ca\/eventos\/festes-de-sant-antoni-abad-2026-a-mutxamel\/","name":"Festes de Sant Antoni Abad 2026 a Mutxamel - Ayuntamiento de Mutxamel","isPartOf":{"@id":"https:\/\/ayto.mutxamel.org\/ca\/#website"},"primaryImageOfPage":{"@id":"https:\/\/ayto.mutxamel.org\/ca\/eventos\/festes-de-sant-antoni-abad-2026-a-mutxamel\/#primaryimage"},"image":{"@id":"https:\/\/ayto.mutxamel.org\/ca\/eventos\/festes-de-sant-antoni-abad-2026-a-mutxamel\/#primaryimage"},"thumbnailUrl":"https:\/\/ayto.mutxamel.org\/wp-content\/uploads\/2026\/01\/e069a442-3cf9-48ab-971c-e49589432f32.jpeg","datePublished":"2026-01-09T13:05:26+00:00","breadcrumb":{"@id":"https:\/\/ayto.mutxamel.org\/ca\/eventos\/festes-de-sant-antoni-abad-2026-a-mutxamel\/#breadcrumb"},"inLanguage":"ca","potentialAction":[{"@type":"ReadAction","target":["https:\/\/ayto.mutxamel.org\/ca\/eventos\/festes-de-sant-antoni-abad-2026-a-mutxamel\/"]}]},{"@type":"ImageObject","inLanguage":"ca","@id":"https:\/\/ayto.mutxamel.org\/ca\/eventos\/festes-de-sant-antoni-abad-2026-a-mutxamel\/#primaryimage","url":"https:\/\/ayto.mutxamel.org\/wp-content\/uploads\/2026\/01\/e069a442-3cf9-48ab-971c-e49589432f32.jpeg","contentUrl":"https:\/\/ayto.mutxamel.org\/wp-content\/uploads\/2026\/01\/e069a442-3cf9-48ab-971c-e49589432f32.jpeg","width":1132,"height":1600},{"@type":"BreadcrumbList","@id":"https:\/\/ayto.mutxamel.org\/ca\/eventos\/festes-de-sant-antoni-abad-2026-a-mutxamel\/#breadcrumb","itemListElement":[{"@type":"ListItem","position":1,"name":"Portada","item":"https:\/\/ayto.mutxamel.org\/ca\/"},{"@type":"ListItem","position":2,"name":"Events","item":"https:\/\/ayto.mutxamel.org\/ca\/eventos\/"},{"@type":"ListItem","position":3,"name":"Festes de Sant Antoni Abad 2026 a Mutxamel"}]},{"@type":"WebSite","@id":"https:\/\/ayto.mutxamel.org\/ca\/#website","url":"https:\/\/ayto.mutxamel.org\/ca\/","name":"Ayuntamiento de Mutxamel","description":"","potentialAction":[{"@type":"SearchAction","target":{"@type":"EntryPoint","urlTemplate":"https:\/\/ayto.mutxamel.org\/ca\/?s={search_term_string}"},"query-input":{"@type":"PropertyValueSpecification","valueRequired":true,"valueName":"search_term_string"}}],"inLanguage":"ca"}]}</script>
<!-- / Yoast SEO plugin. -->

Mutxamel celebrarà del 16 al 18 de gener de 2026 les tradicionals Festes de Sant Antoni Abad, una cita molt arrelada en el calendari festiu del municipi que combina actes religiosos, cultura popular, música i activitats per a totes les edats. Durant el cap de setmana, veïns i visitants podran gaudir d&#8217;una completa programació que...
