{"id":64663,"date":"2025-12-26T09:57:12","date_gmt":"2025-12-26T08:57:12","guid":{"rendered":"https:\/\/ayto.mutxamel.org\/eventos\/el-carter-reial-arriba-a-mutxamel\/"},"modified":"2025-12-26T10:00:51","modified_gmt":"2025-12-26T09:00:51","slug":"el-carter-reial-arriba-a-mutxamel","status":"publish","type":"mec-events","link":"https:\/\/ayto.mutxamel.org\/ca\/eventos\/el-carter-reial-arriba-a-mutxamel\/","title":{"rendered":"El Carter Reial arriba a Mutxamel"},"content":{"rendered":"<p>El pr\u00f2xim <strong>3 de gener<\/strong>, a les <strong>18:30 h<\/strong>, Mutxamel rebr\u00e0 la visita del <strong>Carter Reial<\/strong>, que recorrer\u00e0 els nostres carrers portant la il\u00b7lusi\u00f3 i la m\u00e0gia del Nadal.<\/p>\n<p>La desfilada eixir\u00e0 des de la <strong>Pla\u00e7a Miguel Hern\u00e1ndez<\/strong> i finalitzar\u00e0 a l\u2019<strong>Ajuntament<\/strong>, on el Carter Reial arreplegar\u00e0 les cartes de tots els xiquets i xiquetes que vulguen fer-li arribar els seus desitjos a <strong>Ses Majestats els Reis Mags<\/strong>.<\/p>\n<p>Una cita molt especial per a gaudir en fam\u00edlia i compartir la il\u00b7lusi\u00f3 d\u2019aquestes dates tan assenyalades.<\/p>\n<p>No t\u2019ho perdes i vine a viure la m\u00e0gia del Nadal a Mutxamel!<\/p>\n","protected":false},"excerpt":{"rendered":"<p>El pr\u00f2xim 3 de gener, a les 18:30 h, Mutxamel rebr\u00e0 la visita del Carter Reial, que recorrer\u00e0 els nostres carrers portant la il\u00b7lusi\u00f3 i la m\u00e0gia del Nadal. La desfilada eixir\u00e0 des de la Pla\u00e7a Miguel Hern\u00e1ndez i finalitzar\u00e0 a l\u2019Ajuntament, on el Carter Reial arreplegar\u00e0 les cartes de tots els xiquets i xiquetes&#8230;<\/p>\n","protected":false},"author":12,"featured_media":64664,"comment_status":"closed","ping_status":"closed","template":"","tags":[],"mec_category":[16,538],"class_list":["post-64663","mec-events","type-mec-events","status-publish","has-post-thumbnail","hentry","mec_category-festes","mec_category-turimtx-va"],"acf":[],"yoast_head":"<!-- This site is optimized with the Yoast SEO plugin v27.3 - https:\/\/yoast.com\/product\/yoast-seo-wordpress\/ -->\n<title>El Carter Reial arriba a Mutxamel - Ayuntamiento de Mutxamel<\/title>\n<meta name=\"robots\" content=\"index, follow, max-snippet:-1, max-image-preview:large, max-video-preview:-1\" \/>\n<link rel=\"canonical\" href=\"https:\/\/ayto.mutxamel.org\/ca\/eventos\/el-carter-reial-arriba-a-mutxamel\/\" \/>\n<meta property=\"og:locale\" content=\"ca_ES\" \/>\n<meta property=\"og:type\" content=\"article\" \/>\n<meta property=\"og:title\" content=\"El Carter Reial arriba a Mutxamel - Ayuntamiento de Mutxamel\" \/>\n<meta property=\"og:description\" content=\"El pr\u00f2xim 3 de gener, a les 18:30 h, Mutxamel rebr\u00e0 la visita del Carter Reial, que recorrer\u00e0 els nostres carrers portant la il\u00b7lusi\u00f3 i la m\u00e0gia del Nadal. La desfilada eixir\u00e0 des de la Pla\u00e7a Miguel Hern\u00e1ndez i finalitzar\u00e0 a l\u2019Ajuntament, on el Carter Reial arreplegar\u00e0 les cartes de tots els xiquets i xiquetes...\" \/>\n<meta property=\"og:url\" content=\"https:\/\/ayto.mutxamel.org\/ca\/eventos\/el-carter-reial-arriba-a-mutxamel\/\" \/>\n<meta property=\"og:site_name\" content=\"Ayuntamiento de Mutxamel\" \/>\n<meta property=\"article:modified_time\" content=\"2025-12-26T09:00:51+00:00\" \/>\n<meta property=\"og:image\" content=\"https:\/\/ayto.mutxamel.org\/wp-content\/uploads\/2025\/12\/CarteroReal_PostVALE-scaled.png\" \/>\n\t<meta property=\"og:image:width\" content=\"1536\" \/>\n\t<meta property=\"og:image:height\" content=\"1920\" \/>\n\t<meta property=\"og:image:type\" content=\"image\/png\" \/>\n<meta name=\"twitter:card\" content=\"summary_large_image\" \/>\n<meta name=\"twitter:label1\" content=\"Temps estimat de lectura\" \/>\n\t<meta name=\"twitter:data1\" content=\"1 minut\" \/>\n<script type=\"application\/ld+json\" class=\"yoast-schema-graph\">{\"@context\":\"https:\\\/\\\/schema.org\",\"@graph\":[{\"@type\":\"WebPage\",\"@id\":\"https:\\\/\\\/ayto.mutxamel.org\\\/ca\\\/eventos\\\/el-carter-reial-arriba-a-mutxamel\\\/\",\"url\":\"https:\\\/\\\/ayto.mutxamel.org\\\/ca\\\/eventos\\\/el-carter-reial-arriba-a-mutxamel\\\/\",\"name\":\"El Carter Reial arriba a Mutxamel - Ayuntamiento de Mutxamel\",\"isPartOf\":{\"@id\":\"https:\\\/\\\/ayto.mutxamel.org\\\/ca\\\/#website\"},\"primaryImageOfPage\":{\"@id\":\"https:\\\/\\\/ayto.mutxamel.org\\\/ca\\\/eventos\\\/el-carter-reial-arriba-a-mutxamel\\\/#primaryimage\"},\"image\":{\"@id\":\"https:\\\/\\\/ayto.mutxamel.org\\\/ca\\\/eventos\\\/el-carter-reial-arriba-a-mutxamel\\\/#primaryimage\"},\"thumbnailUrl\":\"https:\\\/\\\/ayto.mutxamel.org\\\/wp-content\\\/uploads\\\/2025\\\/12\\\/CarteroReal_PostVALE-scaled.png\",\"datePublished\":\"2025-12-26T08:57:12+00:00\",\"dateModified\":\"2025-12-26T09:00:51+00:00\",\"breadcrumb\":{\"@id\":\"https:\\\/\\\/ayto.mutxamel.org\\\/ca\\\/eventos\\\/el-carter-reial-arriba-a-mutxamel\\\/#breadcrumb\"},\"inLanguage\":\"ca\",\"potentialAction\":[{\"@type\":\"ReadAction\",\"target\":[\"https:\\\/\\\/ayto.mutxamel.org\\\/ca\\\/eventos\\\/el-carter-reial-arriba-a-mutxamel\\\/\"]}]},{\"@type\":\"ImageObject\",\"inLanguage\":\"ca\",\"@id\":\"https:\\\/\\\/ayto.mutxamel.org\\\/ca\\\/eventos\\\/el-carter-reial-arriba-a-mutxamel\\\/#primaryimage\",\"url\":\"https:\\\/\\\/ayto.mutxamel.org\\\/wp-content\\\/uploads\\\/2025\\\/12\\\/CarteroReal_PostVALE-scaled.png\",\"contentUrl\":\"https:\\\/\\\/ayto.mutxamel.org\\\/wp-content\\\/uploads\\\/2025\\\/12\\\/CarteroReal_PostVALE-scaled.png\",\"width\":1536,\"height\":1920},{\"@type\":\"BreadcrumbList\",\"@id\":\"https:\\\/\\\/ayto.mutxamel.org\\\/ca\\\/eventos\\\/el-carter-reial-arriba-a-mutxamel\\\/#breadcrumb\",\"itemListElement\":[{\"@type\":\"ListItem\",\"position\":1,\"name\":\"Portada\",\"item\":\"https:\\\/\\\/ayto.mutxamel.org\\\/ca\\\/\"},{\"@type\":\"ListItem\",\"position\":2,\"name\":\"Events\",\"item\":\"https:\\\/\\\/ayto.mutxamel.org\\\/ca\\\/eventos\\\/\"},{\"@type\":\"ListItem\",\"position\":3,\"name\":\"El Carter Reial arriba a Mutxamel\"}]},{\"@type\":\"WebSite\",\"@id\":\"https:\\\/\\\/ayto.mutxamel.org\\\/ca\\\/#website\",\"url\":\"https:\\\/\\\/ayto.mutxamel.org\\\/ca\\\/\",\"name\":\"Ayuntamiento de Mutxamel\",\"description\":\"\",\"potentialAction\":[{\"@type\":\"SearchAction\",\"target\":{\"@type\":\"EntryPoint\",\"urlTemplate\":\"https:\\\/\\\/ayto.mutxamel.org\\\/ca\\\/?s={search_term_string}\"},\"query-input\":{\"@type\":\"PropertyValueSpecification\",\"valueRequired\":true,\"valueName\":\"search_term_string\"}}],\"inLanguage\":\"ca\"}]}<\/script>\n<!-- \/ Yoast SEO plugin. -->","yoast_head_json":{"title":"El Carter Reial arriba a Mutxamel - Ayuntamiento de Mutxamel","robots":{"index":"index","follow":"follow","max-snippet":"max-snippet:-1","max-image-preview":"max-image-preview:large","max-video-preview":"max-video-preview:-1"},"canonical":"https:\/\/ayto.mutxamel.org\/ca\/eventos\/el-carter-reial-arriba-a-mutxamel\/","og_locale":"ca_ES","og_type":"article","og_title":"El Carter Reial arriba a Mutxamel - Ayuntamiento de Mutxamel","og_description":"El pr\u00f2xim 3 de gener, a les 18:30 h, Mutxamel rebr\u00e0 la visita del Carter Reial, que recorrer\u00e0 els nostres carrers portant la il\u00b7lusi\u00f3 i la m\u00e0gia del Nadal. La desfilada eixir\u00e0 des de la Pla\u00e7a Miguel Hern\u00e1ndez i finalitzar\u00e0 a l\u2019Ajuntament, on el Carter Reial arreplegar\u00e0 les cartes de tots els xiquets i xiquetes...","og_url":"https:\/\/ayto.mutxamel.org\/ca\/eventos\/el-carter-reial-arriba-a-mutxamel\/","og_site_name":"Ayuntamiento de Mutxamel","article_modified_time":"2025-12-26T09:00:51+00:00","og_image":[{"width":1536,"height":1920,"url":"https:\/\/ayto.mutxamel.org\/wp-content\/uploads\/2025\/12\/CarteroReal_PostVALE-scaled.png","type":"image\/png"}],"twitter_card":"summary_large_image","twitter_misc":{"Temps estimat de lectura":"1 minut"},"schema":{"@context":"https:\/\/schema.org","@graph":[{"@type":"WebPage","@id":"https:\/\/ayto.mutxamel.org\/ca\/eventos\/el-carter-reial-arriba-a-mutxamel\/","url":"https:\/\/ayto.mutxamel.org\/ca\/eventos\/el-carter-reial-arriba-a-mutxamel\/","name":"El Carter Reial arriba a Mutxamel - Ayuntamiento de Mutxamel","isPartOf":{"@id":"https:\/\/ayto.mutxamel.org\/ca\/#website"},"primaryImageOfPage":{"@id":"https:\/\/ayto.mutxamel.org\/ca\/eventos\/el-carter-reial-arriba-a-mutxamel\/#primaryimage"},"image":{"@id":"https:\/\/ayto.mutxamel.org\/ca\/eventos\/el-carter-reial-arriba-a-mutxamel\/#primaryimage"},"thumbnailUrl":"https:\/\/ayto.mutxamel.org\/wp-content\/uploads\/2025\/12\/CarteroReal_PostVALE-scaled.png","datePublished":"2025-12-26T08:57:12+00:00","dateModified":"2025-12-26T09:00:51+00:00","breadcrumb":{"@id":"https:\/\/ayto.mutxamel.org\/ca\/eventos\/el-carter-reial-arriba-a-mutxamel\/#breadcrumb"},"inLanguage":"ca","potentialAction":[{"@type":"ReadAction","target":["https:\/\/ayto.mutxamel.org\/ca\/eventos\/el-carter-reial-arriba-a-mutxamel\/"]}]},{"@type":"ImageObject","inLanguage":"ca","@id":"https:\/\/ayto.mutxamel.org\/ca\/eventos\/el-carter-reial-arriba-a-mutxamel\/#primaryimage","url":"https:\/\/ayto.mutxamel.org\/wp-content\/uploads\/2025\/12\/CarteroReal_PostVALE-scaled.png","contentUrl":"https:\/\/ayto.mutxamel.org\/wp-content\/uploads\/2025\/12\/CarteroReal_PostVALE-scaled.png","width":1536,"height":1920},{"@type":"BreadcrumbList","@id":"https:\/\/ayto.mutxamel.org\/ca\/eventos\/el-carter-reial-arriba-a-mutxamel\/#breadcrumb","itemListElement":[{"@type":"ListItem","position":1,"name":"Portada","item":"https:\/\/ayto.mutxamel.org\/ca\/"},{"@type":"ListItem","position":2,"name":"Events","item":"https:\/\/ayto.mutxamel.org\/ca\/eventos\/"},{"@type":"ListItem","position":3,"name":"El Carter Reial arriba a Mutxamel"}]},{"@type":"WebSite","@id":"https:\/\/ayto.mutxamel.org\/ca\/#website","url":"https:\/\/ayto.mutxamel.org\/ca\/","name":"Ayuntamiento de Mutxamel","description":"","potentialAction":[{"@type":"SearchAction","target":{"@type":"EntryPoint","urlTemplate":"https:\/\/ayto.mutxamel.org\/ca\/?s={search_term_string}"},"query-input":{"@type":"PropertyValueSpecification","valueRequired":true,"valueName":"search_term_string"}}],"inLanguage":"ca"}]}},"_links":{"self":[{"href":"https:\/\/ayto.mutxamel.org\/ca\/wp-json\/wp\/v2\/mec-events\/64663","targetHints":{"allow":["GET"]}}],"collection":[{"href":"https:\/\/ayto.mutxamel.org\/ca\/wp-json\/wp\/v2\/mec-events"}],"about":[{"href":"https:\/\/ayto.mutxamel.org\/ca\/wp-json\/wp\/v2\/types\/mec-events"}],"author":[{"embeddable":true,"href":"https:\/\/ayto.mutxamel.org\/ca\/wp-json\/wp\/v2\/users\/12"}],"replies":[{"embeddable":true,"href":"https:\/\/ayto.mutxamel.org\/ca\/wp-json\/wp\/v2\/comments?post=64663"}],"wp:featuredmedia":[{"embeddable":true,"href":"https:\/\/ayto.mutxamel.org\/ca\/wp-json\/wp\/v2\/media\/64664"}],"wp:attachment":[{"href":"https:\/\/ayto.mutxamel.org\/ca\/wp-json\/wp\/v2\/media?parent=64663"}],"wp:term":[{"taxonomy":"post_tag","embeddable":true,"href":"https:\/\/ayto.mutxamel.org\/ca\/wp-json\/wp\/v2\/tags?post=64663"},{"taxonomy":"mec_category","embeddable":true,"href":"https:\/\/ayto.mutxamel.org\/ca\/wp-json\/wp\/v2\/mec_category?post=64663"}],"curies":[{"name":"wp","href":"https:\/\/api.w.org\/{rel}","templated":true}]}}

<p>El pròxim <strong>3 de gener</strong>, a les <strong>18:30 h</strong>, Mutxamel rebrà la visita del <strong>Carter Reial</strong>, que recorrerà els nostres carrers portant la il·lusió i la màgia del Nadal.</p>
<p>La desfilada eixirà des de la <strong>Plaça Miguel Hernández</strong> i finalitzarà a l’<strong>Ajuntament</strong>, on el Carter Reial arreplegarà les cartes de tots els xiquets i xiquetes que vulguen fer-li arribar els seus desitjos a <strong>Ses Majestats els Reis Mags</strong>.</p>
<p>Una cita molt especial per a gaudir en família i compartir la il·lusió d’aquestes dates tan assenyalades.</p>
<p>No t’ho perdes i vine a viure la màgia del Nadal a Mutxamel!</p>

<p>El pròxim 3 de gener, a les 18:30 h, Mutxamel rebrà la visita del Carter Reial, que recorrerà els nostres carrers portant la il·lusió i la màgia del Nadal. La desfilada eixirà des de la Plaça Miguel Hernández i finalitzarà a l’Ajuntament, on el Carter Reial arreplegarà les cartes de tots els xiquets i xiquetes&#8230;</p>

<!-- This site is optimized with the Yoast SEO plugin v27.3 - https://yoast.com/product/yoast-seo-wordpress/ -->
<title>El Carter Reial arriba a Mutxamel - Ayuntamiento de Mutxamel</title>
<meta name="robots" content="index, follow, max-snippet:-1, max-image-preview:large, max-video-preview:-1" />
<link rel="canonical" href="https://ayto.mutxamel.org/ca/eventos/el-carter-reial-arriba-a-mutxamel/" />
<meta property="og:locale" content="ca_ES" />
<meta property="og:type" content="article" />
<meta property="og:title" content="El Carter Reial arriba a Mutxamel - Ayuntamiento de Mutxamel" />
<meta property="og:description" content="El pròxim 3 de gener, a les 18:30 h, Mutxamel rebrà la visita del Carter Reial, que recorrerà els nostres carrers portant la il·lusió i la màgia del Nadal. La desfilada eixirà des de la Plaça Miguel Hernández i finalitzarà a l’Ajuntament, on el Carter Reial arreplegarà les cartes de tots els xiquets i xiquetes..." />
<meta property="og:url" content="https://ayto.mutxamel.org/ca/eventos/el-carter-reial-arriba-a-mutxamel/" />
<meta property="og:site_name" content="Ayuntamiento de Mutxamel" />
<meta property="article:modified_time" content="2025-12-26T09:00:51+00:00" />
<meta property="og:image" content="https://ayto.mutxamel.org/wp-content/uploads/2025/12/CarteroReal_PostVALE-scaled.png" />
	<meta property="og:image:width" content="1536" />
	<meta property="og:image:height" content="1920" />
	<meta property="og:image:type" content="image/png" />
<meta name="twitter:card" content="summary_large_image" />
<meta name="twitter:label1" content="Temps estimat de lectura" />
	<meta name="twitter:data1" content="1 minut" />
<script type="application/ld+json" class="yoast-schema-graph">{"@context":"https:\/\/schema.org","@graph":[{"@type":"WebPage","@id":"https:\/\/ayto.mutxamel.org\/ca\/eventos\/el-carter-reial-arriba-a-mutxamel\/","url":"https:\/\/ayto.mutxamel.org\/ca\/eventos\/el-carter-reial-arriba-a-mutxamel\/","name":"El Carter Reial arriba a Mutxamel - Ayuntamiento de Mutxamel","isPartOf":{"@id":"https:\/\/ayto.mutxamel.org\/ca\/#website"},"primaryImageOfPage":{"@id":"https:\/\/ayto.mutxamel.org\/ca\/eventos\/el-carter-reial-arriba-a-mutxamel\/#primaryimage"},"image":{"@id":"https:\/\/ayto.mutxamel.org\/ca\/eventos\/el-carter-reial-arriba-a-mutxamel\/#primaryimage"},"thumbnailUrl":"https:\/\/ayto.mutxamel.org\/wp-content\/uploads\/2025\/12\/CarteroReal_PostVALE-scaled.png","datePublished":"2025-12-26T08:57:12+00:00","dateModified":"2025-12-26T09:00:51+00:00","breadcrumb":{"@id":"https:\/\/ayto.mutxamel.org\/ca\/eventos\/el-carter-reial-arriba-a-mutxamel\/#breadcrumb"},"inLanguage":"ca","potentialAction":[{"@type":"ReadAction","target":["https:\/\/ayto.mutxamel.org\/ca\/eventos\/el-carter-reial-arriba-a-mutxamel\/"]}]},{"@type":"ImageObject","inLanguage":"ca","@id":"https:\/\/ayto.mutxamel.org\/ca\/eventos\/el-carter-reial-arriba-a-mutxamel\/#primaryimage","url":"https:\/\/ayto.mutxamel.org\/wp-content\/uploads\/2025\/12\/CarteroReal_PostVALE-scaled.png","contentUrl":"https:\/\/ayto.mutxamel.org\/wp-content\/uploads\/2025\/12\/CarteroReal_PostVALE-scaled.png","width":1536,"height":1920},{"@type":"BreadcrumbList","@id":"https:\/\/ayto.mutxamel.org\/ca\/eventos\/el-carter-reial-arriba-a-mutxamel\/#breadcrumb","itemListElement":[{"@type":"ListItem","position":1,"name":"Portada","item":"https:\/\/ayto.mutxamel.org\/ca\/"},{"@type":"ListItem","position":2,"name":"Events","item":"https:\/\/ayto.mutxamel.org\/ca\/eventos\/"},{"@type":"ListItem","position":3,"name":"El Carter Reial arriba a Mutxamel"}]},{"@type":"WebSite","@id":"https:\/\/ayto.mutxamel.org\/ca\/#website","url":"https:\/\/ayto.mutxamel.org\/ca\/","name":"Ayuntamiento de Mutxamel","description":"","potentialAction":[{"@type":"SearchAction","target":{"@type":"EntryPoint","urlTemplate":"https:\/\/ayto.mutxamel.org\/ca\/?s={search_term_string}"},"query-input":{"@type":"PropertyValueSpecification","valueRequired":true,"valueName":"search_term_string"}}],"inLanguage":"ca"}]}</script>
<!-- / Yoast SEO plugin. -->

El pròxim 3 de gener, a les 18:30 h, Mutxamel rebrà la visita del Carter Reial, que recorrerà els nostres carrers portant la il·lusió i la màgia del Nadal. La desfilada eixirà des de la Plaça Miguel Hernández i finalitzarà a l’Ajuntament, on el Carter Reial arreplegarà les cartes de tots els xiquets i xiquetes...
