{"id":63152,"date":"2025-10-28T23:13:18","date_gmt":"2025-10-28T22:13:18","guid":{"rendered":"https:\/\/ayto.mutxamel.org\/eventos\/gymkana-del-terror-halloween-2025\/"},"modified":"2025-10-29T13:37:04","modified_gmt":"2025-10-29T12:37:04","slug":"gymkana-del-terror-halloween-2025","status":"publish","type":"mec-events","link":"https:\/\/ayto.mutxamel.org\/ca\/eventos\/gymkana-del-terror-halloween-2025\/","title":{"rendered":"Gymkana del terror. Halloween 2025"},"content":{"rendered":"<div>\n<p>Ja tenim ac\u00ed un dels esdeveniments m\u00e9s esperats de l&#8217;any. El dijous 30 d&#8217;octubre arriba Halloween a l&#8217;Ag\u00e8ncia de Lectura Infantil-Juvenil amb una gimcana del terror en la qual haur\u00e0s d&#8217;usar la teua imaginaci\u00f3 per a superar totes les proves i aconseguir escapar dels monstres que viuen a la Biblioteca&#8230;t&#8217;atrevixes a entrar?<\/p>\n<p>Per a esta activitat s&#8217;establixen dos horaris segons l&#8217;edat dels participants:<\/p>\n<p>6 &#8211; 8 anys: 17:30.<br \/>\n9 &#8211; 12 anys: 18:15.<\/p>\n<p>Si vols participar mana un correu a biblioteca@mutxamel.org amb el nom del xiquet o xiqueta que participar\u00e0 i la seua edat.<\/p>\n<\/div>\n","protected":false},"excerpt":{"rendered":"<p>Ja tenim ac\u00ed un dels esdeveniments m\u00e9s esperats de l&#8217;any. El dijous 30 d&#8217;octubre arriba Halloween a l&#8217;Ag\u00e8ncia de Lectura Infantil-Juvenil amb una gimcana del terror en la qual haur\u00e0s d&#8217;usar la teua imaginaci\u00f3 per a superar totes les proves i aconseguir escapar dels monstres que viuen a la Biblioteca&#8230;t&#8217;atrevixes a entrar? Per a esta&#8230;<\/p>\n","protected":false},"author":5,"featured_media":63134,"comment_status":"closed","ping_status":"closed","template":"","tags":[],"mec_category":[28,538,27],"class_list":["post-63152","mec-events","type-mec-events","status-publish","has-post-thumbnail","hentry","mec_category-biblioteca-va","mec_category-turimtx-va","mec_category-turisme"],"acf":[],"yoast_head":"<!-- This site is optimized with the Yoast SEO plugin v27.3 - https:\/\/yoast.com\/product\/yoast-seo-wordpress\/ -->\n<title>Gymkana del terror. Halloween 2025 - Ayuntamiento de Mutxamel<\/title>\n<meta name=\"robots\" content=\"index, follow, max-snippet:-1, max-image-preview:large, max-video-preview:-1\" \/>\n<link rel=\"canonical\" href=\"https:\/\/ayto.mutxamel.org\/ca\/eventos\/gymkana-del-terror-halloween-2025\/\" \/>\n<meta property=\"og:locale\" content=\"ca_ES\" \/>\n<meta property=\"og:type\" content=\"article\" \/>\n<meta property=\"og:title\" content=\"Gymkana del terror. Halloween 2025 - Ayuntamiento de Mutxamel\" \/>\n<meta property=\"og:description\" content=\"Ja tenim ac\u00ed un dels esdeveniments m\u00e9s esperats de l&#8217;any. El dijous 30 d&#8217;octubre arriba Halloween a l&#8217;Ag\u00e8ncia de Lectura Infantil-Juvenil amb una gimcana del terror en la qual haur\u00e0s d&#8217;usar la teua imaginaci\u00f3 per a superar totes les proves i aconseguir escapar dels monstres que viuen a la Biblioteca&#8230;t&#8217;atrevixes a entrar? Per a esta...\" \/>\n<meta property=\"og:url\" content=\"https:\/\/ayto.mutxamel.org\/ca\/eventos\/gymkana-del-terror-halloween-2025\/\" \/>\n<meta property=\"og:site_name\" content=\"Ayuntamiento de Mutxamel\" \/>\n<meta property=\"article:modified_time\" content=\"2025-10-29T12:37:04+00:00\" \/>\n<meta property=\"og:image\" content=\"https:\/\/ayto.mutxamel.org\/wp-content\/uploads\/2023\/11\/Halloween-2025-VAL.jpg\" \/>\n\t<meta property=\"og:image:width\" content=\"1080\" \/>\n\t<meta property=\"og:image:height\" content=\"1080\" \/>\n\t<meta property=\"og:image:type\" content=\"image\/jpeg\" \/>\n<meta name=\"twitter:card\" content=\"summary_large_image\" \/>\n<meta name=\"twitter:label1\" content=\"Temps estimat de lectura\" \/>\n\t<meta name=\"twitter:data1\" content=\"1 minut\" \/>\n<script type=\"application\/ld+json\" class=\"yoast-schema-graph\">{\"@context\":\"https:\\\/\\\/schema.org\",\"@graph\":[{\"@type\":\"WebPage\",\"@id\":\"https:\\\/\\\/ayto.mutxamel.org\\\/ca\\\/eventos\\\/gymkana-del-terror-halloween-2025\\\/\",\"url\":\"https:\\\/\\\/ayto.mutxamel.org\\\/ca\\\/eventos\\\/gymkana-del-terror-halloween-2025\\\/\",\"name\":\"Gymkana del terror. Halloween 2025 - Ayuntamiento de Mutxamel\",\"isPartOf\":{\"@id\":\"https:\\\/\\\/ayto.mutxamel.org\\\/ca\\\/#website\"},\"primaryImageOfPage\":{\"@id\":\"https:\\\/\\\/ayto.mutxamel.org\\\/ca\\\/eventos\\\/gymkana-del-terror-halloween-2025\\\/#primaryimage\"},\"image\":{\"@id\":\"https:\\\/\\\/ayto.mutxamel.org\\\/ca\\\/eventos\\\/gymkana-del-terror-halloween-2025\\\/#primaryimage\"},\"thumbnailUrl\":\"https:\\\/\\\/ayto.mutxamel.org\\\/wp-content\\\/uploads\\\/2023\\\/11\\\/Halloween-2025-VAL.jpg\",\"datePublished\":\"2025-10-28T22:13:18+00:00\",\"dateModified\":\"2025-10-29T12:37:04+00:00\",\"breadcrumb\":{\"@id\":\"https:\\\/\\\/ayto.mutxamel.org\\\/ca\\\/eventos\\\/gymkana-del-terror-halloween-2025\\\/#breadcrumb\"},\"inLanguage\":\"ca\",\"potentialAction\":[{\"@type\":\"ReadAction\",\"target\":[\"https:\\\/\\\/ayto.mutxamel.org\\\/ca\\\/eventos\\\/gymkana-del-terror-halloween-2025\\\/\"]}]},{\"@type\":\"ImageObject\",\"inLanguage\":\"ca\",\"@id\":\"https:\\\/\\\/ayto.mutxamel.org\\\/ca\\\/eventos\\\/gymkana-del-terror-halloween-2025\\\/#primaryimage\",\"url\":\"https:\\\/\\\/ayto.mutxamel.org\\\/wp-content\\\/uploads\\\/2023\\\/11\\\/Halloween-2025-VAL.jpg\",\"contentUrl\":\"https:\\\/\\\/ayto.mutxamel.org\\\/wp-content\\\/uploads\\\/2023\\\/11\\\/Halloween-2025-VAL.jpg\",\"width\":1080,\"height\":1080},{\"@type\":\"BreadcrumbList\",\"@id\":\"https:\\\/\\\/ayto.mutxamel.org\\\/ca\\\/eventos\\\/gymkana-del-terror-halloween-2025\\\/#breadcrumb\",\"itemListElement\":[{\"@type\":\"ListItem\",\"position\":1,\"name\":\"Portada\",\"item\":\"https:\\\/\\\/ayto.mutxamel.org\\\/ca\\\/\"},{\"@type\":\"ListItem\",\"position\":2,\"name\":\"Events\",\"item\":\"https:\\\/\\\/ayto.mutxamel.org\\\/ca\\\/eventos\\\/\"},{\"@type\":\"ListItem\",\"position\":3,\"name\":\"Gymkana del terror. Halloween 2025\"}]},{\"@type\":\"WebSite\",\"@id\":\"https:\\\/\\\/ayto.mutxamel.org\\\/ca\\\/#website\",\"url\":\"https:\\\/\\\/ayto.mutxamel.org\\\/ca\\\/\",\"name\":\"Ayuntamiento de Mutxamel\",\"description\":\"\",\"potentialAction\":[{\"@type\":\"SearchAction\",\"target\":{\"@type\":\"EntryPoint\",\"urlTemplate\":\"https:\\\/\\\/ayto.mutxamel.org\\\/ca\\\/?s={search_term_string}\"},\"query-input\":{\"@type\":\"PropertyValueSpecification\",\"valueRequired\":true,\"valueName\":\"search_term_string\"}}],\"inLanguage\":\"ca\"}]}<\/script>\n<!-- \/ Yoast SEO plugin. -->","yoast_head_json":{"title":"Gymkana del terror. Halloween 2025 - Ayuntamiento de Mutxamel","robots":{"index":"index","follow":"follow","max-snippet":"max-snippet:-1","max-image-preview":"max-image-preview:large","max-video-preview":"max-video-preview:-1"},"canonical":"https:\/\/ayto.mutxamel.org\/ca\/eventos\/gymkana-del-terror-halloween-2025\/","og_locale":"ca_ES","og_type":"article","og_title":"Gymkana del terror. Halloween 2025 - Ayuntamiento de Mutxamel","og_description":"Ja tenim ac\u00ed un dels esdeveniments m\u00e9s esperats de l&#8217;any. El dijous 30 d&#8217;octubre arriba Halloween a l&#8217;Ag\u00e8ncia de Lectura Infantil-Juvenil amb una gimcana del terror en la qual haur\u00e0s d&#8217;usar la teua imaginaci\u00f3 per a superar totes les proves i aconseguir escapar dels monstres que viuen a la Biblioteca&#8230;t&#8217;atrevixes a entrar? Per a esta...","og_url":"https:\/\/ayto.mutxamel.org\/ca\/eventos\/gymkana-del-terror-halloween-2025\/","og_site_name":"Ayuntamiento de Mutxamel","article_modified_time":"2025-10-29T12:37:04+00:00","og_image":[{"width":1080,"height":1080,"url":"https:\/\/ayto.mutxamel.org\/wp-content\/uploads\/2023\/11\/Halloween-2025-VAL.jpg","type":"image\/jpeg"}],"twitter_card":"summary_large_image","twitter_misc":{"Temps estimat de lectura":"1 minut"},"schema":{"@context":"https:\/\/schema.org","@graph":[{"@type":"WebPage","@id":"https:\/\/ayto.mutxamel.org\/ca\/eventos\/gymkana-del-terror-halloween-2025\/","url":"https:\/\/ayto.mutxamel.org\/ca\/eventos\/gymkana-del-terror-halloween-2025\/","name":"Gymkana del terror. Halloween 2025 - Ayuntamiento de Mutxamel","isPartOf":{"@id":"https:\/\/ayto.mutxamel.org\/ca\/#website"},"primaryImageOfPage":{"@id":"https:\/\/ayto.mutxamel.org\/ca\/eventos\/gymkana-del-terror-halloween-2025\/#primaryimage"},"image":{"@id":"https:\/\/ayto.mutxamel.org\/ca\/eventos\/gymkana-del-terror-halloween-2025\/#primaryimage"},"thumbnailUrl":"https:\/\/ayto.mutxamel.org\/wp-content\/uploads\/2023\/11\/Halloween-2025-VAL.jpg","datePublished":"2025-10-28T22:13:18+00:00","dateModified":"2025-10-29T12:37:04+00:00","breadcrumb":{"@id":"https:\/\/ayto.mutxamel.org\/ca\/eventos\/gymkana-del-terror-halloween-2025\/#breadcrumb"},"inLanguage":"ca","potentialAction":[{"@type":"ReadAction","target":["https:\/\/ayto.mutxamel.org\/ca\/eventos\/gymkana-del-terror-halloween-2025\/"]}]},{"@type":"ImageObject","inLanguage":"ca","@id":"https:\/\/ayto.mutxamel.org\/ca\/eventos\/gymkana-del-terror-halloween-2025\/#primaryimage","url":"https:\/\/ayto.mutxamel.org\/wp-content\/uploads\/2023\/11\/Halloween-2025-VAL.jpg","contentUrl":"https:\/\/ayto.mutxamel.org\/wp-content\/uploads\/2023\/11\/Halloween-2025-VAL.jpg","width":1080,"height":1080},{"@type":"BreadcrumbList","@id":"https:\/\/ayto.mutxamel.org\/ca\/eventos\/gymkana-del-terror-halloween-2025\/#breadcrumb","itemListElement":[{"@type":"ListItem","position":1,"name":"Portada","item":"https:\/\/ayto.mutxamel.org\/ca\/"},{"@type":"ListItem","position":2,"name":"Events","item":"https:\/\/ayto.mutxamel.org\/ca\/eventos\/"},{"@type":"ListItem","position":3,"name":"Gymkana del terror. Halloween 2025"}]},{"@type":"WebSite","@id":"https:\/\/ayto.mutxamel.org\/ca\/#website","url":"https:\/\/ayto.mutxamel.org\/ca\/","name":"Ayuntamiento de Mutxamel","description":"","potentialAction":[{"@type":"SearchAction","target":{"@type":"EntryPoint","urlTemplate":"https:\/\/ayto.mutxamel.org\/ca\/?s={search_term_string}"},"query-input":{"@type":"PropertyValueSpecification","valueRequired":true,"valueName":"search_term_string"}}],"inLanguage":"ca"}]}},"_links":{"self":[{"href":"https:\/\/ayto.mutxamel.org\/ca\/wp-json\/wp\/v2\/mec-events\/63152","targetHints":{"allow":["GET"]}}],"collection":[{"href":"https:\/\/ayto.mutxamel.org\/ca\/wp-json\/wp\/v2\/mec-events"}],"about":[{"href":"https:\/\/ayto.mutxamel.org\/ca\/wp-json\/wp\/v2\/types\/mec-events"}],"author":[{"embeddable":true,"href":"https:\/\/ayto.mutxamel.org\/ca\/wp-json\/wp\/v2\/users\/5"}],"replies":[{"embeddable":true,"href":"https:\/\/ayto.mutxamel.org\/ca\/wp-json\/wp\/v2\/comments?post=63152"}],"wp:featuredmedia":[{"embeddable":true,"href":"https:\/\/ayto.mutxamel.org\/ca\/wp-json\/wp\/v2\/media\/63134"}],"wp:attachment":[{"href":"https:\/\/ayto.mutxamel.org\/ca\/wp-json\/wp\/v2\/media?parent=63152"}],"wp:term":[{"taxonomy":"post_tag","embeddable":true,"href":"https:\/\/ayto.mutxamel.org\/ca\/wp-json\/wp\/v2\/tags?post=63152"},{"taxonomy":"mec_category","embeddable":true,"href":"https:\/\/ayto.mutxamel.org\/ca\/wp-json\/wp\/v2\/mec_category?post=63152"}],"curies":[{"name":"wp","href":"https:\/\/api.w.org\/{rel}","templated":true}]}}

<div>
<p>Ja tenim ací un dels esdeveniments més esperats de l&#8217;any. El dijous 30 d&#8217;octubre arriba Halloween a l&#8217;Agència de Lectura Infantil-Juvenil amb una gimcana del terror en la qual hauràs d&#8217;usar la teua imaginació per a superar totes les proves i aconseguir escapar dels monstres que viuen a la Biblioteca&#8230;t&#8217;atrevixes a entrar?</p>
<p>Per a esta activitat s&#8217;establixen dos horaris segons l&#8217;edat dels participants:</p>
<p>6 &#8211; 8 anys: 17:30.<br />
9 &#8211; 12 anys: 18:15.</p>
<p>Si vols participar mana un correu a biblioteca@mutxamel.org amb el nom del xiquet o xiqueta que participarà i la seua edat.</p>
</div>

<p>Ja tenim ací un dels esdeveniments més esperats de l&#8217;any. El dijous 30 d&#8217;octubre arriba Halloween a l&#8217;Agència de Lectura Infantil-Juvenil amb una gimcana del terror en la qual hauràs d&#8217;usar la teua imaginació per a superar totes les proves i aconseguir escapar dels monstres que viuen a la Biblioteca&#8230;t&#8217;atrevixes a entrar? Per a esta&#8230;</p>

<!-- This site is optimized with the Yoast SEO plugin v27.3 - https://yoast.com/product/yoast-seo-wordpress/ -->
<title>Gymkana del terror. Halloween 2025 - Ayuntamiento de Mutxamel</title>
<meta name="robots" content="index, follow, max-snippet:-1, max-image-preview:large, max-video-preview:-1" />
<link rel="canonical" href="https://ayto.mutxamel.org/ca/eventos/gymkana-del-terror-halloween-2025/" />
<meta property="og:locale" content="ca_ES" />
<meta property="og:type" content="article" />
<meta property="og:title" content="Gymkana del terror. Halloween 2025 - Ayuntamiento de Mutxamel" />
<meta property="og:description" content="Ja tenim ací un dels esdeveniments més esperats de l&#8217;any. El dijous 30 d&#8217;octubre arriba Halloween a l&#8217;Agència de Lectura Infantil-Juvenil amb una gimcana del terror en la qual hauràs d&#8217;usar la teua imaginació per a superar totes les proves i aconseguir escapar dels monstres que viuen a la Biblioteca&#8230;t&#8217;atrevixes a entrar? Per a esta..." />
<meta property="og:url" content="https://ayto.mutxamel.org/ca/eventos/gymkana-del-terror-halloween-2025/" />
<meta property="og:site_name" content="Ayuntamiento de Mutxamel" />
<meta property="article:modified_time" content="2025-10-29T12:37:04+00:00" />
<meta property="og:image" content="https://ayto.mutxamel.org/wp-content/uploads/2023/11/Halloween-2025-VAL.jpg" />
	<meta property="og:image:width" content="1080" />
	<meta property="og:image:height" content="1080" />
	<meta property="og:image:type" content="image/jpeg" />
<meta name="twitter:card" content="summary_large_image" />
<meta name="twitter:label1" content="Temps estimat de lectura" />
	<meta name="twitter:data1" content="1 minut" />
<script type="application/ld+json" class="yoast-schema-graph">{"@context":"https:\/\/schema.org","@graph":[{"@type":"WebPage","@id":"https:\/\/ayto.mutxamel.org\/ca\/eventos\/gymkana-del-terror-halloween-2025\/","url":"https:\/\/ayto.mutxamel.org\/ca\/eventos\/gymkana-del-terror-halloween-2025\/","name":"Gymkana del terror. Halloween 2025 - Ayuntamiento de Mutxamel","isPartOf":{"@id":"https:\/\/ayto.mutxamel.org\/ca\/#website"},"primaryImageOfPage":{"@id":"https:\/\/ayto.mutxamel.org\/ca\/eventos\/gymkana-del-terror-halloween-2025\/#primaryimage"},"image":{"@id":"https:\/\/ayto.mutxamel.org\/ca\/eventos\/gymkana-del-terror-halloween-2025\/#primaryimage"},"thumbnailUrl":"https:\/\/ayto.mutxamel.org\/wp-content\/uploads\/2023\/11\/Halloween-2025-VAL.jpg","datePublished":"2025-10-28T22:13:18+00:00","dateModified":"2025-10-29T12:37:04+00:00","breadcrumb":{"@id":"https:\/\/ayto.mutxamel.org\/ca\/eventos\/gymkana-del-terror-halloween-2025\/#breadcrumb"},"inLanguage":"ca","potentialAction":[{"@type":"ReadAction","target":["https:\/\/ayto.mutxamel.org\/ca\/eventos\/gymkana-del-terror-halloween-2025\/"]}]},{"@type":"ImageObject","inLanguage":"ca","@id":"https:\/\/ayto.mutxamel.org\/ca\/eventos\/gymkana-del-terror-halloween-2025\/#primaryimage","url":"https:\/\/ayto.mutxamel.org\/wp-content\/uploads\/2023\/11\/Halloween-2025-VAL.jpg","contentUrl":"https:\/\/ayto.mutxamel.org\/wp-content\/uploads\/2023\/11\/Halloween-2025-VAL.jpg","width":1080,"height":1080},{"@type":"BreadcrumbList","@id":"https:\/\/ayto.mutxamel.org\/ca\/eventos\/gymkana-del-terror-halloween-2025\/#breadcrumb","itemListElement":[{"@type":"ListItem","position":1,"name":"Portada","item":"https:\/\/ayto.mutxamel.org\/ca\/"},{"@type":"ListItem","position":2,"name":"Events","item":"https:\/\/ayto.mutxamel.org\/ca\/eventos\/"},{"@type":"ListItem","position":3,"name":"Gymkana del terror. Halloween 2025"}]},{"@type":"WebSite","@id":"https:\/\/ayto.mutxamel.org\/ca\/#website","url":"https:\/\/ayto.mutxamel.org\/ca\/","name":"Ayuntamiento de Mutxamel","description":"","potentialAction":[{"@type":"SearchAction","target":{"@type":"EntryPoint","urlTemplate":"https:\/\/ayto.mutxamel.org\/ca\/?s={search_term_string}"},"query-input":{"@type":"PropertyValueSpecification","valueRequired":true,"valueName":"search_term_string"}}],"inLanguage":"ca"}]}</script>
<!-- / Yoast SEO plugin. -->

Ja tenim ací un dels esdeveniments més esperats de l&#8217;any. El dijous 30 d&#8217;octubre arriba Halloween a l&#8217;Agència de Lectura Infantil-Juvenil amb una gimcana del terror en la qual hauràs d&#8217;usar la teua imaginació per a superar totes les proves i aconseguir escapar dels monstres que viuen a la Biblioteca&#8230;t&#8217;atrevixes a entrar? Per a esta...
