{"id":60738,"date":"2025-07-23T07:54:49","date_gmt":"2025-07-23T05:54:49","guid":{"rendered":"https:\/\/ayto.mutxamel.org\/eventos\/vivencias-a-escena-taller-de-teatre-municipal-de-majors-i-cor-maria-zambrano\/"},"modified":"2025-07-23T07:54:49","modified_gmt":"2025-07-23T05:54:49","slug":"vivencias-a-escena-taller-de-teatre-municipal-de-majors-i-cor-maria-zambrano","status":"publish","type":"mec-events","link":"https:\/\/ayto.mutxamel.org\/ca\/eventos\/vivencias-a-escena-taller-de-teatre-municipal-de-majors-i-cor-maria-zambrano\/","title":{"rendered":"Vivencias a escena \u2013 Taller de Teatre Municipal de Majors i Cor Mar\u00eda Zambrano"},"content":{"rendered":"<p><strong>Data:<\/strong> Dijous 31 de juliol<br \/>\n<strong>Hora:<\/strong> 19.00 h<br \/>\n<strong>Lloc:<\/strong> Auditori de la Casa de Cultura de Mutxamel<br \/>\n<strong>Entrada lliure fins a completar aforament<\/strong><\/p>\n<p>L&#8217;Ajuntament de Mutxamel presenta <em>Vivencias a escena<\/em>, una emotiva representaci\u00f3 a c\u00e0rrec del Taller de Teatre Municipal de Majors i el Cor Mar\u00eda Zambrano de Mutxamel.<\/p>\n<p>Una proposta cultural que posa en valor l&#8217;experi\u00e8ncia, la creativitat i l&#8217;expressi\u00f3 art\u00edstica dels nostres majors, combinant teatre i m\u00fasica en una vesprada inoblidable.<\/p>\n<p>Activitat oberta al p\u00fablic. T&#8217;esperem.<\/p>\n","protected":false},"excerpt":{"rendered":"<p>Data: Dijous 31 de juliol Hora: 19.00 h Lloc: Auditori de la Casa de Cultura de Mutxamel Entrada lliure fins a completar aforament L&#8217;Ajuntament de Mutxamel presenta Vivencias a escena, una emotiva representaci\u00f3 a c\u00e0rrec del Taller de Teatre Municipal de Majors i el Cor Mar\u00eda Zambrano de Mutxamel. Una proposta cultural que posa en&#8230;<\/p>\n","protected":false},"author":11,"featured_media":60737,"comment_status":"closed","ping_status":"closed","template":"","tags":[],"mec_category":[40,30],"class_list":["post-60738","mec-events","type-mec-events","status-publish","has-post-thumbnail","hentry","mec_category-culturav","mec_category-majors"],"acf":[],"yoast_head":"<!-- This site is optimized with the Yoast SEO plugin v27.3 - https:\/\/yoast.com\/product\/yoast-seo-wordpress\/ -->\n<title>Vivencias a escena \u2013 Taller de Teatre Municipal de Majors i Cor Mar\u00eda Zambrano - Ayuntamiento de Mutxamel<\/title>\n<meta name=\"robots\" content=\"index, follow, max-snippet:-1, max-image-preview:large, max-video-preview:-1\" \/>\n<link rel=\"canonical\" href=\"https:\/\/ayto.mutxamel.org\/ca\/eventos\/vivencias-a-escena-taller-de-teatre-municipal-de-majors-i-cor-maria-zambrano\/\" \/>\n<meta property=\"og:locale\" content=\"ca_ES\" \/>\n<meta property=\"og:type\" content=\"article\" \/>\n<meta property=\"og:title\" content=\"Vivencias a escena \u2013 Taller de Teatre Municipal de Majors i Cor Mar\u00eda Zambrano - Ayuntamiento de Mutxamel\" \/>\n<meta property=\"og:description\" content=\"Data: Dijous 31 de juliol Hora: 19.00 h Lloc: Auditori de la Casa de Cultura de Mutxamel Entrada lliure fins a completar aforament L&#8217;Ajuntament de Mutxamel presenta Vivencias a escena, una emotiva representaci\u00f3 a c\u00e0rrec del Taller de Teatre Municipal de Majors i el Cor Mar\u00eda Zambrano de Mutxamel. Una proposta cultural que posa en...\" \/>\n<meta property=\"og:url\" content=\"https:\/\/ayto.mutxamel.org\/ca\/eventos\/vivencias-a-escena-taller-de-teatre-municipal-de-majors-i-cor-maria-zambrano\/\" \/>\n<meta property=\"og:site_name\" content=\"Ayuntamiento de Mutxamel\" \/>\n<meta name=\"twitter:card\" content=\"summary_large_image\" \/>\n<script type=\"application\/ld+json\" class=\"yoast-schema-graph\">{\"@context\":\"https:\\\/\\\/schema.org\",\"@graph\":[{\"@type\":\"WebPage\",\"@id\":\"https:\\\/\\\/ayto.mutxamel.org\\\/ca\\\/eventos\\\/vivencias-a-escena-taller-de-teatre-municipal-de-majors-i-cor-maria-zambrano\\\/\",\"url\":\"https:\\\/\\\/ayto.mutxamel.org\\\/ca\\\/eventos\\\/vivencias-a-escena-taller-de-teatre-municipal-de-majors-i-cor-maria-zambrano\\\/\",\"name\":\"Vivencias a escena \u2013 Taller de Teatre Municipal de Majors i Cor Mar\u00eda Zambrano - Ayuntamiento de Mutxamel\",\"isPartOf\":{\"@id\":\"https:\\\/\\\/ayto.mutxamel.org\\\/ca\\\/#website\"},\"primaryImageOfPage\":{\"@id\":\"https:\\\/\\\/ayto.mutxamel.org\\\/ca\\\/eventos\\\/vivencias-a-escena-taller-de-teatre-municipal-de-majors-i-cor-maria-zambrano\\\/#primaryimage\"},\"image\":{\"@id\":\"https:\\\/\\\/ayto.mutxamel.org\\\/ca\\\/eventos\\\/vivencias-a-escena-taller-de-teatre-municipal-de-majors-i-cor-maria-zambrano\\\/#primaryimage\"},\"thumbnailUrl\":\"https:\\\/\\\/ayto.mutxamel.org\\\/wp-content\\\/uploads\\\/2025\\\/07\\\/VIVENCIAS-A-ESCENA-CARTEL-web-scaled.jpg\",\"datePublished\":\"2025-07-23T05:54:49+00:00\",\"breadcrumb\":{\"@id\":\"https:\\\/\\\/ayto.mutxamel.org\\\/ca\\\/eventos\\\/vivencias-a-escena-taller-de-teatre-municipal-de-majors-i-cor-maria-zambrano\\\/#breadcrumb\"},\"inLanguage\":\"ca\",\"potentialAction\":[{\"@type\":\"ReadAction\",\"target\":[\"https:\\\/\\\/ayto.mutxamel.org\\\/ca\\\/eventos\\\/vivencias-a-escena-taller-de-teatre-municipal-de-majors-i-cor-maria-zambrano\\\/\"]}]},{\"@type\":\"ImageObject\",\"inLanguage\":\"ca\",\"@id\":\"https:\\\/\\\/ayto.mutxamel.org\\\/ca\\\/eventos\\\/vivencias-a-escena-taller-de-teatre-municipal-de-majors-i-cor-maria-zambrano\\\/#primaryimage\",\"url\":\"https:\\\/\\\/ayto.mutxamel.org\\\/wp-content\\\/uploads\\\/2025\\\/07\\\/VIVENCIAS-A-ESCENA-CARTEL-web-scaled.jpg\",\"contentUrl\":\"https:\\\/\\\/ayto.mutxamel.org\\\/wp-content\\\/uploads\\\/2025\\\/07\\\/VIVENCIAS-A-ESCENA-CARTEL-web-scaled.jpg\",\"width\":1363,\"height\":1920},{\"@type\":\"BreadcrumbList\",\"@id\":\"https:\\\/\\\/ayto.mutxamel.org\\\/ca\\\/eventos\\\/vivencias-a-escena-taller-de-teatre-municipal-de-majors-i-cor-maria-zambrano\\\/#breadcrumb\",\"itemListElement\":[{\"@type\":\"ListItem\",\"position\":1,\"name\":\"Portada\",\"item\":\"https:\\\/\\\/ayto.mutxamel.org\\\/ca\\\/\"},{\"@type\":\"ListItem\",\"position\":2,\"name\":\"Events\",\"item\":\"https:\\\/\\\/ayto.mutxamel.org\\\/ca\\\/eventos\\\/\"},{\"@type\":\"ListItem\",\"position\":3,\"name\":\"Vivencias a escena \u2013 Taller de Teatre Municipal de Majors i Cor Mar\u00eda Zambrano\"}]},{\"@type\":\"WebSite\",\"@id\":\"https:\\\/\\\/ayto.mutxamel.org\\\/ca\\\/#website\",\"url\":\"https:\\\/\\\/ayto.mutxamel.org\\\/ca\\\/\",\"name\":\"Ayuntamiento de Mutxamel\",\"description\":\"\",\"potentialAction\":[{\"@type\":\"SearchAction\",\"target\":{\"@type\":\"EntryPoint\",\"urlTemplate\":\"https:\\\/\\\/ayto.mutxamel.org\\\/ca\\\/?s={search_term_string}\"},\"query-input\":{\"@type\":\"PropertyValueSpecification\",\"valueRequired\":true,\"valueName\":\"search_term_string\"}}],\"inLanguage\":\"ca\"}]}<\/script>\n<!-- \/ Yoast SEO plugin. -->","yoast_head_json":{"title":"Vivencias a escena \u2013 Taller de Teatre Municipal de Majors i Cor Mar\u00eda Zambrano - Ayuntamiento de Mutxamel","robots":{"index":"index","follow":"follow","max-snippet":"max-snippet:-1","max-image-preview":"max-image-preview:large","max-video-preview":"max-video-preview:-1"},"canonical":"https:\/\/ayto.mutxamel.org\/ca\/eventos\/vivencias-a-escena-taller-de-teatre-municipal-de-majors-i-cor-maria-zambrano\/","og_locale":"ca_ES","og_type":"article","og_title":"Vivencias a escena \u2013 Taller de Teatre Municipal de Majors i Cor Mar\u00eda Zambrano - Ayuntamiento de Mutxamel","og_description":"Data: Dijous 31 de juliol Hora: 19.00 h Lloc: Auditori de la Casa de Cultura de Mutxamel Entrada lliure fins a completar aforament L&#8217;Ajuntament de Mutxamel presenta Vivencias a escena, una emotiva representaci\u00f3 a c\u00e0rrec del Taller de Teatre Municipal de Majors i el Cor Mar\u00eda Zambrano de Mutxamel. Una proposta cultural que posa en...","og_url":"https:\/\/ayto.mutxamel.org\/ca\/eventos\/vivencias-a-escena-taller-de-teatre-municipal-de-majors-i-cor-maria-zambrano\/","og_site_name":"Ayuntamiento de Mutxamel","twitter_card":"summary_large_image","schema":{"@context":"https:\/\/schema.org","@graph":[{"@type":"WebPage","@id":"https:\/\/ayto.mutxamel.org\/ca\/eventos\/vivencias-a-escena-taller-de-teatre-municipal-de-majors-i-cor-maria-zambrano\/","url":"https:\/\/ayto.mutxamel.org\/ca\/eventos\/vivencias-a-escena-taller-de-teatre-municipal-de-majors-i-cor-maria-zambrano\/","name":"Vivencias a escena \u2013 Taller de Teatre Municipal de Majors i Cor Mar\u00eda Zambrano - Ayuntamiento de Mutxamel","isPartOf":{"@id":"https:\/\/ayto.mutxamel.org\/ca\/#website"},"primaryImageOfPage":{"@id":"https:\/\/ayto.mutxamel.org\/ca\/eventos\/vivencias-a-escena-taller-de-teatre-municipal-de-majors-i-cor-maria-zambrano\/#primaryimage"},"image":{"@id":"https:\/\/ayto.mutxamel.org\/ca\/eventos\/vivencias-a-escena-taller-de-teatre-municipal-de-majors-i-cor-maria-zambrano\/#primaryimage"},"thumbnailUrl":"https:\/\/ayto.mutxamel.org\/wp-content\/uploads\/2025\/07\/VIVENCIAS-A-ESCENA-CARTEL-web-scaled.jpg","datePublished":"2025-07-23T05:54:49+00:00","breadcrumb":{"@id":"https:\/\/ayto.mutxamel.org\/ca\/eventos\/vivencias-a-escena-taller-de-teatre-municipal-de-majors-i-cor-maria-zambrano\/#breadcrumb"},"inLanguage":"ca","potentialAction":[{"@type":"ReadAction","target":["https:\/\/ayto.mutxamel.org\/ca\/eventos\/vivencias-a-escena-taller-de-teatre-municipal-de-majors-i-cor-maria-zambrano\/"]}]},{"@type":"ImageObject","inLanguage":"ca","@id":"https:\/\/ayto.mutxamel.org\/ca\/eventos\/vivencias-a-escena-taller-de-teatre-municipal-de-majors-i-cor-maria-zambrano\/#primaryimage","url":"https:\/\/ayto.mutxamel.org\/wp-content\/uploads\/2025\/07\/VIVENCIAS-A-ESCENA-CARTEL-web-scaled.jpg","contentUrl":"https:\/\/ayto.mutxamel.org\/wp-content\/uploads\/2025\/07\/VIVENCIAS-A-ESCENA-CARTEL-web-scaled.jpg","width":1363,"height":1920},{"@type":"BreadcrumbList","@id":"https:\/\/ayto.mutxamel.org\/ca\/eventos\/vivencias-a-escena-taller-de-teatre-municipal-de-majors-i-cor-maria-zambrano\/#breadcrumb","itemListElement":[{"@type":"ListItem","position":1,"name":"Portada","item":"https:\/\/ayto.mutxamel.org\/ca\/"},{"@type":"ListItem","position":2,"name":"Events","item":"https:\/\/ayto.mutxamel.org\/ca\/eventos\/"},{"@type":"ListItem","position":3,"name":"Vivencias a escena \u2013 Taller de Teatre Municipal de Majors i Cor Mar\u00eda Zambrano"}]},{"@type":"WebSite","@id":"https:\/\/ayto.mutxamel.org\/ca\/#website","url":"https:\/\/ayto.mutxamel.org\/ca\/","name":"Ayuntamiento de Mutxamel","description":"","potentialAction":[{"@type":"SearchAction","target":{"@type":"EntryPoint","urlTemplate":"https:\/\/ayto.mutxamel.org\/ca\/?s={search_term_string}"},"query-input":{"@type":"PropertyValueSpecification","valueRequired":true,"valueName":"search_term_string"}}],"inLanguage":"ca"}]}},"_links":{"self":[{"href":"https:\/\/ayto.mutxamel.org\/ca\/wp-json\/wp\/v2\/mec-events\/60738","targetHints":{"allow":["GET"]}}],"collection":[{"href":"https:\/\/ayto.mutxamel.org\/ca\/wp-json\/wp\/v2\/mec-events"}],"about":[{"href":"https:\/\/ayto.mutxamel.org\/ca\/wp-json\/wp\/v2\/types\/mec-events"}],"author":[{"embeddable":true,"href":"https:\/\/ayto.mutxamel.org\/ca\/wp-json\/wp\/v2\/users\/11"}],"replies":[{"embeddable":true,"href":"https:\/\/ayto.mutxamel.org\/ca\/wp-json\/wp\/v2\/comments?post=60738"}],"wp:featuredmedia":[{"embeddable":true,"href":"https:\/\/ayto.mutxamel.org\/ca\/wp-json\/wp\/v2\/media\/60737"}],"wp:attachment":[{"href":"https:\/\/ayto.mutxamel.org\/ca\/wp-json\/wp\/v2\/media?parent=60738"}],"wp:term":[{"taxonomy":"post_tag","embeddable":true,"href":"https:\/\/ayto.mutxamel.org\/ca\/wp-json\/wp\/v2\/tags?post=60738"},{"taxonomy":"mec_category","embeddable":true,"href":"https:\/\/ayto.mutxamel.org\/ca\/wp-json\/wp\/v2\/mec_category?post=60738"}],"curies":[{"name":"wp","href":"https:\/\/api.w.org\/{rel}","templated":true}]}}

Vivencias a escena – Taller de Teatre Municipal de Majors i Cor María Zambrano

<p><strong>Data:</strong> Dijous 31 de juliol<br />
<strong>Hora:</strong> 19.00 h<br />
<strong>Lloc:</strong> Auditori de la Casa de Cultura de Mutxamel<br />
<strong>Entrada lliure fins a completar aforament</strong></p>
<p>L&#8217;Ajuntament de Mutxamel presenta <em>Vivencias a escena</em>, una emotiva representació a càrrec del Taller de Teatre Municipal de Majors i el Cor María Zambrano de Mutxamel.</p>
<p>Una proposta cultural que posa en valor l&#8217;experiència, la creativitat i l&#8217;expressió artística dels nostres majors, combinant teatre i música en una vesprada inoblidable.</p>
<p>Activitat oberta al públic. T&#8217;esperem.</p>

<p>Data: Dijous 31 de juliol Hora: 19.00 h Lloc: Auditori de la Casa de Cultura de Mutxamel Entrada lliure fins a completar aforament L&#8217;Ajuntament de Mutxamel presenta Vivencias a escena, una emotiva representació a càrrec del Taller de Teatre Municipal de Majors i el Cor María Zambrano de Mutxamel. Una proposta cultural que posa en&#8230;</p>

<!-- This site is optimized with the Yoast SEO plugin v27.3 - https://yoast.com/product/yoast-seo-wordpress/ -->
<title>Vivencias a escena – Taller de Teatre Municipal de Majors i Cor María Zambrano - Ayuntamiento de Mutxamel</title>
<meta name="robots" content="index, follow, max-snippet:-1, max-image-preview:large, max-video-preview:-1" />
<link rel="canonical" href="https://ayto.mutxamel.org/ca/eventos/vivencias-a-escena-taller-de-teatre-municipal-de-majors-i-cor-maria-zambrano/" />
<meta property="og:locale" content="ca_ES" />
<meta property="og:type" content="article" />
<meta property="og:title" content="Vivencias a escena – Taller de Teatre Municipal de Majors i Cor María Zambrano - Ayuntamiento de Mutxamel" />
<meta property="og:description" content="Data: Dijous 31 de juliol Hora: 19.00 h Lloc: Auditori de la Casa de Cultura de Mutxamel Entrada lliure fins a completar aforament L&#8217;Ajuntament de Mutxamel presenta Vivencias a escena, una emotiva representació a càrrec del Taller de Teatre Municipal de Majors i el Cor María Zambrano de Mutxamel. Una proposta cultural que posa en..." />
<meta property="og:url" content="https://ayto.mutxamel.org/ca/eventos/vivencias-a-escena-taller-de-teatre-municipal-de-majors-i-cor-maria-zambrano/" />
<meta property="og:site_name" content="Ayuntamiento de Mutxamel" />
<meta name="twitter:card" content="summary_large_image" />
<script type="application/ld+json" class="yoast-schema-graph">{"@context":"https:\/\/schema.org","@graph":[{"@type":"WebPage","@id":"https:\/\/ayto.mutxamel.org\/ca\/eventos\/vivencias-a-escena-taller-de-teatre-municipal-de-majors-i-cor-maria-zambrano\/","url":"https:\/\/ayto.mutxamel.org\/ca\/eventos\/vivencias-a-escena-taller-de-teatre-municipal-de-majors-i-cor-maria-zambrano\/","name":"Vivencias a escena – Taller de Teatre Municipal de Majors i Cor María Zambrano - Ayuntamiento de Mutxamel","isPartOf":{"@id":"https:\/\/ayto.mutxamel.org\/ca\/#website"},"primaryImageOfPage":{"@id":"https:\/\/ayto.mutxamel.org\/ca\/eventos\/vivencias-a-escena-taller-de-teatre-municipal-de-majors-i-cor-maria-zambrano\/#primaryimage"},"image":{"@id":"https:\/\/ayto.mutxamel.org\/ca\/eventos\/vivencias-a-escena-taller-de-teatre-municipal-de-majors-i-cor-maria-zambrano\/#primaryimage"},"thumbnailUrl":"https:\/\/ayto.mutxamel.org\/wp-content\/uploads\/2025\/07\/VIVENCIAS-A-ESCENA-CARTEL-web-scaled.jpg","datePublished":"2025-07-23T05:54:49+00:00","breadcrumb":{"@id":"https:\/\/ayto.mutxamel.org\/ca\/eventos\/vivencias-a-escena-taller-de-teatre-municipal-de-majors-i-cor-maria-zambrano\/#breadcrumb"},"inLanguage":"ca","potentialAction":[{"@type":"ReadAction","target":["https:\/\/ayto.mutxamel.org\/ca\/eventos\/vivencias-a-escena-taller-de-teatre-municipal-de-majors-i-cor-maria-zambrano\/"]}]},{"@type":"ImageObject","inLanguage":"ca","@id":"https:\/\/ayto.mutxamel.org\/ca\/eventos\/vivencias-a-escena-taller-de-teatre-municipal-de-majors-i-cor-maria-zambrano\/#primaryimage","url":"https:\/\/ayto.mutxamel.org\/wp-content\/uploads\/2025\/07\/VIVENCIAS-A-ESCENA-CARTEL-web-scaled.jpg","contentUrl":"https:\/\/ayto.mutxamel.org\/wp-content\/uploads\/2025\/07\/VIVENCIAS-A-ESCENA-CARTEL-web-scaled.jpg","width":1363,"height":1920},{"@type":"BreadcrumbList","@id":"https:\/\/ayto.mutxamel.org\/ca\/eventos\/vivencias-a-escena-taller-de-teatre-municipal-de-majors-i-cor-maria-zambrano\/#breadcrumb","itemListElement":[{"@type":"ListItem","position":1,"name":"Portada","item":"https:\/\/ayto.mutxamel.org\/ca\/"},{"@type":"ListItem","position":2,"name":"Events","item":"https:\/\/ayto.mutxamel.org\/ca\/eventos\/"},{"@type":"ListItem","position":3,"name":"Vivencias a escena – Taller de Teatre Municipal de Majors i Cor María Zambrano"}]},{"@type":"WebSite","@id":"https:\/\/ayto.mutxamel.org\/ca\/#website","url":"https:\/\/ayto.mutxamel.org\/ca\/","name":"Ayuntamiento de Mutxamel","description":"","potentialAction":[{"@type":"SearchAction","target":{"@type":"EntryPoint","urlTemplate":"https:\/\/ayto.mutxamel.org\/ca\/?s={search_term_string}"},"query-input":{"@type":"PropertyValueSpecification","valueRequired":true,"valueName":"search_term_string"}}],"inLanguage":"ca"}]}</script>
<!-- / Yoast SEO plugin. -->

Vivencias a escena – Taller de Teatre Municipal de Majors i Cor María Zambrano - Ayuntamiento de Mutxamel

Data: Dijous 31 de juliol Hora: 19.00 h Lloc: Auditori de la Casa de Cultura de Mutxamel Entrada lliure fins a completar aforament L&#8217;Ajuntament de Mutxamel presenta Vivencias a escena, una emotiva representació a càrrec del Taller de Teatre Municipal de Majors i el Cor María Zambrano de Mutxamel. Una proposta cultural que posa en...
