{"id":60277,"date":"2025-07-14T08:24:31","date_gmt":"2025-07-14T06:24:31","guid":{"rendered":"https:\/\/ayto.mutxamel.org\/eventos\/festa-de-lestiu-de-majors\/"},"modified":"2025-07-14T08:52:14","modified_gmt":"2025-07-14T06:52:14","slug":"festa-de-lestiu-de-majors","status":"publish","type":"mec-events","link":"https:\/\/ayto.mutxamel.org\/ca\/eventos\/festa-de-lestiu-de-majors\/","title":{"rendered":"Festa de l&#8217;estiu de majors"},"content":{"rendered":"<p><strong>Dijous que ve 31 de juliol<\/strong>, els majors de la localitat de Mutxamel estan convidats a gaudir de la tradicional Festa d&#8217;estiu per a persones majors amb m\u00fasica en directe.<\/p>\n<p>L&#8217;esdeveniment comen\u00e7ar\u00e0 a les<strong> 21.00 hores al Parc El Canyar dels Portelles<\/strong>, un lloc id\u00edl\u00b7lic i perfecte per a gaudir d&#8217;una nit de m\u00fasica en directe a l&#8217;aire lliure. E<\/p>\n<p>Aix\u00ed que no et perdes esta oportunitat de gaudir d&#8217;una nit de diversi\u00f3 i alegria en companyia d&#8217;amics i ve\u00efns. T&#8217;esperem el dijous 31 de juliol a les 21:00h al Parc El Canyar dels Portelles per a celebrar junts la Festa d&#8217;estiu de les persones majors amb m\u00fasica en directe!<\/p>\n","protected":false},"excerpt":{"rendered":"<p>Dijous que ve 31 de juliol, els majors de la localitat de Mutxamel estan convidats a gaudir de la tradicional Festa d&#8217;estiu per a persones majors amb m\u00fasica en directe. L&#8217;esdeveniment comen\u00e7ar\u00e0 a les 21.00 hores al Parc El Canyar dels Portelles, un lloc id\u00edl\u00b7lic i perfecte per a gaudir d&#8217;una nit de m\u00fasica en&#8230;<\/p>\n","protected":false},"author":11,"featured_media":60278,"comment_status":"closed","ping_status":"closed","template":"","tags":[],"mec_category":[30],"class_list":["post-60277","mec-events","type-mec-events","status-publish","has-post-thumbnail","hentry","mec_category-majors"],"acf":[],"yoast_head":"<!-- This site is optimized with the Yoast SEO plugin v27.3 - https:\/\/yoast.com\/product\/yoast-seo-wordpress\/ -->\n<title>Festa de l&#039;estiu de majors - Ayuntamiento de Mutxamel<\/title>\n<meta name=\"robots\" content=\"index, follow, max-snippet:-1, max-image-preview:large, max-video-preview:-1\" \/>\n<link rel=\"canonical\" href=\"https:\/\/ayto.mutxamel.org\/ca\/eventos\/festa-de-lestiu-de-majors\/\" \/>\n<meta property=\"og:locale\" content=\"ca_ES\" \/>\n<meta property=\"og:type\" content=\"article\" \/>\n<meta property=\"og:title\" content=\"Festa de l&#039;estiu de majors - Ayuntamiento de Mutxamel\" \/>\n<meta property=\"og:description\" content=\"Dijous que ve 31 de juliol, els majors de la localitat de Mutxamel estan convidats a gaudir de la tradicional Festa d&#8217;estiu per a persones majors amb m\u00fasica en directe. L&#8217;esdeveniment comen\u00e7ar\u00e0 a les 21.00 hores al Parc El Canyar dels Portelles, un lloc id\u00edl\u00b7lic i perfecte per a gaudir d&#8217;una nit de m\u00fasica en...\" \/>\n<meta property=\"og:url\" content=\"https:\/\/ayto.mutxamel.org\/ca\/eventos\/festa-de-lestiu-de-majors\/\" \/>\n<meta property=\"og:site_name\" content=\"Ayuntamiento de Mutxamel\" \/>\n<meta property=\"article:modified_time\" content=\"2025-07-14T06:52:14+00:00\" \/>\n<meta property=\"og:image\" content=\"https:\/\/ayto.mutxamel.org\/wp-content\/uploads\/2025\/07\/fiestaveranomayoresval-scaled.jpg\" \/>\n\t<meta property=\"og:image:width\" content=\"1357\" \/>\n\t<meta property=\"og:image:height\" content=\"1920\" \/>\n\t<meta property=\"og:image:type\" content=\"image\/jpeg\" \/>\n<meta name=\"twitter:card\" content=\"summary_large_image\" \/>\n<meta name=\"twitter:label1\" content=\"Temps estimat de lectura\" \/>\n\t<meta name=\"twitter:data1\" content=\"1 minut\" \/>\n<script type=\"application\/ld+json\" class=\"yoast-schema-graph\">{\"@context\":\"https:\\\/\\\/schema.org\",\"@graph\":[{\"@type\":\"WebPage\",\"@id\":\"https:\\\/\\\/ayto.mutxamel.org\\\/ca\\\/eventos\\\/festa-de-lestiu-de-majors\\\/\",\"url\":\"https:\\\/\\\/ayto.mutxamel.org\\\/ca\\\/eventos\\\/festa-de-lestiu-de-majors\\\/\",\"name\":\"Festa de l'estiu de majors - Ayuntamiento de Mutxamel\",\"isPartOf\":{\"@id\":\"https:\\\/\\\/ayto.mutxamel.org\\\/ca\\\/#website\"},\"primaryImageOfPage\":{\"@id\":\"https:\\\/\\\/ayto.mutxamel.org\\\/ca\\\/eventos\\\/festa-de-lestiu-de-majors\\\/#primaryimage\"},\"image\":{\"@id\":\"https:\\\/\\\/ayto.mutxamel.org\\\/ca\\\/eventos\\\/festa-de-lestiu-de-majors\\\/#primaryimage\"},\"thumbnailUrl\":\"https:\\\/\\\/ayto.mutxamel.org\\\/wp-content\\\/uploads\\\/2025\\\/07\\\/fiestaveranomayoresval-scaled.jpg\",\"datePublished\":\"2025-07-14T06:24:31+00:00\",\"dateModified\":\"2025-07-14T06:52:14+00:00\",\"breadcrumb\":{\"@id\":\"https:\\\/\\\/ayto.mutxamel.org\\\/ca\\\/eventos\\\/festa-de-lestiu-de-majors\\\/#breadcrumb\"},\"inLanguage\":\"ca\",\"potentialAction\":[{\"@type\":\"ReadAction\",\"target\":[\"https:\\\/\\\/ayto.mutxamel.org\\\/ca\\\/eventos\\\/festa-de-lestiu-de-majors\\\/\"]}]},{\"@type\":\"ImageObject\",\"inLanguage\":\"ca\",\"@id\":\"https:\\\/\\\/ayto.mutxamel.org\\\/ca\\\/eventos\\\/festa-de-lestiu-de-majors\\\/#primaryimage\",\"url\":\"https:\\\/\\\/ayto.mutxamel.org\\\/wp-content\\\/uploads\\\/2025\\\/07\\\/fiestaveranomayoresval-scaled.jpg\",\"contentUrl\":\"https:\\\/\\\/ayto.mutxamel.org\\\/wp-content\\\/uploads\\\/2025\\\/07\\\/fiestaveranomayoresval-scaled.jpg\",\"width\":1357,\"height\":1920},{\"@type\":\"BreadcrumbList\",\"@id\":\"https:\\\/\\\/ayto.mutxamel.org\\\/ca\\\/eventos\\\/festa-de-lestiu-de-majors\\\/#breadcrumb\",\"itemListElement\":[{\"@type\":\"ListItem\",\"position\":1,\"name\":\"Portada\",\"item\":\"https:\\\/\\\/ayto.mutxamel.org\\\/ca\\\/\"},{\"@type\":\"ListItem\",\"position\":2,\"name\":\"Events\",\"item\":\"https:\\\/\\\/ayto.mutxamel.org\\\/ca\\\/eventos\\\/\"},{\"@type\":\"ListItem\",\"position\":3,\"name\":\"Festa de l&#8217;estiu de majors\"}]},{\"@type\":\"WebSite\",\"@id\":\"https:\\\/\\\/ayto.mutxamel.org\\\/ca\\\/#website\",\"url\":\"https:\\\/\\\/ayto.mutxamel.org\\\/ca\\\/\",\"name\":\"Ayuntamiento de Mutxamel\",\"description\":\"\",\"potentialAction\":[{\"@type\":\"SearchAction\",\"target\":{\"@type\":\"EntryPoint\",\"urlTemplate\":\"https:\\\/\\\/ayto.mutxamel.org\\\/ca\\\/?s={search_term_string}\"},\"query-input\":{\"@type\":\"PropertyValueSpecification\",\"valueRequired\":true,\"valueName\":\"search_term_string\"}}],\"inLanguage\":\"ca\"}]}<\/script>\n<!-- \/ Yoast SEO plugin. -->","yoast_head_json":{"title":"Festa de l'estiu de majors - Ayuntamiento de Mutxamel","robots":{"index":"index","follow":"follow","max-snippet":"max-snippet:-1","max-image-preview":"max-image-preview:large","max-video-preview":"max-video-preview:-1"},"canonical":"https:\/\/ayto.mutxamel.org\/ca\/eventos\/festa-de-lestiu-de-majors\/","og_locale":"ca_ES","og_type":"article","og_title":"Festa de l'estiu de majors - Ayuntamiento de Mutxamel","og_description":"Dijous que ve 31 de juliol, els majors de la localitat de Mutxamel estan convidats a gaudir de la tradicional Festa d&#8217;estiu per a persones majors amb m\u00fasica en directe. L&#8217;esdeveniment comen\u00e7ar\u00e0 a les 21.00 hores al Parc El Canyar dels Portelles, un lloc id\u00edl\u00b7lic i perfecte per a gaudir d&#8217;una nit de m\u00fasica en...","og_url":"https:\/\/ayto.mutxamel.org\/ca\/eventos\/festa-de-lestiu-de-majors\/","og_site_name":"Ayuntamiento de Mutxamel","article_modified_time":"2025-07-14T06:52:14+00:00","og_image":[{"width":1357,"height":1920,"url":"https:\/\/ayto.mutxamel.org\/wp-content\/uploads\/2025\/07\/fiestaveranomayoresval-scaled.jpg","type":"image\/jpeg"}],"twitter_card":"summary_large_image","twitter_misc":{"Temps estimat de lectura":"1 minut"},"schema":{"@context":"https:\/\/schema.org","@graph":[{"@type":"WebPage","@id":"https:\/\/ayto.mutxamel.org\/ca\/eventos\/festa-de-lestiu-de-majors\/","url":"https:\/\/ayto.mutxamel.org\/ca\/eventos\/festa-de-lestiu-de-majors\/","name":"Festa de l'estiu de majors - Ayuntamiento de Mutxamel","isPartOf":{"@id":"https:\/\/ayto.mutxamel.org\/ca\/#website"},"primaryImageOfPage":{"@id":"https:\/\/ayto.mutxamel.org\/ca\/eventos\/festa-de-lestiu-de-majors\/#primaryimage"},"image":{"@id":"https:\/\/ayto.mutxamel.org\/ca\/eventos\/festa-de-lestiu-de-majors\/#primaryimage"},"thumbnailUrl":"https:\/\/ayto.mutxamel.org\/wp-content\/uploads\/2025\/07\/fiestaveranomayoresval-scaled.jpg","datePublished":"2025-07-14T06:24:31+00:00","dateModified":"2025-07-14T06:52:14+00:00","breadcrumb":{"@id":"https:\/\/ayto.mutxamel.org\/ca\/eventos\/festa-de-lestiu-de-majors\/#breadcrumb"},"inLanguage":"ca","potentialAction":[{"@type":"ReadAction","target":["https:\/\/ayto.mutxamel.org\/ca\/eventos\/festa-de-lestiu-de-majors\/"]}]},{"@type":"ImageObject","inLanguage":"ca","@id":"https:\/\/ayto.mutxamel.org\/ca\/eventos\/festa-de-lestiu-de-majors\/#primaryimage","url":"https:\/\/ayto.mutxamel.org\/wp-content\/uploads\/2025\/07\/fiestaveranomayoresval-scaled.jpg","contentUrl":"https:\/\/ayto.mutxamel.org\/wp-content\/uploads\/2025\/07\/fiestaveranomayoresval-scaled.jpg","width":1357,"height":1920},{"@type":"BreadcrumbList","@id":"https:\/\/ayto.mutxamel.org\/ca\/eventos\/festa-de-lestiu-de-majors\/#breadcrumb","itemListElement":[{"@type":"ListItem","position":1,"name":"Portada","item":"https:\/\/ayto.mutxamel.org\/ca\/"},{"@type":"ListItem","position":2,"name":"Events","item":"https:\/\/ayto.mutxamel.org\/ca\/eventos\/"},{"@type":"ListItem","position":3,"name":"Festa de l&#8217;estiu de majors"}]},{"@type":"WebSite","@id":"https:\/\/ayto.mutxamel.org\/ca\/#website","url":"https:\/\/ayto.mutxamel.org\/ca\/","name":"Ayuntamiento de Mutxamel","description":"","potentialAction":[{"@type":"SearchAction","target":{"@type":"EntryPoint","urlTemplate":"https:\/\/ayto.mutxamel.org\/ca\/?s={search_term_string}"},"query-input":{"@type":"PropertyValueSpecification","valueRequired":true,"valueName":"search_term_string"}}],"inLanguage":"ca"}]}},"_links":{"self":[{"href":"https:\/\/ayto.mutxamel.org\/ca\/wp-json\/wp\/v2\/mec-events\/60277","targetHints":{"allow":["GET"]}}],"collection":[{"href":"https:\/\/ayto.mutxamel.org\/ca\/wp-json\/wp\/v2\/mec-events"}],"about":[{"href":"https:\/\/ayto.mutxamel.org\/ca\/wp-json\/wp\/v2\/types\/mec-events"}],"author":[{"embeddable":true,"href":"https:\/\/ayto.mutxamel.org\/ca\/wp-json\/wp\/v2\/users\/11"}],"replies":[{"embeddable":true,"href":"https:\/\/ayto.mutxamel.org\/ca\/wp-json\/wp\/v2\/comments?post=60277"}],"wp:featuredmedia":[{"embeddable":true,"href":"https:\/\/ayto.mutxamel.org\/ca\/wp-json\/wp\/v2\/media\/60278"}],"wp:attachment":[{"href":"https:\/\/ayto.mutxamel.org\/ca\/wp-json\/wp\/v2\/media?parent=60277"}],"wp:term":[{"taxonomy":"post_tag","embeddable":true,"href":"https:\/\/ayto.mutxamel.org\/ca\/wp-json\/wp\/v2\/tags?post=60277"},{"taxonomy":"mec_category","embeddable":true,"href":"https:\/\/ayto.mutxamel.org\/ca\/wp-json\/wp\/v2\/mec_category?post=60277"}],"curies":[{"name":"wp","href":"https:\/\/api.w.org\/{rel}","templated":true}]}}

<p><strong>Dijous que ve 31 de juliol</strong>, els majors de la localitat de Mutxamel estan convidats a gaudir de la tradicional Festa d&#8217;estiu per a persones majors amb música en directe.</p>
<p>L&#8217;esdeveniment començarà a les<strong> 21.00 hores al Parc El Canyar dels Portelles</strong>, un lloc idíl·lic i perfecte per a gaudir d&#8217;una nit de música en directe a l&#8217;aire lliure. E</p>
<p>Així que no et perdes esta oportunitat de gaudir d&#8217;una nit de diversió i alegria en companyia d&#8217;amics i veïns. T&#8217;esperem el dijous 31 de juliol a les 21:00h al Parc El Canyar dels Portelles per a celebrar junts la Festa d&#8217;estiu de les persones majors amb música en directe!</p>

<p>Dijous que ve 31 de juliol, els majors de la localitat de Mutxamel estan convidats a gaudir de la tradicional Festa d&#8217;estiu per a persones majors amb música en directe. L&#8217;esdeveniment començarà a les 21.00 hores al Parc El Canyar dels Portelles, un lloc idíl·lic i perfecte per a gaudir d&#8217;una nit de música en&#8230;</p>

<!-- This site is optimized with the Yoast SEO plugin v27.3 - https://yoast.com/product/yoast-seo-wordpress/ -->
<title>Festa de l&#039;estiu de majors - Ayuntamiento de Mutxamel</title>
<meta name="robots" content="index, follow, max-snippet:-1, max-image-preview:large, max-video-preview:-1" />
<link rel="canonical" href="https://ayto.mutxamel.org/ca/eventos/festa-de-lestiu-de-majors/" />
<meta property="og:locale" content="ca_ES" />
<meta property="og:type" content="article" />
<meta property="og:title" content="Festa de l&#039;estiu de majors - Ayuntamiento de Mutxamel" />
<meta property="og:description" content="Dijous que ve 31 de juliol, els majors de la localitat de Mutxamel estan convidats a gaudir de la tradicional Festa d&#8217;estiu per a persones majors amb música en directe. L&#8217;esdeveniment començarà a les 21.00 hores al Parc El Canyar dels Portelles, un lloc idíl·lic i perfecte per a gaudir d&#8217;una nit de música en..." />
<meta property="og:url" content="https://ayto.mutxamel.org/ca/eventos/festa-de-lestiu-de-majors/" />
<meta property="og:site_name" content="Ayuntamiento de Mutxamel" />
<meta property="article:modified_time" content="2025-07-14T06:52:14+00:00" />
<meta property="og:image" content="https://ayto.mutxamel.org/wp-content/uploads/2025/07/fiestaveranomayoresval-scaled.jpg" />
	<meta property="og:image:width" content="1357" />
	<meta property="og:image:height" content="1920" />
	<meta property="og:image:type" content="image/jpeg" />
<meta name="twitter:card" content="summary_large_image" />
<meta name="twitter:label1" content="Temps estimat de lectura" />
	<meta name="twitter:data1" content="1 minut" />
<script type="application/ld+json" class="yoast-schema-graph">{"@context":"https:\/\/schema.org","@graph":[{"@type":"WebPage","@id":"https:\/\/ayto.mutxamel.org\/ca\/eventos\/festa-de-lestiu-de-majors\/","url":"https:\/\/ayto.mutxamel.org\/ca\/eventos\/festa-de-lestiu-de-majors\/","name":"Festa de l'estiu de majors - Ayuntamiento de Mutxamel","isPartOf":{"@id":"https:\/\/ayto.mutxamel.org\/ca\/#website"},"primaryImageOfPage":{"@id":"https:\/\/ayto.mutxamel.org\/ca\/eventos\/festa-de-lestiu-de-majors\/#primaryimage"},"image":{"@id":"https:\/\/ayto.mutxamel.org\/ca\/eventos\/festa-de-lestiu-de-majors\/#primaryimage"},"thumbnailUrl":"https:\/\/ayto.mutxamel.org\/wp-content\/uploads\/2025\/07\/fiestaveranomayoresval-scaled.jpg","datePublished":"2025-07-14T06:24:31+00:00","dateModified":"2025-07-14T06:52:14+00:00","breadcrumb":{"@id":"https:\/\/ayto.mutxamel.org\/ca\/eventos\/festa-de-lestiu-de-majors\/#breadcrumb"},"inLanguage":"ca","potentialAction":[{"@type":"ReadAction","target":["https:\/\/ayto.mutxamel.org\/ca\/eventos\/festa-de-lestiu-de-majors\/"]}]},{"@type":"ImageObject","inLanguage":"ca","@id":"https:\/\/ayto.mutxamel.org\/ca\/eventos\/festa-de-lestiu-de-majors\/#primaryimage","url":"https:\/\/ayto.mutxamel.org\/wp-content\/uploads\/2025\/07\/fiestaveranomayoresval-scaled.jpg","contentUrl":"https:\/\/ayto.mutxamel.org\/wp-content\/uploads\/2025\/07\/fiestaveranomayoresval-scaled.jpg","width":1357,"height":1920},{"@type":"BreadcrumbList","@id":"https:\/\/ayto.mutxamel.org\/ca\/eventos\/festa-de-lestiu-de-majors\/#breadcrumb","itemListElement":[{"@type":"ListItem","position":1,"name":"Portada","item":"https:\/\/ayto.mutxamel.org\/ca\/"},{"@type":"ListItem","position":2,"name":"Events","item":"https:\/\/ayto.mutxamel.org\/ca\/eventos\/"},{"@type":"ListItem","position":3,"name":"Festa de l&#8217;estiu de majors"}]},{"@type":"WebSite","@id":"https:\/\/ayto.mutxamel.org\/ca\/#website","url":"https:\/\/ayto.mutxamel.org\/ca\/","name":"Ayuntamiento de Mutxamel","description":"","potentialAction":[{"@type":"SearchAction","target":{"@type":"EntryPoint","urlTemplate":"https:\/\/ayto.mutxamel.org\/ca\/?s={search_term_string}"},"query-input":{"@type":"PropertyValueSpecification","valueRequired":true,"valueName":"search_term_string"}}],"inLanguage":"ca"}]}</script>
<!-- / Yoast SEO plugin. -->

Dijous que ve 31 de juliol, els majors de la localitat de Mutxamel estan convidats a gaudir de la tradicional Festa d&#8217;estiu per a persones majors amb música en directe. L&#8217;esdeveniment començarà a les 21.00 hores al Parc El Canyar dels Portelles, un lloc idíl·lic i perfecte per a gaudir d&#8217;una nit de música en...
