{"id":59618,"date":"2025-06-27T10:23:50","date_gmt":"2025-06-27T08:23:50","guid":{"rendered":"https:\/\/ayto.mutxamel.org\/eventos\/esport-en-les-places-activitat-de-manteniment-fisic-al-juliol\/"},"modified":"2025-06-27T10:26:15","modified_gmt":"2025-06-27T08:26:15","slug":"esport-en-les-places-activitat-de-manteniment-fisic-al-juliol","status":"publish","type":"mec-events","link":"https:\/\/ayto.mutxamel.org\/ca\/eventos\/esport-en-les-places-activitat-de-manteniment-fisic-al-juliol\/","title":{"rendered":"Esport en les places \u2013 Activitat de manteniment f\u00edsic al juliol"},"content":{"rendered":"<p>El programa <strong>&#8220;Esport en les places&#8221;<\/strong> continua durant el mes de <strong>juliol<\/strong> amb activitats dirigides a fomentar la salut i el benestar de la ciutadania en diferents espais p\u00fablics de Mutxamel.<\/p>\n<p>En esta ocasi\u00f3, la <strong>Pla\u00e7a Miguel Hern\u00e1ndez<\/strong> acollir\u00e0 sessions setmanals de <strong>manteniment f\u00edsic<\/strong>, una activitat pensada per a mantindre la forma, millorar la mobilitat i promoure un estil de vida actiu.<\/p>\n<p>\ud83c\udfc3\u200d\u2642\ufe0f <strong>Manteniment en la Pla\u00e7a Miguel Hern\u00e1ndez<\/strong><br \/>\n\ud83d\udcc5 <strong>D\u00eda:<\/strong> Dimarts<br \/>\n\ud83d\udd65 <strong>Hora:<\/strong> De 10.30 a 11.30 h<br \/>\n\ud83d\udccd <strong>Lloc:<\/strong> Pla\u00e7a Miguel Hern\u00e1ndez \u2013 Mutxamel<\/p>\n<p>Per a m\u00e9s informaci\u00f3 i inscripcions, pots acudir al <strong>Poliesportiu Municipal:<\/strong><br \/>\n\ud83d\udd58 <strong>Horari d&#8217;oficina:<\/strong> De 9.15 a 13.00 h i de 17.00 a 21.00 h<br \/>\n\ud83d\udcde <strong>Tel\u00e8fon:<\/strong> 965 95 23 28<\/p>\n<p>Suma&#8217;t a l&#8217;activitat f\u00edsica este estiu i millora el teu benestar!<\/p>\n","protected":false},"excerpt":{"rendered":"<p>El programa &#8220;Esport en les places&#8221; continua durant el mes de juliol amb activitats dirigides a fomentar la salut i el benestar de la ciutadania en diferents espais p\u00fablics de Mutxamel. En esta ocasi\u00f3, la Pla\u00e7a Miguel Hern\u00e1ndez acollir\u00e0 sessions setmanals de manteniment f\u00edsic, una activitat pensada per a mantindre la forma, millorar la mobilitat&#8230;<\/p>\n","protected":false},"author":11,"featured_media":59609,"comment_status":"closed","ping_status":"closed","template":"","tags":[],"mec_category":[44],"class_list":["post-59618","mec-events","type-mec-events","status-publish","has-post-thumbnail","hentry","mec_category-deportes"],"acf":[],"yoast_head":"<!-- This site is optimized with the Yoast SEO plugin v27.3 - https:\/\/yoast.com\/product\/yoast-seo-wordpress\/ -->\n<title>Esport en les places \u2013 Activitat de manteniment f\u00edsic al juliol - Ayuntamiento de Mutxamel<\/title>\n<meta name=\"robots\" content=\"index, follow, max-snippet:-1, max-image-preview:large, max-video-preview:-1\" \/>\n<link rel=\"canonical\" href=\"https:\/\/ayto.mutxamel.org\/ca\/eventos\/esport-en-les-places-activitat-de-manteniment-fisic-al-juliol\/\" \/>\n<meta property=\"og:locale\" content=\"ca_ES\" \/>\n<meta property=\"og:type\" content=\"article\" \/>\n<meta property=\"og:title\" content=\"Esport en les places \u2013 Activitat de manteniment f\u00edsic al juliol - Ayuntamiento de Mutxamel\" \/>\n<meta property=\"og:description\" content=\"El programa &#8220;Esport en les places&#8221; continua durant el mes de juliol amb activitats dirigides a fomentar la salut i el benestar de la ciutadania en diferents espais p\u00fablics de Mutxamel. En esta ocasi\u00f3, la Pla\u00e7a Miguel Hern\u00e1ndez acollir\u00e0 sessions setmanals de manteniment f\u00edsic, una activitat pensada per a mantindre la forma, millorar la mobilitat...\" \/>\n<meta property=\"og:url\" content=\"https:\/\/ayto.mutxamel.org\/ca\/eventos\/esport-en-les-places-activitat-de-manteniment-fisic-al-juliol\/\" \/>\n<meta property=\"og:site_name\" content=\"Ayuntamiento de Mutxamel\" \/>\n<meta property=\"article:modified_time\" content=\"2025-06-27T08:26:15+00:00\" \/>\n<meta property=\"og:image\" content=\"https:\/\/ayto.mutxamel.org\/wp-content\/uploads\/2025\/06\/Val-deporte-social-4-001-scaled.jpg\" \/>\n\t<meta property=\"og:image:width\" content=\"1357\" \/>\n\t<meta property=\"og:image:height\" content=\"1920\" \/>\n\t<meta property=\"og:image:type\" content=\"image\/jpeg\" \/>\n<meta name=\"twitter:card\" content=\"summary_large_image\" \/>\n<meta name=\"twitter:label1\" content=\"Temps estimat de lectura\" \/>\n\t<meta name=\"twitter:data1\" content=\"1 minut\" \/>\n<script type=\"application\/ld+json\" class=\"yoast-schema-graph\">{\"@context\":\"https:\\\/\\\/schema.org\",\"@graph\":[{\"@type\":\"WebPage\",\"@id\":\"https:\\\/\\\/ayto.mutxamel.org\\\/ca\\\/eventos\\\/esport-en-les-places-activitat-de-manteniment-fisic-al-juliol\\\/\",\"url\":\"https:\\\/\\\/ayto.mutxamel.org\\\/ca\\\/eventos\\\/esport-en-les-places-activitat-de-manteniment-fisic-al-juliol\\\/\",\"name\":\"Esport en les places \u2013 Activitat de manteniment f\u00edsic al juliol - Ayuntamiento de Mutxamel\",\"isPartOf\":{\"@id\":\"https:\\\/\\\/ayto.mutxamel.org\\\/ca\\\/#website\"},\"primaryImageOfPage\":{\"@id\":\"https:\\\/\\\/ayto.mutxamel.org\\\/ca\\\/eventos\\\/esport-en-les-places-activitat-de-manteniment-fisic-al-juliol\\\/#primaryimage\"},\"image\":{\"@id\":\"https:\\\/\\\/ayto.mutxamel.org\\\/ca\\\/eventos\\\/esport-en-les-places-activitat-de-manteniment-fisic-al-juliol\\\/#primaryimage\"},\"thumbnailUrl\":\"https:\\\/\\\/ayto.mutxamel.org\\\/wp-content\\\/uploads\\\/2025\\\/06\\\/Val-deporte-social-4-001-scaled.jpg\",\"datePublished\":\"2025-06-27T08:23:50+00:00\",\"dateModified\":\"2025-06-27T08:26:15+00:00\",\"breadcrumb\":{\"@id\":\"https:\\\/\\\/ayto.mutxamel.org\\\/ca\\\/eventos\\\/esport-en-les-places-activitat-de-manteniment-fisic-al-juliol\\\/#breadcrumb\"},\"inLanguage\":\"ca\",\"potentialAction\":[{\"@type\":\"ReadAction\",\"target\":[\"https:\\\/\\\/ayto.mutxamel.org\\\/ca\\\/eventos\\\/esport-en-les-places-activitat-de-manteniment-fisic-al-juliol\\\/\"]}]},{\"@type\":\"ImageObject\",\"inLanguage\":\"ca\",\"@id\":\"https:\\\/\\\/ayto.mutxamel.org\\\/ca\\\/eventos\\\/esport-en-les-places-activitat-de-manteniment-fisic-al-juliol\\\/#primaryimage\",\"url\":\"https:\\\/\\\/ayto.mutxamel.org\\\/wp-content\\\/uploads\\\/2025\\\/06\\\/Val-deporte-social-4-001-scaled.jpg\",\"contentUrl\":\"https:\\\/\\\/ayto.mutxamel.org\\\/wp-content\\\/uploads\\\/2025\\\/06\\\/Val-deporte-social-4-001-scaled.jpg\",\"width\":1357,\"height\":1920},{\"@type\":\"BreadcrumbList\",\"@id\":\"https:\\\/\\\/ayto.mutxamel.org\\\/ca\\\/eventos\\\/esport-en-les-places-activitat-de-manteniment-fisic-al-juliol\\\/#breadcrumb\",\"itemListElement\":[{\"@type\":\"ListItem\",\"position\":1,\"name\":\"Portada\",\"item\":\"https:\\\/\\\/ayto.mutxamel.org\\\/ca\\\/\"},{\"@type\":\"ListItem\",\"position\":2,\"name\":\"Events\",\"item\":\"https:\\\/\\\/ayto.mutxamel.org\\\/ca\\\/eventos\\\/\"},{\"@type\":\"ListItem\",\"position\":3,\"name\":\"Esport en les places \u2013 Activitat de manteniment f\u00edsic al juliol\"}]},{\"@type\":\"WebSite\",\"@id\":\"https:\\\/\\\/ayto.mutxamel.org\\\/ca\\\/#website\",\"url\":\"https:\\\/\\\/ayto.mutxamel.org\\\/ca\\\/\",\"name\":\"Ayuntamiento de Mutxamel\",\"description\":\"\",\"potentialAction\":[{\"@type\":\"SearchAction\",\"target\":{\"@type\":\"EntryPoint\",\"urlTemplate\":\"https:\\\/\\\/ayto.mutxamel.org\\\/ca\\\/?s={search_term_string}\"},\"query-input\":{\"@type\":\"PropertyValueSpecification\",\"valueRequired\":true,\"valueName\":\"search_term_string\"}}],\"inLanguage\":\"ca\"}]}<\/script>\n<!-- \/ Yoast SEO plugin. -->","yoast_head_json":{"title":"Esport en les places \u2013 Activitat de manteniment f\u00edsic al juliol - Ayuntamiento de Mutxamel","robots":{"index":"index","follow":"follow","max-snippet":"max-snippet:-1","max-image-preview":"max-image-preview:large","max-video-preview":"max-video-preview:-1"},"canonical":"https:\/\/ayto.mutxamel.org\/ca\/eventos\/esport-en-les-places-activitat-de-manteniment-fisic-al-juliol\/","og_locale":"ca_ES","og_type":"article","og_title":"Esport en les places \u2013 Activitat de manteniment f\u00edsic al juliol - Ayuntamiento de Mutxamel","og_description":"El programa &#8220;Esport en les places&#8221; continua durant el mes de juliol amb activitats dirigides a fomentar la salut i el benestar de la ciutadania en diferents espais p\u00fablics de Mutxamel. En esta ocasi\u00f3, la Pla\u00e7a Miguel Hern\u00e1ndez acollir\u00e0 sessions setmanals de manteniment f\u00edsic, una activitat pensada per a mantindre la forma, millorar la mobilitat...","og_url":"https:\/\/ayto.mutxamel.org\/ca\/eventos\/esport-en-les-places-activitat-de-manteniment-fisic-al-juliol\/","og_site_name":"Ayuntamiento de Mutxamel","article_modified_time":"2025-06-27T08:26:15+00:00","og_image":[{"width":1357,"height":1920,"url":"https:\/\/ayto.mutxamel.org\/wp-content\/uploads\/2025\/06\/Val-deporte-social-4-001-scaled.jpg","type":"image\/jpeg"}],"twitter_card":"summary_large_image","twitter_misc":{"Temps estimat de lectura":"1 minut"},"schema":{"@context":"https:\/\/schema.org","@graph":[{"@type":"WebPage","@id":"https:\/\/ayto.mutxamel.org\/ca\/eventos\/esport-en-les-places-activitat-de-manteniment-fisic-al-juliol\/","url":"https:\/\/ayto.mutxamel.org\/ca\/eventos\/esport-en-les-places-activitat-de-manteniment-fisic-al-juliol\/","name":"Esport en les places \u2013 Activitat de manteniment f\u00edsic al juliol - Ayuntamiento de Mutxamel","isPartOf":{"@id":"https:\/\/ayto.mutxamel.org\/ca\/#website"},"primaryImageOfPage":{"@id":"https:\/\/ayto.mutxamel.org\/ca\/eventos\/esport-en-les-places-activitat-de-manteniment-fisic-al-juliol\/#primaryimage"},"image":{"@id":"https:\/\/ayto.mutxamel.org\/ca\/eventos\/esport-en-les-places-activitat-de-manteniment-fisic-al-juliol\/#primaryimage"},"thumbnailUrl":"https:\/\/ayto.mutxamel.org\/wp-content\/uploads\/2025\/06\/Val-deporte-social-4-001-scaled.jpg","datePublished":"2025-06-27T08:23:50+00:00","dateModified":"2025-06-27T08:26:15+00:00","breadcrumb":{"@id":"https:\/\/ayto.mutxamel.org\/ca\/eventos\/esport-en-les-places-activitat-de-manteniment-fisic-al-juliol\/#breadcrumb"},"inLanguage":"ca","potentialAction":[{"@type":"ReadAction","target":["https:\/\/ayto.mutxamel.org\/ca\/eventos\/esport-en-les-places-activitat-de-manteniment-fisic-al-juliol\/"]}]},{"@type":"ImageObject","inLanguage":"ca","@id":"https:\/\/ayto.mutxamel.org\/ca\/eventos\/esport-en-les-places-activitat-de-manteniment-fisic-al-juliol\/#primaryimage","url":"https:\/\/ayto.mutxamel.org\/wp-content\/uploads\/2025\/06\/Val-deporte-social-4-001-scaled.jpg","contentUrl":"https:\/\/ayto.mutxamel.org\/wp-content\/uploads\/2025\/06\/Val-deporte-social-4-001-scaled.jpg","width":1357,"height":1920},{"@type":"BreadcrumbList","@id":"https:\/\/ayto.mutxamel.org\/ca\/eventos\/esport-en-les-places-activitat-de-manteniment-fisic-al-juliol\/#breadcrumb","itemListElement":[{"@type":"ListItem","position":1,"name":"Portada","item":"https:\/\/ayto.mutxamel.org\/ca\/"},{"@type":"ListItem","position":2,"name":"Events","item":"https:\/\/ayto.mutxamel.org\/ca\/eventos\/"},{"@type":"ListItem","position":3,"name":"Esport en les places \u2013 Activitat de manteniment f\u00edsic al juliol"}]},{"@type":"WebSite","@id":"https:\/\/ayto.mutxamel.org\/ca\/#website","url":"https:\/\/ayto.mutxamel.org\/ca\/","name":"Ayuntamiento de Mutxamel","description":"","potentialAction":[{"@type":"SearchAction","target":{"@type":"EntryPoint","urlTemplate":"https:\/\/ayto.mutxamel.org\/ca\/?s={search_term_string}"},"query-input":{"@type":"PropertyValueSpecification","valueRequired":true,"valueName":"search_term_string"}}],"inLanguage":"ca"}]}},"_links":{"self":[{"href":"https:\/\/ayto.mutxamel.org\/ca\/wp-json\/wp\/v2\/mec-events\/59618","targetHints":{"allow":["GET"]}}],"collection":[{"href":"https:\/\/ayto.mutxamel.org\/ca\/wp-json\/wp\/v2\/mec-events"}],"about":[{"href":"https:\/\/ayto.mutxamel.org\/ca\/wp-json\/wp\/v2\/types\/mec-events"}],"author":[{"embeddable":true,"href":"https:\/\/ayto.mutxamel.org\/ca\/wp-json\/wp\/v2\/users\/11"}],"replies":[{"embeddable":true,"href":"https:\/\/ayto.mutxamel.org\/ca\/wp-json\/wp\/v2\/comments?post=59618"}],"wp:featuredmedia":[{"embeddable":true,"href":"https:\/\/ayto.mutxamel.org\/ca\/wp-json\/wp\/v2\/media\/59609"}],"wp:attachment":[{"href":"https:\/\/ayto.mutxamel.org\/ca\/wp-json\/wp\/v2\/media?parent=59618"}],"wp:term":[{"taxonomy":"post_tag","embeddable":true,"href":"https:\/\/ayto.mutxamel.org\/ca\/wp-json\/wp\/v2\/tags?post=59618"},{"taxonomy":"mec_category","embeddable":true,"href":"https:\/\/ayto.mutxamel.org\/ca\/wp-json\/wp\/v2\/mec_category?post=59618"}],"curies":[{"name":"wp","href":"https:\/\/api.w.org\/{rel}","templated":true}]}}

Esport en les places – Activitat de manteniment físic al juliol

<p>El programa <strong>&#8220;Esport en les places&#8221;</strong> continua durant el mes de <strong>juliol</strong> amb activitats dirigides a fomentar la salut i el benestar de la ciutadania en diferents espais públics de Mutxamel.</p>
<p>En esta ocasió, la <strong>Plaça Miguel Hernández</strong> acollirà sessions setmanals de <strong>manteniment físic</strong>, una activitat pensada per a mantindre la forma, millorar la mobilitat i promoure un estil de vida actiu.</p>
<p>🏃‍♂️ <strong>Manteniment en la Plaça Miguel Hernández</strong><br />
📅 <strong>Día:</strong> Dimarts<br />
🕥 <strong>Hora:</strong> De 10.30 a 11.30 h<br />
📍 <strong>Lloc:</strong> Plaça Miguel Hernández – Mutxamel</p>
<p>Per a més informació i inscripcions, pots acudir al <strong>Poliesportiu Municipal:</strong><br />
🕘 <strong>Horari d&#8217;oficina:</strong> De 9.15 a 13.00 h i de 17.00 a 21.00 h<br />
📞 <strong>Telèfon:</strong> 965 95 23 28</p>
<p>Suma&#8217;t a l&#8217;activitat física este estiu i millora el teu benestar!</p>

<p>El programa &#8220;Esport en les places&#8221; continua durant el mes de juliol amb activitats dirigides a fomentar la salut i el benestar de la ciutadania en diferents espais públics de Mutxamel. En esta ocasió, la Plaça Miguel Hernández acollirà sessions setmanals de manteniment físic, una activitat pensada per a mantindre la forma, millorar la mobilitat&#8230;</p>

<!-- This site is optimized with the Yoast SEO plugin v27.3 - https://yoast.com/product/yoast-seo-wordpress/ -->
<title>Esport en les places – Activitat de manteniment físic al juliol - Ayuntamiento de Mutxamel</title>
<meta name="robots" content="index, follow, max-snippet:-1, max-image-preview:large, max-video-preview:-1" />
<link rel="canonical" href="https://ayto.mutxamel.org/ca/eventos/esport-en-les-places-activitat-de-manteniment-fisic-al-juliol/" />
<meta property="og:locale" content="ca_ES" />
<meta property="og:type" content="article" />
<meta property="og:title" content="Esport en les places – Activitat de manteniment físic al juliol - Ayuntamiento de Mutxamel" />
<meta property="og:description" content="El programa &#8220;Esport en les places&#8221; continua durant el mes de juliol amb activitats dirigides a fomentar la salut i el benestar de la ciutadania en diferents espais públics de Mutxamel. En esta ocasió, la Plaça Miguel Hernández acollirà sessions setmanals de manteniment físic, una activitat pensada per a mantindre la forma, millorar la mobilitat..." />
<meta property="og:url" content="https://ayto.mutxamel.org/ca/eventos/esport-en-les-places-activitat-de-manteniment-fisic-al-juliol/" />
<meta property="og:site_name" content="Ayuntamiento de Mutxamel" />
<meta property="article:modified_time" content="2025-06-27T08:26:15+00:00" />
<meta property="og:image" content="https://ayto.mutxamel.org/wp-content/uploads/2025/06/Val-deporte-social-4-001-scaled.jpg" />
	<meta property="og:image:width" content="1357" />
	<meta property="og:image:height" content="1920" />
	<meta property="og:image:type" content="image/jpeg" />
<meta name="twitter:card" content="summary_large_image" />
<meta name="twitter:label1" content="Temps estimat de lectura" />
	<meta name="twitter:data1" content="1 minut" />
<script type="application/ld+json" class="yoast-schema-graph">{"@context":"https:\/\/schema.org","@graph":[{"@type":"WebPage","@id":"https:\/\/ayto.mutxamel.org\/ca\/eventos\/esport-en-les-places-activitat-de-manteniment-fisic-al-juliol\/","url":"https:\/\/ayto.mutxamel.org\/ca\/eventos\/esport-en-les-places-activitat-de-manteniment-fisic-al-juliol\/","name":"Esport en les places – Activitat de manteniment físic al juliol - Ayuntamiento de Mutxamel","isPartOf":{"@id":"https:\/\/ayto.mutxamel.org\/ca\/#website"},"primaryImageOfPage":{"@id":"https:\/\/ayto.mutxamel.org\/ca\/eventos\/esport-en-les-places-activitat-de-manteniment-fisic-al-juliol\/#primaryimage"},"image":{"@id":"https:\/\/ayto.mutxamel.org\/ca\/eventos\/esport-en-les-places-activitat-de-manteniment-fisic-al-juliol\/#primaryimage"},"thumbnailUrl":"https:\/\/ayto.mutxamel.org\/wp-content\/uploads\/2025\/06\/Val-deporte-social-4-001-scaled.jpg","datePublished":"2025-06-27T08:23:50+00:00","dateModified":"2025-06-27T08:26:15+00:00","breadcrumb":{"@id":"https:\/\/ayto.mutxamel.org\/ca\/eventos\/esport-en-les-places-activitat-de-manteniment-fisic-al-juliol\/#breadcrumb"},"inLanguage":"ca","potentialAction":[{"@type":"ReadAction","target":["https:\/\/ayto.mutxamel.org\/ca\/eventos\/esport-en-les-places-activitat-de-manteniment-fisic-al-juliol\/"]}]},{"@type":"ImageObject","inLanguage":"ca","@id":"https:\/\/ayto.mutxamel.org\/ca\/eventos\/esport-en-les-places-activitat-de-manteniment-fisic-al-juliol\/#primaryimage","url":"https:\/\/ayto.mutxamel.org\/wp-content\/uploads\/2025\/06\/Val-deporte-social-4-001-scaled.jpg","contentUrl":"https:\/\/ayto.mutxamel.org\/wp-content\/uploads\/2025\/06\/Val-deporte-social-4-001-scaled.jpg","width":1357,"height":1920},{"@type":"BreadcrumbList","@id":"https:\/\/ayto.mutxamel.org\/ca\/eventos\/esport-en-les-places-activitat-de-manteniment-fisic-al-juliol\/#breadcrumb","itemListElement":[{"@type":"ListItem","position":1,"name":"Portada","item":"https:\/\/ayto.mutxamel.org\/ca\/"},{"@type":"ListItem","position":2,"name":"Events","item":"https:\/\/ayto.mutxamel.org\/ca\/eventos\/"},{"@type":"ListItem","position":3,"name":"Esport en les places – Activitat de manteniment físic al juliol"}]},{"@type":"WebSite","@id":"https:\/\/ayto.mutxamel.org\/ca\/#website","url":"https:\/\/ayto.mutxamel.org\/ca\/","name":"Ayuntamiento de Mutxamel","description":"","potentialAction":[{"@type":"SearchAction","target":{"@type":"EntryPoint","urlTemplate":"https:\/\/ayto.mutxamel.org\/ca\/?s={search_term_string}"},"query-input":{"@type":"PropertyValueSpecification","valueRequired":true,"valueName":"search_term_string"}}],"inLanguage":"ca"}]}</script>
<!-- / Yoast SEO plugin. -->

Esport en les places – Activitat de manteniment físic al juliol - Ayuntamiento de Mutxamel

El programa &#8220;Esport en les places&#8221; continua durant el mes de juliol amb activitats dirigides a fomentar la salut i el benestar de la ciutadania en diferents espais públics de Mutxamel. En esta ocasió, la Plaça Miguel Hernández acollirà sessions setmanals de manteniment físic, una activitat pensada per a mantindre la forma, millorar la mobilitat...
