{"id":58493,"date":"2025-05-30T08:43:19","date_gmt":"2025-05-30T06:43:19","guid":{"rendered":"https:\/\/ayto.mutxamel.org\/eventos\/presentacio-del-llibre-relats-de-la-vida-quotidiana-i-altres-histories\/"},"modified":"2025-05-30T08:46:40","modified_gmt":"2025-05-30T06:46:40","slug":"presentacio-del-llibre-relats-de-la-vida-quotidiana-i-altres-histories","status":"publish","type":"mec-events","link":"https:\/\/ayto.mutxamel.org\/ca\/eventos\/presentacio-del-llibre-relats-de-la-vida-quotidiana-i-altres-histories\/","title":{"rendered":"Presentaci\u00f3 del llibre &#8220;Relats de la vida quotidiana i altres hist\u00f2ries&#8221;"},"content":{"rendered":"<p>El <strong>dijous 5 de juny<\/strong> tenim una cita molt especial a la Biblioteca.<\/p>\n<p>Comptarem amb la pres\u00e8ncia de l&#8217;autora Raquel Cuenca Gonz\u00e1lez, amb qui podrem xarrar sobre el seu \u00faltim llibre: &#8220;Relats de la vida quotidiana i altres hist\u00f2ries&#8221;<\/p>\n<ul>\n<li>La trobada ser\u00e0 a la Biblioteca d&#8217;adults.<\/li>\n<li>A les 18.30 h.<\/li>\n<\/ul>\n<p>Us esperem per a compartir una vesprada de literatura i conversa!<\/p>\n","protected":false},"excerpt":{"rendered":"<p>El dijous 5 de juny tenim una cita molt especial a la Biblioteca. Comptarem amb la pres\u00e8ncia de l&#8217;autora Raquel Cuenca Gonz\u00e1lez, amb qui podrem xarrar sobre el seu \u00faltim llibre: &#8220;Relats de la vida quotidiana i altres hist\u00f2ries&#8221; La trobada ser\u00e0 a la Biblioteca d&#8217;adults. A les 18.30 h. Us esperem per a compartir&#8230;<\/p>\n","protected":false},"author":11,"featured_media":58490,"comment_status":"closed","ping_status":"closed","template":"","tags":[],"mec_category":[28],"class_list":["post-58493","mec-events","type-mec-events","status-publish","has-post-thumbnail","hentry","mec_category-biblioteca-va"],"acf":[],"yoast_head":"<!-- This site is optimized with the Yoast SEO plugin v27.3 - https:\/\/yoast.com\/product\/yoast-seo-wordpress\/ -->\n<title>Presentaci\u00f3 del llibre &quot;Relats de la vida quotidiana i altres hist\u00f2ries&quot; - Ayuntamiento de Mutxamel<\/title>\n<meta name=\"robots\" content=\"index, follow, max-snippet:-1, max-image-preview:large, max-video-preview:-1\" \/>\n<link rel=\"canonical\" href=\"https:\/\/ayto.mutxamel.org\/ca\/eventos\/presentacio-del-llibre-relats-de-la-vida-quotidiana-i-altres-histories\/\" \/>\n<meta property=\"og:locale\" content=\"ca_ES\" \/>\n<meta property=\"og:type\" content=\"article\" \/>\n<meta property=\"og:title\" content=\"Presentaci\u00f3 del llibre &quot;Relats de la vida quotidiana i altres hist\u00f2ries&quot; - Ayuntamiento de Mutxamel\" \/>\n<meta property=\"og:description\" content=\"El dijous 5 de juny tenim una cita molt especial a la Biblioteca. Comptarem amb la pres\u00e8ncia de l&#8217;autora Raquel Cuenca Gonz\u00e1lez, amb qui podrem xarrar sobre el seu \u00faltim llibre: &#8220;Relats de la vida quotidiana i altres hist\u00f2ries&#8221; La trobada ser\u00e0 a la Biblioteca d&#8217;adults. A les 18.30 h. Us esperem per a compartir...\" \/>\n<meta property=\"og:url\" content=\"https:\/\/ayto.mutxamel.org\/ca\/eventos\/presentacio-del-llibre-relats-de-la-vida-quotidiana-i-altres-histories\/\" \/>\n<meta property=\"og:site_name\" content=\"Ayuntamiento de Mutxamel\" \/>\n<meta property=\"article:modified_time\" content=\"2025-05-30T06:46:40+00:00\" \/>\n<meta property=\"og:image\" content=\"https:\/\/ayto.mutxamel.org\/wp-content\/uploads\/2025\/05\/68394a39087736.87139214RAQUEL-CUENCA-cartel-Version-en-VAL.jpg\" \/>\n\t<meta property=\"og:image:width\" content=\"1080\" \/>\n\t<meta property=\"og:image:height\" content=\"1080\" \/>\n\t<meta property=\"og:image:type\" content=\"image\/jpeg\" \/>\n<meta name=\"twitter:card\" content=\"summary_large_image\" \/>\n<meta name=\"twitter:label1\" content=\"Temps estimat de lectura\" \/>\n\t<meta name=\"twitter:data1\" content=\"1 minut\" \/>\n<script type=\"application\/ld+json\" class=\"yoast-schema-graph\">{\"@context\":\"https:\\\/\\\/schema.org\",\"@graph\":[{\"@type\":\"WebPage\",\"@id\":\"https:\\\/\\\/ayto.mutxamel.org\\\/ca\\\/eventos\\\/presentacio-del-llibre-relats-de-la-vida-quotidiana-i-altres-histories\\\/\",\"url\":\"https:\\\/\\\/ayto.mutxamel.org\\\/ca\\\/eventos\\\/presentacio-del-llibre-relats-de-la-vida-quotidiana-i-altres-histories\\\/\",\"name\":\"Presentaci\u00f3 del llibre \\\"Relats de la vida quotidiana i altres hist\u00f2ries\\\" - Ayuntamiento de Mutxamel\",\"isPartOf\":{\"@id\":\"https:\\\/\\\/ayto.mutxamel.org\\\/ca\\\/#website\"},\"primaryImageOfPage\":{\"@id\":\"https:\\\/\\\/ayto.mutxamel.org\\\/ca\\\/eventos\\\/presentacio-del-llibre-relats-de-la-vida-quotidiana-i-altres-histories\\\/#primaryimage\"},\"image\":{\"@id\":\"https:\\\/\\\/ayto.mutxamel.org\\\/ca\\\/eventos\\\/presentacio-del-llibre-relats-de-la-vida-quotidiana-i-altres-histories\\\/#primaryimage\"},\"thumbnailUrl\":\"https:\\\/\\\/ayto.mutxamel.org\\\/wp-content\\\/uploads\\\/2025\\\/05\\\/68394a39087736.87139214RAQUEL-CUENCA-cartel-Version-en-VAL.jpg\",\"datePublished\":\"2025-05-30T06:43:19+00:00\",\"dateModified\":\"2025-05-30T06:46:40+00:00\",\"breadcrumb\":{\"@id\":\"https:\\\/\\\/ayto.mutxamel.org\\\/ca\\\/eventos\\\/presentacio-del-llibre-relats-de-la-vida-quotidiana-i-altres-histories\\\/#breadcrumb\"},\"inLanguage\":\"ca\",\"potentialAction\":[{\"@type\":\"ReadAction\",\"target\":[\"https:\\\/\\\/ayto.mutxamel.org\\\/ca\\\/eventos\\\/presentacio-del-llibre-relats-de-la-vida-quotidiana-i-altres-histories\\\/\"]}]},{\"@type\":\"ImageObject\",\"inLanguage\":\"ca\",\"@id\":\"https:\\\/\\\/ayto.mutxamel.org\\\/ca\\\/eventos\\\/presentacio-del-llibre-relats-de-la-vida-quotidiana-i-altres-histories\\\/#primaryimage\",\"url\":\"https:\\\/\\\/ayto.mutxamel.org\\\/wp-content\\\/uploads\\\/2025\\\/05\\\/68394a39087736.87139214RAQUEL-CUENCA-cartel-Version-en-VAL.jpg\",\"contentUrl\":\"https:\\\/\\\/ayto.mutxamel.org\\\/wp-content\\\/uploads\\\/2025\\\/05\\\/68394a39087736.87139214RAQUEL-CUENCA-cartel-Version-en-VAL.jpg\",\"width\":1080,\"height\":1080},{\"@type\":\"BreadcrumbList\",\"@id\":\"https:\\\/\\\/ayto.mutxamel.org\\\/ca\\\/eventos\\\/presentacio-del-llibre-relats-de-la-vida-quotidiana-i-altres-histories\\\/#breadcrumb\",\"itemListElement\":[{\"@type\":\"ListItem\",\"position\":1,\"name\":\"Portada\",\"item\":\"https:\\\/\\\/ayto.mutxamel.org\\\/ca\\\/\"},{\"@type\":\"ListItem\",\"position\":2,\"name\":\"Events\",\"item\":\"https:\\\/\\\/ayto.mutxamel.org\\\/ca\\\/eventos\\\/\"},{\"@type\":\"ListItem\",\"position\":3,\"name\":\"Presentaci\u00f3 del llibre \u00abRelats de la vida quotidiana i altres hist\u00f2ries\u00bb\"}]},{\"@type\":\"WebSite\",\"@id\":\"https:\\\/\\\/ayto.mutxamel.org\\\/ca\\\/#website\",\"url\":\"https:\\\/\\\/ayto.mutxamel.org\\\/ca\\\/\",\"name\":\"Ayuntamiento de Mutxamel\",\"description\":\"\",\"potentialAction\":[{\"@type\":\"SearchAction\",\"target\":{\"@type\":\"EntryPoint\",\"urlTemplate\":\"https:\\\/\\\/ayto.mutxamel.org\\\/ca\\\/?s={search_term_string}\"},\"query-input\":{\"@type\":\"PropertyValueSpecification\",\"valueRequired\":true,\"valueName\":\"search_term_string\"}}],\"inLanguage\":\"ca\"}]}<\/script>\n<!-- \/ Yoast SEO plugin. -->","yoast_head_json":{"title":"Presentaci\u00f3 del llibre \"Relats de la vida quotidiana i altres hist\u00f2ries\" - Ayuntamiento de Mutxamel","robots":{"index":"index","follow":"follow","max-snippet":"max-snippet:-1","max-image-preview":"max-image-preview:large","max-video-preview":"max-video-preview:-1"},"canonical":"https:\/\/ayto.mutxamel.org\/ca\/eventos\/presentacio-del-llibre-relats-de-la-vida-quotidiana-i-altres-histories\/","og_locale":"ca_ES","og_type":"article","og_title":"Presentaci\u00f3 del llibre \"Relats de la vida quotidiana i altres hist\u00f2ries\" - Ayuntamiento de Mutxamel","og_description":"El dijous 5 de juny tenim una cita molt especial a la Biblioteca. Comptarem amb la pres\u00e8ncia de l&#8217;autora Raquel Cuenca Gonz\u00e1lez, amb qui podrem xarrar sobre el seu \u00faltim llibre: &#8220;Relats de la vida quotidiana i altres hist\u00f2ries&#8221; La trobada ser\u00e0 a la Biblioteca d&#8217;adults. A les 18.30 h. Us esperem per a compartir...","og_url":"https:\/\/ayto.mutxamel.org\/ca\/eventos\/presentacio-del-llibre-relats-de-la-vida-quotidiana-i-altres-histories\/","og_site_name":"Ayuntamiento de Mutxamel","article_modified_time":"2025-05-30T06:46:40+00:00","og_image":[{"width":1080,"height":1080,"url":"https:\/\/ayto.mutxamel.org\/wp-content\/uploads\/2025\/05\/68394a39087736.87139214RAQUEL-CUENCA-cartel-Version-en-VAL.jpg","type":"image\/jpeg"}],"twitter_card":"summary_large_image","twitter_misc":{"Temps estimat de lectura":"1 minut"},"schema":{"@context":"https:\/\/schema.org","@graph":[{"@type":"WebPage","@id":"https:\/\/ayto.mutxamel.org\/ca\/eventos\/presentacio-del-llibre-relats-de-la-vida-quotidiana-i-altres-histories\/","url":"https:\/\/ayto.mutxamel.org\/ca\/eventos\/presentacio-del-llibre-relats-de-la-vida-quotidiana-i-altres-histories\/","name":"Presentaci\u00f3 del llibre \"Relats de la vida quotidiana i altres hist\u00f2ries\" - Ayuntamiento de Mutxamel","isPartOf":{"@id":"https:\/\/ayto.mutxamel.org\/ca\/#website"},"primaryImageOfPage":{"@id":"https:\/\/ayto.mutxamel.org\/ca\/eventos\/presentacio-del-llibre-relats-de-la-vida-quotidiana-i-altres-histories\/#primaryimage"},"image":{"@id":"https:\/\/ayto.mutxamel.org\/ca\/eventos\/presentacio-del-llibre-relats-de-la-vida-quotidiana-i-altres-histories\/#primaryimage"},"thumbnailUrl":"https:\/\/ayto.mutxamel.org\/wp-content\/uploads\/2025\/05\/68394a39087736.87139214RAQUEL-CUENCA-cartel-Version-en-VAL.jpg","datePublished":"2025-05-30T06:43:19+00:00","dateModified":"2025-05-30T06:46:40+00:00","breadcrumb":{"@id":"https:\/\/ayto.mutxamel.org\/ca\/eventos\/presentacio-del-llibre-relats-de-la-vida-quotidiana-i-altres-histories\/#breadcrumb"},"inLanguage":"ca","potentialAction":[{"@type":"ReadAction","target":["https:\/\/ayto.mutxamel.org\/ca\/eventos\/presentacio-del-llibre-relats-de-la-vida-quotidiana-i-altres-histories\/"]}]},{"@type":"ImageObject","inLanguage":"ca","@id":"https:\/\/ayto.mutxamel.org\/ca\/eventos\/presentacio-del-llibre-relats-de-la-vida-quotidiana-i-altres-histories\/#primaryimage","url":"https:\/\/ayto.mutxamel.org\/wp-content\/uploads\/2025\/05\/68394a39087736.87139214RAQUEL-CUENCA-cartel-Version-en-VAL.jpg","contentUrl":"https:\/\/ayto.mutxamel.org\/wp-content\/uploads\/2025\/05\/68394a39087736.87139214RAQUEL-CUENCA-cartel-Version-en-VAL.jpg","width":1080,"height":1080},{"@type":"BreadcrumbList","@id":"https:\/\/ayto.mutxamel.org\/ca\/eventos\/presentacio-del-llibre-relats-de-la-vida-quotidiana-i-altres-histories\/#breadcrumb","itemListElement":[{"@type":"ListItem","position":1,"name":"Portada","item":"https:\/\/ayto.mutxamel.org\/ca\/"},{"@type":"ListItem","position":2,"name":"Events","item":"https:\/\/ayto.mutxamel.org\/ca\/eventos\/"},{"@type":"ListItem","position":3,"name":"Presentaci\u00f3 del llibre \u00abRelats de la vida quotidiana i altres hist\u00f2ries\u00bb"}]},{"@type":"WebSite","@id":"https:\/\/ayto.mutxamel.org\/ca\/#website","url":"https:\/\/ayto.mutxamel.org\/ca\/","name":"Ayuntamiento de Mutxamel","description":"","potentialAction":[{"@type":"SearchAction","target":{"@type":"EntryPoint","urlTemplate":"https:\/\/ayto.mutxamel.org\/ca\/?s={search_term_string}"},"query-input":{"@type":"PropertyValueSpecification","valueRequired":true,"valueName":"search_term_string"}}],"inLanguage":"ca"}]}},"_links":{"self":[{"href":"https:\/\/ayto.mutxamel.org\/ca\/wp-json\/wp\/v2\/mec-events\/58493","targetHints":{"allow":["GET"]}}],"collection":[{"href":"https:\/\/ayto.mutxamel.org\/ca\/wp-json\/wp\/v2\/mec-events"}],"about":[{"href":"https:\/\/ayto.mutxamel.org\/ca\/wp-json\/wp\/v2\/types\/mec-events"}],"author":[{"embeddable":true,"href":"https:\/\/ayto.mutxamel.org\/ca\/wp-json\/wp\/v2\/users\/11"}],"replies":[{"embeddable":true,"href":"https:\/\/ayto.mutxamel.org\/ca\/wp-json\/wp\/v2\/comments?post=58493"}],"wp:featuredmedia":[{"embeddable":true,"href":"https:\/\/ayto.mutxamel.org\/ca\/wp-json\/wp\/v2\/media\/58490"}],"wp:attachment":[{"href":"https:\/\/ayto.mutxamel.org\/ca\/wp-json\/wp\/v2\/media?parent=58493"}],"wp:term":[{"taxonomy":"post_tag","embeddable":true,"href":"https:\/\/ayto.mutxamel.org\/ca\/wp-json\/wp\/v2\/tags?post=58493"},{"taxonomy":"mec_category","embeddable":true,"href":"https:\/\/ayto.mutxamel.org\/ca\/wp-json\/wp\/v2\/mec_category?post=58493"}],"curies":[{"name":"wp","href":"https:\/\/api.w.org\/{rel}","templated":true}]}}

Presentació del llibre &#8220;Relats de la vida quotidiana i altres històries&#8221;

<p>El <strong>dijous 5 de juny</strong> tenim una cita molt especial a la Biblioteca.</p>
<p>Comptarem amb la presència de l&#8217;autora Raquel Cuenca González, amb qui podrem xarrar sobre el seu últim llibre: &#8220;Relats de la vida quotidiana i altres històries&#8221;</p>
<ul>
<li>La trobada serà a la Biblioteca d&#8217;adults.</li>
<li>A les 18.30 h.</li>
</ul>
<p>Us esperem per a compartir una vesprada de literatura i conversa!</p>

<p>El dijous 5 de juny tenim una cita molt especial a la Biblioteca. Comptarem amb la presència de l&#8217;autora Raquel Cuenca González, amb qui podrem xarrar sobre el seu últim llibre: &#8220;Relats de la vida quotidiana i altres històries&#8221; La trobada serà a la Biblioteca d&#8217;adults. A les 18.30 h. Us esperem per a compartir&#8230;</p>

<!-- This site is optimized with the Yoast SEO plugin v27.3 - https://yoast.com/product/yoast-seo-wordpress/ -->
<title>Presentació del llibre &quot;Relats de la vida quotidiana i altres històries&quot; - Ayuntamiento de Mutxamel</title>
<meta name="robots" content="index, follow, max-snippet:-1, max-image-preview:large, max-video-preview:-1" />
<link rel="canonical" href="https://ayto.mutxamel.org/ca/eventos/presentacio-del-llibre-relats-de-la-vida-quotidiana-i-altres-histories/" />
<meta property="og:locale" content="ca_ES" />
<meta property="og:type" content="article" />
<meta property="og:title" content="Presentació del llibre &quot;Relats de la vida quotidiana i altres històries&quot; - Ayuntamiento de Mutxamel" />
<meta property="og:description" content="El dijous 5 de juny tenim una cita molt especial a la Biblioteca. Comptarem amb la presència de l&#8217;autora Raquel Cuenca González, amb qui podrem xarrar sobre el seu últim llibre: &#8220;Relats de la vida quotidiana i altres històries&#8221; La trobada serà a la Biblioteca d&#8217;adults. A les 18.30 h. Us esperem per a compartir..." />
<meta property="og:url" content="https://ayto.mutxamel.org/ca/eventos/presentacio-del-llibre-relats-de-la-vida-quotidiana-i-altres-histories/" />
<meta property="og:site_name" content="Ayuntamiento de Mutxamel" />
<meta property="article:modified_time" content="2025-05-30T06:46:40+00:00" />
<meta property="og:image" content="https://ayto.mutxamel.org/wp-content/uploads/2025/05/68394a39087736.87139214RAQUEL-CUENCA-cartel-Version-en-VAL.jpg" />
	<meta property="og:image:width" content="1080" />
	<meta property="og:image:height" content="1080" />
	<meta property="og:image:type" content="image/jpeg" />
<meta name="twitter:card" content="summary_large_image" />
<meta name="twitter:label1" content="Temps estimat de lectura" />
	<meta name="twitter:data1" content="1 minut" />
<script type="application/ld+json" class="yoast-schema-graph">{"@context":"https:\/\/schema.org","@graph":[{"@type":"WebPage","@id":"https:\/\/ayto.mutxamel.org\/ca\/eventos\/presentacio-del-llibre-relats-de-la-vida-quotidiana-i-altres-histories\/","url":"https:\/\/ayto.mutxamel.org\/ca\/eventos\/presentacio-del-llibre-relats-de-la-vida-quotidiana-i-altres-histories\/","name":"Presentació del llibre \"Relats de la vida quotidiana i altres històries\" - Ayuntamiento de Mutxamel","isPartOf":{"@id":"https:\/\/ayto.mutxamel.org\/ca\/#website"},"primaryImageOfPage":{"@id":"https:\/\/ayto.mutxamel.org\/ca\/eventos\/presentacio-del-llibre-relats-de-la-vida-quotidiana-i-altres-histories\/#primaryimage"},"image":{"@id":"https:\/\/ayto.mutxamel.org\/ca\/eventos\/presentacio-del-llibre-relats-de-la-vida-quotidiana-i-altres-histories\/#primaryimage"},"thumbnailUrl":"https:\/\/ayto.mutxamel.org\/wp-content\/uploads\/2025\/05\/68394a39087736.87139214RAQUEL-CUENCA-cartel-Version-en-VAL.jpg","datePublished":"2025-05-30T06:43:19+00:00","dateModified":"2025-05-30T06:46:40+00:00","breadcrumb":{"@id":"https:\/\/ayto.mutxamel.org\/ca\/eventos\/presentacio-del-llibre-relats-de-la-vida-quotidiana-i-altres-histories\/#breadcrumb"},"inLanguage":"ca","potentialAction":[{"@type":"ReadAction","target":["https:\/\/ayto.mutxamel.org\/ca\/eventos\/presentacio-del-llibre-relats-de-la-vida-quotidiana-i-altres-histories\/"]}]},{"@type":"ImageObject","inLanguage":"ca","@id":"https:\/\/ayto.mutxamel.org\/ca\/eventos\/presentacio-del-llibre-relats-de-la-vida-quotidiana-i-altres-histories\/#primaryimage","url":"https:\/\/ayto.mutxamel.org\/wp-content\/uploads\/2025\/05\/68394a39087736.87139214RAQUEL-CUENCA-cartel-Version-en-VAL.jpg","contentUrl":"https:\/\/ayto.mutxamel.org\/wp-content\/uploads\/2025\/05\/68394a39087736.87139214RAQUEL-CUENCA-cartel-Version-en-VAL.jpg","width":1080,"height":1080},{"@type":"BreadcrumbList","@id":"https:\/\/ayto.mutxamel.org\/ca\/eventos\/presentacio-del-llibre-relats-de-la-vida-quotidiana-i-altres-histories\/#breadcrumb","itemListElement":[{"@type":"ListItem","position":1,"name":"Portada","item":"https:\/\/ayto.mutxamel.org\/ca\/"},{"@type":"ListItem","position":2,"name":"Events","item":"https:\/\/ayto.mutxamel.org\/ca\/eventos\/"},{"@type":"ListItem","position":3,"name":"Presentació del llibre «Relats de la vida quotidiana i altres històries»"}]},{"@type":"WebSite","@id":"https:\/\/ayto.mutxamel.org\/ca\/#website","url":"https:\/\/ayto.mutxamel.org\/ca\/","name":"Ayuntamiento de Mutxamel","description":"","potentialAction":[{"@type":"SearchAction","target":{"@type":"EntryPoint","urlTemplate":"https:\/\/ayto.mutxamel.org\/ca\/?s={search_term_string}"},"query-input":{"@type":"PropertyValueSpecification","valueRequired":true,"valueName":"search_term_string"}}],"inLanguage":"ca"}]}</script>
<!-- / Yoast SEO plugin. -->

Presentació del llibre "Relats de la vida quotidiana i altres històries" - Ayuntamiento de Mutxamel

El dijous 5 de juny tenim una cita molt especial a la Biblioteca. Comptarem amb la presència de l&#8217;autora Raquel Cuenca González, amb qui podrem xarrar sobre el seu últim llibre: &#8220;Relats de la vida quotidiana i altres històries&#8221; La trobada serà a la Biblioteca d&#8217;adults. A les 18.30 h. Us esperem per a compartir...

Presentació del llibre «Relats de la vida quotidiana i altres històries»
