{"id":57812,"date":"2025-05-19T09:04:30","date_gmt":"2025-05-19T07:04:30","guid":{"rendered":"https:\/\/ayto.mutxamel.org\/eventos\/taller-dinformatica-i-us-de-mobil-2\/"},"modified":"2025-05-19T09:04:30","modified_gmt":"2025-05-19T07:04:30","slug":"taller-dinformatica-i-us-de-mobil-2","status":"publish","type":"mec-events","link":"https:\/\/ayto.mutxamel.org\/ca\/eventos\/taller-dinformatica-i-us-de-mobil-2\/","title":{"rendered":"Taller d&#8217;inform\u00e0tica i \u00fas de m\u00f2bil"},"content":{"rendered":"<p>No et perdes els nostres tallers en el casal de la tercera edat de Mutxamel!<\/p>\n<p><strong>Dilluns 2 i dimarts 3<\/strong> de juny <strong>a les 18:30h<\/strong>: \u00das b\u00e0sic del tel\u00e8fon m\u00f2bil<br \/>\n<strong>Dilluns 16<\/strong> de juny <strong>a les 18:30h<\/strong>: \u00das b\u00e0sic de l&#8217;ordenador<br \/>\n<strong>Dimarts 17<\/strong> de juny <strong>a les 18:30h<\/strong>: Qu\u00e8 \u00e9s la intel\u00b7lig\u00e8ncia artificial?<\/p>\n<p>Les places s\u00f3n limitades, aix\u00ed que reserva la teua hui mateix!<\/p>\n<p>Pots inscriure&#8217;t telefonant-nos al 722 842 113 o enviant-nos un email a mayores@mutxamel.org<\/p>\n<p>Anima&#8217;t a aprendre i a descobrir noves habilitats!<\/p>\n","protected":false},"excerpt":{"rendered":"<p>No et perdes els nostres tallers en el casal de la tercera edat de Mutxamel! Dilluns 2 i dimarts 3 de juny a les 18:30h: \u00das b\u00e0sic del tel\u00e8fon m\u00f2bil Dilluns 16 de juny a les 18:30h: \u00das b\u00e0sic de l&#8217;ordenador Dimarts 17 de juny a les 18:30h: Qu\u00e8 \u00e9s la intel\u00b7lig\u00e8ncia artificial? Les places&#8230;<\/p>\n","protected":false},"author":11,"featured_media":57805,"comment_status":"closed","ping_status":"closed","template":"","tags":[],"mec_category":[30],"class_list":["post-57812","mec-events","type-mec-events","status-publish","has-post-thumbnail","hentry","mec_category-majors"],"acf":[],"yoast_head":"<!-- This site is optimized with the Yoast SEO plugin v27.3 - https:\/\/yoast.com\/product\/yoast-seo-wordpress\/ -->\n<title>Taller d&#039;inform\u00e0tica i \u00fas de m\u00f2bil - Ayuntamiento de Mutxamel<\/title>\n<meta name=\"robots\" content=\"index, follow, max-snippet:-1, max-image-preview:large, max-video-preview:-1\" \/>\n<link rel=\"canonical\" href=\"https:\/\/ayto.mutxamel.org\/ca\/eventos\/taller-dinformatica-i-us-de-mobil-2\/\" \/>\n<meta property=\"og:locale\" content=\"ca_ES\" \/>\n<meta property=\"og:type\" content=\"article\" \/>\n<meta property=\"og:title\" content=\"Taller d&#039;inform\u00e0tica i \u00fas de m\u00f2bil - Ayuntamiento de Mutxamel\" \/>\n<meta property=\"og:description\" content=\"No et perdes els nostres tallers en el casal de la tercera edat de Mutxamel! Dilluns 2 i dimarts 3 de juny a les 18:30h: \u00das b\u00e0sic del tel\u00e8fon m\u00f2bil Dilluns 16 de juny a les 18:30h: \u00das b\u00e0sic de l&#8217;ordenador Dimarts 17 de juny a les 18:30h: Qu\u00e8 \u00e9s la intel\u00b7lig\u00e8ncia artificial? Les places...\" \/>\n<meta property=\"og:url\" content=\"https:\/\/ayto.mutxamel.org\/ca\/eventos\/taller-dinformatica-i-us-de-mobil-2\/\" \/>\n<meta property=\"og:site_name\" content=\"Ayuntamiento de Mutxamel\" \/>\n<meta name=\"twitter:card\" content=\"summary_large_image\" \/>\n<script type=\"application\/ld+json\" class=\"yoast-schema-graph\">{\"@context\":\"https:\\\/\\\/schema.org\",\"@graph\":[{\"@type\":\"WebPage\",\"@id\":\"https:\\\/\\\/ayto.mutxamel.org\\\/ca\\\/eventos\\\/taller-dinformatica-i-us-de-mobil-2\\\/\",\"url\":\"https:\\\/\\\/ayto.mutxamel.org\\\/ca\\\/eventos\\\/taller-dinformatica-i-us-de-mobil-2\\\/\",\"name\":\"Taller d'inform\u00e0tica i \u00fas de m\u00f2bil - Ayuntamiento de Mutxamel\",\"isPartOf\":{\"@id\":\"https:\\\/\\\/ayto.mutxamel.org\\\/ca\\\/#website\"},\"primaryImageOfPage\":{\"@id\":\"https:\\\/\\\/ayto.mutxamel.org\\\/ca\\\/eventos\\\/taller-dinformatica-i-us-de-mobil-2\\\/#primaryimage\"},\"image\":{\"@id\":\"https:\\\/\\\/ayto.mutxamel.org\\\/ca\\\/eventos\\\/taller-dinformatica-i-us-de-mobil-2\\\/#primaryimage\"},\"thumbnailUrl\":\"https:\\\/\\\/ayto.mutxamel.org\\\/wp-content\\\/uploads\\\/2025\\\/05\\\/1-1.jpg\",\"datePublished\":\"2025-05-19T07:04:30+00:00\",\"breadcrumb\":{\"@id\":\"https:\\\/\\\/ayto.mutxamel.org\\\/ca\\\/eventos\\\/taller-dinformatica-i-us-de-mobil-2\\\/#breadcrumb\"},\"inLanguage\":\"ca\",\"potentialAction\":[{\"@type\":\"ReadAction\",\"target\":[\"https:\\\/\\\/ayto.mutxamel.org\\\/ca\\\/eventos\\\/taller-dinformatica-i-us-de-mobil-2\\\/\"]}]},{\"@type\":\"ImageObject\",\"inLanguage\":\"ca\",\"@id\":\"https:\\\/\\\/ayto.mutxamel.org\\\/ca\\\/eventos\\\/taller-dinformatica-i-us-de-mobil-2\\\/#primaryimage\",\"url\":\"https:\\\/\\\/ayto.mutxamel.org\\\/wp-content\\\/uploads\\\/2025\\\/05\\\/1-1.jpg\",\"contentUrl\":\"https:\\\/\\\/ayto.mutxamel.org\\\/wp-content\\\/uploads\\\/2025\\\/05\\\/1-1.jpg\",\"width\":1080,\"height\":1350},{\"@type\":\"BreadcrumbList\",\"@id\":\"https:\\\/\\\/ayto.mutxamel.org\\\/ca\\\/eventos\\\/taller-dinformatica-i-us-de-mobil-2\\\/#breadcrumb\",\"itemListElement\":[{\"@type\":\"ListItem\",\"position\":1,\"name\":\"Portada\",\"item\":\"https:\\\/\\\/ayto.mutxamel.org\\\/ca\\\/\"},{\"@type\":\"ListItem\",\"position\":2,\"name\":\"Events\",\"item\":\"https:\\\/\\\/ayto.mutxamel.org\\\/ca\\\/eventos\\\/\"},{\"@type\":\"ListItem\",\"position\":3,\"name\":\"Taller d&#8217;inform\u00e0tica i \u00fas de m\u00f2bil\"}]},{\"@type\":\"WebSite\",\"@id\":\"https:\\\/\\\/ayto.mutxamel.org\\\/ca\\\/#website\",\"url\":\"https:\\\/\\\/ayto.mutxamel.org\\\/ca\\\/\",\"name\":\"Ayuntamiento de Mutxamel\",\"description\":\"\",\"potentialAction\":[{\"@type\":\"SearchAction\",\"target\":{\"@type\":\"EntryPoint\",\"urlTemplate\":\"https:\\\/\\\/ayto.mutxamel.org\\\/ca\\\/?s={search_term_string}\"},\"query-input\":{\"@type\":\"PropertyValueSpecification\",\"valueRequired\":true,\"valueName\":\"search_term_string\"}}],\"inLanguage\":\"ca\"}]}<\/script>\n<!-- \/ Yoast SEO plugin. -->","yoast_head_json":{"title":"Taller d'inform\u00e0tica i \u00fas de m\u00f2bil - Ayuntamiento de Mutxamel","robots":{"index":"index","follow":"follow","max-snippet":"max-snippet:-1","max-image-preview":"max-image-preview:large","max-video-preview":"max-video-preview:-1"},"canonical":"https:\/\/ayto.mutxamel.org\/ca\/eventos\/taller-dinformatica-i-us-de-mobil-2\/","og_locale":"ca_ES","og_type":"article","og_title":"Taller d'inform\u00e0tica i \u00fas de m\u00f2bil - Ayuntamiento de Mutxamel","og_description":"No et perdes els nostres tallers en el casal de la tercera edat de Mutxamel! Dilluns 2 i dimarts 3 de juny a les 18:30h: \u00das b\u00e0sic del tel\u00e8fon m\u00f2bil Dilluns 16 de juny a les 18:30h: \u00das b\u00e0sic de l&#8217;ordenador Dimarts 17 de juny a les 18:30h: Qu\u00e8 \u00e9s la intel\u00b7lig\u00e8ncia artificial? Les places...","og_url":"https:\/\/ayto.mutxamel.org\/ca\/eventos\/taller-dinformatica-i-us-de-mobil-2\/","og_site_name":"Ayuntamiento de Mutxamel","twitter_card":"summary_large_image","schema":{"@context":"https:\/\/schema.org","@graph":[{"@type":"WebPage","@id":"https:\/\/ayto.mutxamel.org\/ca\/eventos\/taller-dinformatica-i-us-de-mobil-2\/","url":"https:\/\/ayto.mutxamel.org\/ca\/eventos\/taller-dinformatica-i-us-de-mobil-2\/","name":"Taller d'inform\u00e0tica i \u00fas de m\u00f2bil - Ayuntamiento de Mutxamel","isPartOf":{"@id":"https:\/\/ayto.mutxamel.org\/ca\/#website"},"primaryImageOfPage":{"@id":"https:\/\/ayto.mutxamel.org\/ca\/eventos\/taller-dinformatica-i-us-de-mobil-2\/#primaryimage"},"image":{"@id":"https:\/\/ayto.mutxamel.org\/ca\/eventos\/taller-dinformatica-i-us-de-mobil-2\/#primaryimage"},"thumbnailUrl":"https:\/\/ayto.mutxamel.org\/wp-content\/uploads\/2025\/05\/1-1.jpg","datePublished":"2025-05-19T07:04:30+00:00","breadcrumb":{"@id":"https:\/\/ayto.mutxamel.org\/ca\/eventos\/taller-dinformatica-i-us-de-mobil-2\/#breadcrumb"},"inLanguage":"ca","potentialAction":[{"@type":"ReadAction","target":["https:\/\/ayto.mutxamel.org\/ca\/eventos\/taller-dinformatica-i-us-de-mobil-2\/"]}]},{"@type":"ImageObject","inLanguage":"ca","@id":"https:\/\/ayto.mutxamel.org\/ca\/eventos\/taller-dinformatica-i-us-de-mobil-2\/#primaryimage","url":"https:\/\/ayto.mutxamel.org\/wp-content\/uploads\/2025\/05\/1-1.jpg","contentUrl":"https:\/\/ayto.mutxamel.org\/wp-content\/uploads\/2025\/05\/1-1.jpg","width":1080,"height":1350},{"@type":"BreadcrumbList","@id":"https:\/\/ayto.mutxamel.org\/ca\/eventos\/taller-dinformatica-i-us-de-mobil-2\/#breadcrumb","itemListElement":[{"@type":"ListItem","position":1,"name":"Portada","item":"https:\/\/ayto.mutxamel.org\/ca\/"},{"@type":"ListItem","position":2,"name":"Events","item":"https:\/\/ayto.mutxamel.org\/ca\/eventos\/"},{"@type":"ListItem","position":3,"name":"Taller d&#8217;inform\u00e0tica i \u00fas de m\u00f2bil"}]},{"@type":"WebSite","@id":"https:\/\/ayto.mutxamel.org\/ca\/#website","url":"https:\/\/ayto.mutxamel.org\/ca\/","name":"Ayuntamiento de Mutxamel","description":"","potentialAction":[{"@type":"SearchAction","target":{"@type":"EntryPoint","urlTemplate":"https:\/\/ayto.mutxamel.org\/ca\/?s={search_term_string}"},"query-input":{"@type":"PropertyValueSpecification","valueRequired":true,"valueName":"search_term_string"}}],"inLanguage":"ca"}]}},"_links":{"self":[{"href":"https:\/\/ayto.mutxamel.org\/ca\/wp-json\/wp\/v2\/mec-events\/57812","targetHints":{"allow":["GET"]}}],"collection":[{"href":"https:\/\/ayto.mutxamel.org\/ca\/wp-json\/wp\/v2\/mec-events"}],"about":[{"href":"https:\/\/ayto.mutxamel.org\/ca\/wp-json\/wp\/v2\/types\/mec-events"}],"author":[{"embeddable":true,"href":"https:\/\/ayto.mutxamel.org\/ca\/wp-json\/wp\/v2\/users\/11"}],"replies":[{"embeddable":true,"href":"https:\/\/ayto.mutxamel.org\/ca\/wp-json\/wp\/v2\/comments?post=57812"}],"wp:featuredmedia":[{"embeddable":true,"href":"https:\/\/ayto.mutxamel.org\/ca\/wp-json\/wp\/v2\/media\/57805"}],"wp:attachment":[{"href":"https:\/\/ayto.mutxamel.org\/ca\/wp-json\/wp\/v2\/media?parent=57812"}],"wp:term":[{"taxonomy":"post_tag","embeddable":true,"href":"https:\/\/ayto.mutxamel.org\/ca\/wp-json\/wp\/v2\/tags?post=57812"},{"taxonomy":"mec_category","embeddable":true,"href":"https:\/\/ayto.mutxamel.org\/ca\/wp-json\/wp\/v2\/mec_category?post=57812"}],"curies":[{"name":"wp","href":"https:\/\/api.w.org\/{rel}","templated":true}]}}

Taller d&#8217;informàtica i ús de mòbil

<p>No et perdes els nostres tallers en el casal de la tercera edat de Mutxamel!</p>
<p><strong>Dilluns 2 i dimarts 3</strong> de juny <strong>a les 18:30h</strong>: Ús bàsic del telèfon mòbil<br />
<strong>Dilluns 16</strong> de juny <strong>a les 18:30h</strong>: Ús bàsic de l&#8217;ordenador<br />
<strong>Dimarts 17</strong> de juny <strong>a les 18:30h</strong>: Què és la intel·ligència artificial?</p>
<p>Les places són limitades, així que reserva la teua hui mateix!</p>
<p>Pots inscriure&#8217;t telefonant-nos al 722 842 113 o enviant-nos un email a mayores@mutxamel.org</p>
<p>Anima&#8217;t a aprendre i a descobrir noves habilitats!</p>

<p>No et perdes els nostres tallers en el casal de la tercera edat de Mutxamel! Dilluns 2 i dimarts 3 de juny a les 18:30h: Ús bàsic del telèfon mòbil Dilluns 16 de juny a les 18:30h: Ús bàsic de l&#8217;ordenador Dimarts 17 de juny a les 18:30h: Què és la intel·ligència artificial? Les places&#8230;</p>

<!-- This site is optimized with the Yoast SEO plugin v27.3 - https://yoast.com/product/yoast-seo-wordpress/ -->
<title>Taller d&#039;informàtica i ús de mòbil - Ayuntamiento de Mutxamel</title>
<meta name="robots" content="index, follow, max-snippet:-1, max-image-preview:large, max-video-preview:-1" />
<link rel="canonical" href="https://ayto.mutxamel.org/ca/eventos/taller-dinformatica-i-us-de-mobil-2/" />
<meta property="og:locale" content="ca_ES" />
<meta property="og:type" content="article" />
<meta property="og:title" content="Taller d&#039;informàtica i ús de mòbil - Ayuntamiento de Mutxamel" />
<meta property="og:description" content="No et perdes els nostres tallers en el casal de la tercera edat de Mutxamel! Dilluns 2 i dimarts 3 de juny a les 18:30h: Ús bàsic del telèfon mòbil Dilluns 16 de juny a les 18:30h: Ús bàsic de l&#8217;ordenador Dimarts 17 de juny a les 18:30h: Què és la intel·ligència artificial? Les places..." />
<meta property="og:url" content="https://ayto.mutxamel.org/ca/eventos/taller-dinformatica-i-us-de-mobil-2/" />
<meta property="og:site_name" content="Ayuntamiento de Mutxamel" />
<meta name="twitter:card" content="summary_large_image" />
<script type="application/ld+json" class="yoast-schema-graph">{"@context":"https:\/\/schema.org","@graph":[{"@type":"WebPage","@id":"https:\/\/ayto.mutxamel.org\/ca\/eventos\/taller-dinformatica-i-us-de-mobil-2\/","url":"https:\/\/ayto.mutxamel.org\/ca\/eventos\/taller-dinformatica-i-us-de-mobil-2\/","name":"Taller d'informàtica i ús de mòbil - Ayuntamiento de Mutxamel","isPartOf":{"@id":"https:\/\/ayto.mutxamel.org\/ca\/#website"},"primaryImageOfPage":{"@id":"https:\/\/ayto.mutxamel.org\/ca\/eventos\/taller-dinformatica-i-us-de-mobil-2\/#primaryimage"},"image":{"@id":"https:\/\/ayto.mutxamel.org\/ca\/eventos\/taller-dinformatica-i-us-de-mobil-2\/#primaryimage"},"thumbnailUrl":"https:\/\/ayto.mutxamel.org\/wp-content\/uploads\/2025\/05\/1-1.jpg","datePublished":"2025-05-19T07:04:30+00:00","breadcrumb":{"@id":"https:\/\/ayto.mutxamel.org\/ca\/eventos\/taller-dinformatica-i-us-de-mobil-2\/#breadcrumb"},"inLanguage":"ca","potentialAction":[{"@type":"ReadAction","target":["https:\/\/ayto.mutxamel.org\/ca\/eventos\/taller-dinformatica-i-us-de-mobil-2\/"]}]},{"@type":"ImageObject","inLanguage":"ca","@id":"https:\/\/ayto.mutxamel.org\/ca\/eventos\/taller-dinformatica-i-us-de-mobil-2\/#primaryimage","url":"https:\/\/ayto.mutxamel.org\/wp-content\/uploads\/2025\/05\/1-1.jpg","contentUrl":"https:\/\/ayto.mutxamel.org\/wp-content\/uploads\/2025\/05\/1-1.jpg","width":1080,"height":1350},{"@type":"BreadcrumbList","@id":"https:\/\/ayto.mutxamel.org\/ca\/eventos\/taller-dinformatica-i-us-de-mobil-2\/#breadcrumb","itemListElement":[{"@type":"ListItem","position":1,"name":"Portada","item":"https:\/\/ayto.mutxamel.org\/ca\/"},{"@type":"ListItem","position":2,"name":"Events","item":"https:\/\/ayto.mutxamel.org\/ca\/eventos\/"},{"@type":"ListItem","position":3,"name":"Taller d&#8217;informàtica i ús de mòbil"}]},{"@type":"WebSite","@id":"https:\/\/ayto.mutxamel.org\/ca\/#website","url":"https:\/\/ayto.mutxamel.org\/ca\/","name":"Ayuntamiento de Mutxamel","description":"","potentialAction":[{"@type":"SearchAction","target":{"@type":"EntryPoint","urlTemplate":"https:\/\/ayto.mutxamel.org\/ca\/?s={search_term_string}"},"query-input":{"@type":"PropertyValueSpecification","valueRequired":true,"valueName":"search_term_string"}}],"inLanguage":"ca"}]}</script>
<!-- / Yoast SEO plugin. -->

Taller d'informàtica i ús de mòbil - Ayuntamiento de Mutxamel

No et perdes els nostres tallers en el casal de la tercera edat de Mutxamel! Dilluns 2 i dimarts 3 de juny a les 18:30h: Ús bàsic del telèfon mòbil Dilluns 16 de juny a les 18:30h: Ús bàsic de l&#8217;ordenador Dimarts 17 de juny a les 18:30h: Què és la intel·ligència artificial? Les places...
