{"id":57344,"date":"2025-05-12T12:02:00","date_gmt":"2025-05-12T10:02:00","guid":{"rendered":"https:\/\/ayto.mutxamel.org\/eventos\/escola-de-families-menys-estres-mes-connexio-educar-des-de-la-presencia\/"},"modified":"2025-05-12T12:05:49","modified_gmt":"2025-05-12T10:05:49","slug":"escola-de-families-menys-estres-mes-connexio-educar-des-de-la-presencia","status":"publish","type":"mec-events","link":"https:\/\/ayto.mutxamel.org\/ca\/eventos\/escola-de-families-menys-estres-mes-connexio-educar-des-de-la-presencia\/","title":{"rendered":"Escola de fam\u00edlies: &#8220;Menys estr\u00e9s, m\u00e9s connexi\u00f3: educar des de la pres\u00e8ncia&#8221;"},"content":{"rendered":"<h3>Nova sessi\u00f3 de l&#8217;Escola de Fam\u00edlies a Mutxamel<br \/>\n&#8220;Menys estr\u00e9s, m\u00e9s connexi\u00f3: educar des de la pres\u00e8ncia&#8221;<\/h3>\n<ul>\n<li><strong>20 de maig<\/strong><\/li>\n<li><strong>17.00 h<\/strong><\/li>\n<li><strong>CEIP El Salvador<\/strong><\/li>\n<\/ul>\n<p>Amb la psic\u00f2loga Mar\u00eda Jos\u00e9 Ferri, de l&#8217;\u00e0rea de Servicis Socials de l&#8217;Ajuntament de Mutxamel.<\/p>\n<p>En un m\u00f3n ple de presses i distraccions, et convidem a reconnectar amb l&#8217;essencial: estar realment ac\u00ed. En esta xarrada descobrir\u00e0s ferramentes senzilles per\u00f2 poderoses per a educar amb m\u00e9s calma, connexi\u00f3 i claredat.<br \/>\nMenys lluita i m\u00e9s vincle.<\/p>\n<p>Dirigit a fam\u00edlies i professionals del municipi.<br \/>\nAmb servici de ludoteca, perqu\u00e8 els xiquets i xiquetes estiguen atesos mentres tu participes.<\/p>\n<p>Una oportunitat per a cr\u00e9ixer, reflexionar i enfortir els nostres lla\u00e7os des del cor!<\/p>\n","protected":false},"excerpt":{"rendered":"<p>Nova sessi\u00f3 de l&#8217;Escola de Fam\u00edlies a Mutxamel &#8220;Menys estr\u00e9s, m\u00e9s connexi\u00f3: educar des de la pres\u00e8ncia&#8221; 20 de maig 17.00 h CEIP El Salvador Amb la psic\u00f2loga Mar\u00eda Jos\u00e9 Ferri, de l&#8217;\u00e0rea de Servicis Socials de l&#8217;Ajuntament de Mutxamel. En un m\u00f3n ple de presses i distraccions, et convidem a reconnectar amb l&#8217;essencial: estar&#8230;<\/p>\n","protected":false},"author":11,"featured_media":57343,"comment_status":"closed","ping_status":"closed","template":"","tags":[],"mec_category":[13],"class_list":["post-57344","mec-events","type-mec-events","status-publish","has-post-thumbnail","hentry","mec_category-educacio"],"acf":[],"yoast_head":"<!-- This site is optimized with the Yoast SEO plugin v27.3 - https:\/\/yoast.com\/product\/yoast-seo-wordpress\/ -->\n<title>Escola de fam\u00edlies: &quot;Menys estr\u00e9s, m\u00e9s connexi\u00f3: educar des de la pres\u00e8ncia&quot; - Ayuntamiento de Mutxamel<\/title>\n<meta name=\"robots\" content=\"index, follow, max-snippet:-1, max-image-preview:large, max-video-preview:-1\" \/>\n<link rel=\"canonical\" href=\"https:\/\/ayto.mutxamel.org\/ca\/eventos\/escola-de-families-menys-estres-mes-connexio-educar-des-de-la-presencia\/\" \/>\n<meta property=\"og:locale\" content=\"ca_ES\" \/>\n<meta property=\"og:type\" content=\"article\" \/>\n<meta property=\"og:title\" content=\"Escola de fam\u00edlies: &quot;Menys estr\u00e9s, m\u00e9s connexi\u00f3: educar des de la pres\u00e8ncia&quot; - Ayuntamiento de Mutxamel\" \/>\n<meta property=\"og:description\" content=\"Nova sessi\u00f3 de l&#8217;Escola de Fam\u00edlies a Mutxamel &#8220;Menys estr\u00e9s, m\u00e9s connexi\u00f3: educar des de la pres\u00e8ncia&#8221; 20 de maig 17.00 h CEIP El Salvador Amb la psic\u00f2loga Mar\u00eda Jos\u00e9 Ferri, de l&#8217;\u00e0rea de Servicis Socials de l&#8217;Ajuntament de Mutxamel. En un m\u00f3n ple de presses i distraccions, et convidem a reconnectar amb l&#8217;essencial: estar...\" \/>\n<meta property=\"og:url\" content=\"https:\/\/ayto.mutxamel.org\/ca\/eventos\/escola-de-families-menys-estres-mes-connexio-educar-des-de-la-presencia\/\" \/>\n<meta property=\"og:site_name\" content=\"Ayuntamiento de Mutxamel\" \/>\n<meta property=\"article:modified_time\" content=\"2025-05-12T10:05:49+00:00\" \/>\n<meta property=\"og:image\" content=\"https:\/\/ayto.mutxamel.org\/wp-content\/uploads\/2025\/05\/Valenciano-1-scaled.jpg\" \/>\n\t<meta property=\"og:image:width\" content=\"1357\" \/>\n\t<meta property=\"og:image:height\" content=\"1920\" \/>\n\t<meta property=\"og:image:type\" content=\"image\/jpeg\" \/>\n<meta name=\"twitter:card\" content=\"summary_large_image\" \/>\n<meta name=\"twitter:label1\" content=\"Temps estimat de lectura\" \/>\n\t<meta name=\"twitter:data1\" content=\"1 minut\" \/>\n<script type=\"application\/ld+json\" class=\"yoast-schema-graph\">{\"@context\":\"https:\\\/\\\/schema.org\",\"@graph\":[{\"@type\":\"WebPage\",\"@id\":\"https:\\\/\\\/ayto.mutxamel.org\\\/ca\\\/eventos\\\/escola-de-families-menys-estres-mes-connexio-educar-des-de-la-presencia\\\/\",\"url\":\"https:\\\/\\\/ayto.mutxamel.org\\\/ca\\\/eventos\\\/escola-de-families-menys-estres-mes-connexio-educar-des-de-la-presencia\\\/\",\"name\":\"Escola de fam\u00edlies: \\\"Menys estr\u00e9s, m\u00e9s connexi\u00f3: educar des de la pres\u00e8ncia\\\" - Ayuntamiento de Mutxamel\",\"isPartOf\":{\"@id\":\"https:\\\/\\\/ayto.mutxamel.org\\\/ca\\\/#website\"},\"primaryImageOfPage\":{\"@id\":\"https:\\\/\\\/ayto.mutxamel.org\\\/ca\\\/eventos\\\/escola-de-families-menys-estres-mes-connexio-educar-des-de-la-presencia\\\/#primaryimage\"},\"image\":{\"@id\":\"https:\\\/\\\/ayto.mutxamel.org\\\/ca\\\/eventos\\\/escola-de-families-menys-estres-mes-connexio-educar-des-de-la-presencia\\\/#primaryimage\"},\"thumbnailUrl\":\"https:\\\/\\\/ayto.mutxamel.org\\\/wp-content\\\/uploads\\\/2025\\\/05\\\/Valenciano-1-scaled.jpg\",\"datePublished\":\"2025-05-12T10:02:00+00:00\",\"dateModified\":\"2025-05-12T10:05:49+00:00\",\"breadcrumb\":{\"@id\":\"https:\\\/\\\/ayto.mutxamel.org\\\/ca\\\/eventos\\\/escola-de-families-menys-estres-mes-connexio-educar-des-de-la-presencia\\\/#breadcrumb\"},\"inLanguage\":\"ca\",\"potentialAction\":[{\"@type\":\"ReadAction\",\"target\":[\"https:\\\/\\\/ayto.mutxamel.org\\\/ca\\\/eventos\\\/escola-de-families-menys-estres-mes-connexio-educar-des-de-la-presencia\\\/\"]}]},{\"@type\":\"ImageObject\",\"inLanguage\":\"ca\",\"@id\":\"https:\\\/\\\/ayto.mutxamel.org\\\/ca\\\/eventos\\\/escola-de-families-menys-estres-mes-connexio-educar-des-de-la-presencia\\\/#primaryimage\",\"url\":\"https:\\\/\\\/ayto.mutxamel.org\\\/wp-content\\\/uploads\\\/2025\\\/05\\\/Valenciano-1-scaled.jpg\",\"contentUrl\":\"https:\\\/\\\/ayto.mutxamel.org\\\/wp-content\\\/uploads\\\/2025\\\/05\\\/Valenciano-1-scaled.jpg\",\"width\":1357,\"height\":1920},{\"@type\":\"BreadcrumbList\",\"@id\":\"https:\\\/\\\/ayto.mutxamel.org\\\/ca\\\/eventos\\\/escola-de-families-menys-estres-mes-connexio-educar-des-de-la-presencia\\\/#breadcrumb\",\"itemListElement\":[{\"@type\":\"ListItem\",\"position\":1,\"name\":\"Portada\",\"item\":\"https:\\\/\\\/ayto.mutxamel.org\\\/ca\\\/\"},{\"@type\":\"ListItem\",\"position\":2,\"name\":\"Events\",\"item\":\"https:\\\/\\\/ayto.mutxamel.org\\\/ca\\\/eventos\\\/\"},{\"@type\":\"ListItem\",\"position\":3,\"name\":\"Escola de fam\u00edlies: \u00abMenys estr\u00e9s, m\u00e9s connexi\u00f3: educar des de la pres\u00e8ncia\u00bb\"}]},{\"@type\":\"WebSite\",\"@id\":\"https:\\\/\\\/ayto.mutxamel.org\\\/ca\\\/#website\",\"url\":\"https:\\\/\\\/ayto.mutxamel.org\\\/ca\\\/\",\"name\":\"Ayuntamiento de Mutxamel\",\"description\":\"\",\"potentialAction\":[{\"@type\":\"SearchAction\",\"target\":{\"@type\":\"EntryPoint\",\"urlTemplate\":\"https:\\\/\\\/ayto.mutxamel.org\\\/ca\\\/?s={search_term_string}\"},\"query-input\":{\"@type\":\"PropertyValueSpecification\",\"valueRequired\":true,\"valueName\":\"search_term_string\"}}],\"inLanguage\":\"ca\"}]}<\/script>\n<!-- \/ Yoast SEO plugin. -->","yoast_head_json":{"title":"Escola de fam\u00edlies: \"Menys estr\u00e9s, m\u00e9s connexi\u00f3: educar des de la pres\u00e8ncia\" - Ayuntamiento de Mutxamel","robots":{"index":"index","follow":"follow","max-snippet":"max-snippet:-1","max-image-preview":"max-image-preview:large","max-video-preview":"max-video-preview:-1"},"canonical":"https:\/\/ayto.mutxamel.org\/ca\/eventos\/escola-de-families-menys-estres-mes-connexio-educar-des-de-la-presencia\/","og_locale":"ca_ES","og_type":"article","og_title":"Escola de fam\u00edlies: \"Menys estr\u00e9s, m\u00e9s connexi\u00f3: educar des de la pres\u00e8ncia\" - Ayuntamiento de Mutxamel","og_description":"Nova sessi\u00f3 de l&#8217;Escola de Fam\u00edlies a Mutxamel &#8220;Menys estr\u00e9s, m\u00e9s connexi\u00f3: educar des de la pres\u00e8ncia&#8221; 20 de maig 17.00 h CEIP El Salvador Amb la psic\u00f2loga Mar\u00eda Jos\u00e9 Ferri, de l&#8217;\u00e0rea de Servicis Socials de l&#8217;Ajuntament de Mutxamel. En un m\u00f3n ple de presses i distraccions, et convidem a reconnectar amb l&#8217;essencial: estar...","og_url":"https:\/\/ayto.mutxamel.org\/ca\/eventos\/escola-de-families-menys-estres-mes-connexio-educar-des-de-la-presencia\/","og_site_name":"Ayuntamiento de Mutxamel","article_modified_time":"2025-05-12T10:05:49+00:00","og_image":[{"width":1357,"height":1920,"url":"https:\/\/ayto.mutxamel.org\/wp-content\/uploads\/2025\/05\/Valenciano-1-scaled.jpg","type":"image\/jpeg"}],"twitter_card":"summary_large_image","twitter_misc":{"Temps estimat de lectura":"1 minut"},"schema":{"@context":"https:\/\/schema.org","@graph":[{"@type":"WebPage","@id":"https:\/\/ayto.mutxamel.org\/ca\/eventos\/escola-de-families-menys-estres-mes-connexio-educar-des-de-la-presencia\/","url":"https:\/\/ayto.mutxamel.org\/ca\/eventos\/escola-de-families-menys-estres-mes-connexio-educar-des-de-la-presencia\/","name":"Escola de fam\u00edlies: \"Menys estr\u00e9s, m\u00e9s connexi\u00f3: educar des de la pres\u00e8ncia\" - Ayuntamiento de Mutxamel","isPartOf":{"@id":"https:\/\/ayto.mutxamel.org\/ca\/#website"},"primaryImageOfPage":{"@id":"https:\/\/ayto.mutxamel.org\/ca\/eventos\/escola-de-families-menys-estres-mes-connexio-educar-des-de-la-presencia\/#primaryimage"},"image":{"@id":"https:\/\/ayto.mutxamel.org\/ca\/eventos\/escola-de-families-menys-estres-mes-connexio-educar-des-de-la-presencia\/#primaryimage"},"thumbnailUrl":"https:\/\/ayto.mutxamel.org\/wp-content\/uploads\/2025\/05\/Valenciano-1-scaled.jpg","datePublished":"2025-05-12T10:02:00+00:00","dateModified":"2025-05-12T10:05:49+00:00","breadcrumb":{"@id":"https:\/\/ayto.mutxamel.org\/ca\/eventos\/escola-de-families-menys-estres-mes-connexio-educar-des-de-la-presencia\/#breadcrumb"},"inLanguage":"ca","potentialAction":[{"@type":"ReadAction","target":["https:\/\/ayto.mutxamel.org\/ca\/eventos\/escola-de-families-menys-estres-mes-connexio-educar-des-de-la-presencia\/"]}]},{"@type":"ImageObject","inLanguage":"ca","@id":"https:\/\/ayto.mutxamel.org\/ca\/eventos\/escola-de-families-menys-estres-mes-connexio-educar-des-de-la-presencia\/#primaryimage","url":"https:\/\/ayto.mutxamel.org\/wp-content\/uploads\/2025\/05\/Valenciano-1-scaled.jpg","contentUrl":"https:\/\/ayto.mutxamel.org\/wp-content\/uploads\/2025\/05\/Valenciano-1-scaled.jpg","width":1357,"height":1920},{"@type":"BreadcrumbList","@id":"https:\/\/ayto.mutxamel.org\/ca\/eventos\/escola-de-families-menys-estres-mes-connexio-educar-des-de-la-presencia\/#breadcrumb","itemListElement":[{"@type":"ListItem","position":1,"name":"Portada","item":"https:\/\/ayto.mutxamel.org\/ca\/"},{"@type":"ListItem","position":2,"name":"Events","item":"https:\/\/ayto.mutxamel.org\/ca\/eventos\/"},{"@type":"ListItem","position":3,"name":"Escola de fam\u00edlies: \u00abMenys estr\u00e9s, m\u00e9s connexi\u00f3: educar des de la pres\u00e8ncia\u00bb"}]},{"@type":"WebSite","@id":"https:\/\/ayto.mutxamel.org\/ca\/#website","url":"https:\/\/ayto.mutxamel.org\/ca\/","name":"Ayuntamiento de Mutxamel","description":"","potentialAction":[{"@type":"SearchAction","target":{"@type":"EntryPoint","urlTemplate":"https:\/\/ayto.mutxamel.org\/ca\/?s={search_term_string}"},"query-input":{"@type":"PropertyValueSpecification","valueRequired":true,"valueName":"search_term_string"}}],"inLanguage":"ca"}]}},"_links":{"self":[{"href":"https:\/\/ayto.mutxamel.org\/ca\/wp-json\/wp\/v2\/mec-events\/57344","targetHints":{"allow":["GET"]}}],"collection":[{"href":"https:\/\/ayto.mutxamel.org\/ca\/wp-json\/wp\/v2\/mec-events"}],"about":[{"href":"https:\/\/ayto.mutxamel.org\/ca\/wp-json\/wp\/v2\/types\/mec-events"}],"author":[{"embeddable":true,"href":"https:\/\/ayto.mutxamel.org\/ca\/wp-json\/wp\/v2\/users\/11"}],"replies":[{"embeddable":true,"href":"https:\/\/ayto.mutxamel.org\/ca\/wp-json\/wp\/v2\/comments?post=57344"}],"wp:featuredmedia":[{"embeddable":true,"href":"https:\/\/ayto.mutxamel.org\/ca\/wp-json\/wp\/v2\/media\/57343"}],"wp:attachment":[{"href":"https:\/\/ayto.mutxamel.org\/ca\/wp-json\/wp\/v2\/media?parent=57344"}],"wp:term":[{"taxonomy":"post_tag","embeddable":true,"href":"https:\/\/ayto.mutxamel.org\/ca\/wp-json\/wp\/v2\/tags?post=57344"},{"taxonomy":"mec_category","embeddable":true,"href":"https:\/\/ayto.mutxamel.org\/ca\/wp-json\/wp\/v2\/mec_category?post=57344"}],"curies":[{"name":"wp","href":"https:\/\/api.w.org\/{rel}","templated":true}]}}

Escola de famílies: &#8220;Menys estrés, més connexió: educar des de la presència&#8221;

<h3>Nova sessió de l&#8217;Escola de Famílies a Mutxamel<br />
&#8220;Menys estrés, més connexió: educar des de la presència&#8221;</h3>
<ul>
<li><strong>20 de maig</strong></li>
<li><strong>17.00 h</strong></li>
<li><strong>CEIP El Salvador</strong></li>
</ul>
<p>Amb la psicòloga María José Ferri, de l&#8217;àrea de Servicis Socials de l&#8217;Ajuntament de Mutxamel.</p>
<p>En un món ple de presses i distraccions, et convidem a reconnectar amb l&#8217;essencial: estar realment ací. En esta xarrada descobriràs ferramentes senzilles però poderoses per a educar amb més calma, connexió i claredat.<br />
Menys lluita i més vincle.</p>
<p>Dirigit a famílies i professionals del municipi.<br />
Amb servici de ludoteca, perquè els xiquets i xiquetes estiguen atesos mentres tu participes.</p>
<p>Una oportunitat per a créixer, reflexionar i enfortir els nostres llaços des del cor!</p>

<p>Nova sessió de l&#8217;Escola de Famílies a Mutxamel &#8220;Menys estrés, més connexió: educar des de la presència&#8221; 20 de maig 17.00 h CEIP El Salvador Amb la psicòloga María José Ferri, de l&#8217;àrea de Servicis Socials de l&#8217;Ajuntament de Mutxamel. En un món ple de presses i distraccions, et convidem a reconnectar amb l&#8217;essencial: estar&#8230;</p>

<!-- This site is optimized with the Yoast SEO plugin v27.3 - https://yoast.com/product/yoast-seo-wordpress/ -->
<title>Escola de famílies: &quot;Menys estrés, més connexió: educar des de la presència&quot; - Ayuntamiento de Mutxamel</title>
<meta name="robots" content="index, follow, max-snippet:-1, max-image-preview:large, max-video-preview:-1" />
<link rel="canonical" href="https://ayto.mutxamel.org/ca/eventos/escola-de-families-menys-estres-mes-connexio-educar-des-de-la-presencia/" />
<meta property="og:locale" content="ca_ES" />
<meta property="og:type" content="article" />
<meta property="og:title" content="Escola de famílies: &quot;Menys estrés, més connexió: educar des de la presència&quot; - Ayuntamiento de Mutxamel" />
<meta property="og:description" content="Nova sessió de l&#8217;Escola de Famílies a Mutxamel &#8220;Menys estrés, més connexió: educar des de la presència&#8221; 20 de maig 17.00 h CEIP El Salvador Amb la psicòloga María José Ferri, de l&#8217;àrea de Servicis Socials de l&#8217;Ajuntament de Mutxamel. En un món ple de presses i distraccions, et convidem a reconnectar amb l&#8217;essencial: estar..." />
<meta property="og:url" content="https://ayto.mutxamel.org/ca/eventos/escola-de-families-menys-estres-mes-connexio-educar-des-de-la-presencia/" />
<meta property="og:site_name" content="Ayuntamiento de Mutxamel" />
<meta property="article:modified_time" content="2025-05-12T10:05:49+00:00" />
<meta property="og:image" content="https://ayto.mutxamel.org/wp-content/uploads/2025/05/Valenciano-1-scaled.jpg" />
	<meta property="og:image:width" content="1357" />
	<meta property="og:image:height" content="1920" />
	<meta property="og:image:type" content="image/jpeg" />
<meta name="twitter:card" content="summary_large_image" />
<meta name="twitter:label1" content="Temps estimat de lectura" />
	<meta name="twitter:data1" content="1 minut" />
<script type="application/ld+json" class="yoast-schema-graph">{"@context":"https:\/\/schema.org","@graph":[{"@type":"WebPage","@id":"https:\/\/ayto.mutxamel.org\/ca\/eventos\/escola-de-families-menys-estres-mes-connexio-educar-des-de-la-presencia\/","url":"https:\/\/ayto.mutxamel.org\/ca\/eventos\/escola-de-families-menys-estres-mes-connexio-educar-des-de-la-presencia\/","name":"Escola de famílies: \"Menys estrés, més connexió: educar des de la presència\" - Ayuntamiento de Mutxamel","isPartOf":{"@id":"https:\/\/ayto.mutxamel.org\/ca\/#website"},"primaryImageOfPage":{"@id":"https:\/\/ayto.mutxamel.org\/ca\/eventos\/escola-de-families-menys-estres-mes-connexio-educar-des-de-la-presencia\/#primaryimage"},"image":{"@id":"https:\/\/ayto.mutxamel.org\/ca\/eventos\/escola-de-families-menys-estres-mes-connexio-educar-des-de-la-presencia\/#primaryimage"},"thumbnailUrl":"https:\/\/ayto.mutxamel.org\/wp-content\/uploads\/2025\/05\/Valenciano-1-scaled.jpg","datePublished":"2025-05-12T10:02:00+00:00","dateModified":"2025-05-12T10:05:49+00:00","breadcrumb":{"@id":"https:\/\/ayto.mutxamel.org\/ca\/eventos\/escola-de-families-menys-estres-mes-connexio-educar-des-de-la-presencia\/#breadcrumb"},"inLanguage":"ca","potentialAction":[{"@type":"ReadAction","target":["https:\/\/ayto.mutxamel.org\/ca\/eventos\/escola-de-families-menys-estres-mes-connexio-educar-des-de-la-presencia\/"]}]},{"@type":"ImageObject","inLanguage":"ca","@id":"https:\/\/ayto.mutxamel.org\/ca\/eventos\/escola-de-families-menys-estres-mes-connexio-educar-des-de-la-presencia\/#primaryimage","url":"https:\/\/ayto.mutxamel.org\/wp-content\/uploads\/2025\/05\/Valenciano-1-scaled.jpg","contentUrl":"https:\/\/ayto.mutxamel.org\/wp-content\/uploads\/2025\/05\/Valenciano-1-scaled.jpg","width":1357,"height":1920},{"@type":"BreadcrumbList","@id":"https:\/\/ayto.mutxamel.org\/ca\/eventos\/escola-de-families-menys-estres-mes-connexio-educar-des-de-la-presencia\/#breadcrumb","itemListElement":[{"@type":"ListItem","position":1,"name":"Portada","item":"https:\/\/ayto.mutxamel.org\/ca\/"},{"@type":"ListItem","position":2,"name":"Events","item":"https:\/\/ayto.mutxamel.org\/ca\/eventos\/"},{"@type":"ListItem","position":3,"name":"Escola de famílies: «Menys estrés, més connexió: educar des de la presència»"}]},{"@type":"WebSite","@id":"https:\/\/ayto.mutxamel.org\/ca\/#website","url":"https:\/\/ayto.mutxamel.org\/ca\/","name":"Ayuntamiento de Mutxamel","description":"","potentialAction":[{"@type":"SearchAction","target":{"@type":"EntryPoint","urlTemplate":"https:\/\/ayto.mutxamel.org\/ca\/?s={search_term_string}"},"query-input":{"@type":"PropertyValueSpecification","valueRequired":true,"valueName":"search_term_string"}}],"inLanguage":"ca"}]}</script>
<!-- / Yoast SEO plugin. -->

Escola de famílies: "Menys estrés, més connexió: educar des de la presència" - Ayuntamiento de Mutxamel

Nova sessió de l&#8217;Escola de Famílies a Mutxamel &#8220;Menys estrés, més connexió: educar des de la presència&#8221; 20 de maig 17.00 h CEIP El Salvador Amb la psicòloga María José Ferri, de l&#8217;àrea de Servicis Socials de l&#8217;Ajuntament de Mutxamel. En un món ple de presses i distraccions, et convidem a reconnectar amb l&#8217;essencial: estar...

Escola de famílies: «Menys estrés, més connexió: educar des de la presència»
