{"id":57018,"date":"2025-05-05T11:59:40","date_gmt":"2025-05-05T09:59:40","guid":{"rendered":"https:\/\/ayto.mutxamel.org\/eventos\/xarrada-amb-lautora-nina-sweet\/"},"modified":"2025-05-05T12:03:09","modified_gmt":"2025-05-05T10:03:09","slug":"xarrada-amb-lautora-nina-sweet","status":"publish","type":"mec-events","link":"https:\/\/ayto.mutxamel.org\/ca\/eventos\/xarrada-amb-lautora-nina-sweet\/","title":{"rendered":"Xarrada amb l&#8217;autora Nina Sweet"},"content":{"rendered":"<p>\u00c9s un privilegi per a nosaltres tindre a l&#8217;autora Paz Castell\u00f3 (Nina Sweet) el dia 16 de maig. Ens presentar\u00e0 i desgranar\u00e0 els aspectes m\u00e9s importants de la seua nova novel\u00b7la \u201cLo prohibido\u201d. Es tracta d&#8217;una obra de suspens rom\u00e0ntic que est\u00e0 tenint molt bon acolliment entre els lectors i lectores de tot el m\u00f3n.<\/p>\n<p>Si sents curiositat passa&#8217;t per la biblioteca i compartix este moment amb nosaltres, a m\u00e9s, es podr\u00e0 adquirir el llibre el mateix dia de la presentaci\u00f3.<\/p>\n","protected":false},"excerpt":{"rendered":"<p>\u00c9s un privilegi per a nosaltres tindre a l&#8217;autora Paz Castell\u00f3 (Nina Sweet) el dia 16 de maig. Ens presentar\u00e0 i desgranar\u00e0 els aspectes m\u00e9s importants de la seua nova novel\u00b7la \u201cLo prohibido\u201d. Es tracta d&#8217;una obra de suspens rom\u00e0ntic que est\u00e0 tenint molt bon acolliment entre els lectors i lectores de tot el m\u00f3n&#8230;.<\/p>\n","protected":false},"author":11,"featured_media":57019,"comment_status":"closed","ping_status":"closed","template":"","tags":[],"mec_category":[28],"class_list":["post-57018","mec-events","type-mec-events","status-publish","has-post-thumbnail","hentry","mec_category-biblioteca-va"],"acf":[],"yoast_head":"<!-- This site is optimized with the Yoast SEO plugin v27.3 - https:\/\/yoast.com\/product\/yoast-seo-wordpress\/ -->\n<title>Xarrada amb l&#039;autora Nina Sweet - Ayuntamiento de Mutxamel<\/title>\n<meta name=\"robots\" content=\"index, follow, max-snippet:-1, max-image-preview:large, max-video-preview:-1\" \/>\n<link rel=\"canonical\" href=\"https:\/\/ayto.mutxamel.org\/ca\/eventos\/xarrada-amb-lautora-nina-sweet\/\" \/>\n<meta property=\"og:locale\" content=\"ca_ES\" \/>\n<meta property=\"og:type\" content=\"article\" \/>\n<meta property=\"og:title\" content=\"Xarrada amb l&#039;autora Nina Sweet - Ayuntamiento de Mutxamel\" \/>\n<meta property=\"og:description\" content=\"\u00c9s un privilegi per a nosaltres tindre a l&#8217;autora Paz Castell\u00f3 (Nina Sweet) el dia 16 de maig. Ens presentar\u00e0 i desgranar\u00e0 els aspectes m\u00e9s importants de la seua nova novel\u00b7la \u201cLo prohibido\u201d. Es tracta d&#8217;una obra de suspens rom\u00e0ntic que est\u00e0 tenint molt bon acolliment entre els lectors i lectores de tot el m\u00f3n....\" \/>\n<meta property=\"og:url\" content=\"https:\/\/ayto.mutxamel.org\/ca\/eventos\/xarrada-amb-lautora-nina-sweet\/\" \/>\n<meta property=\"og:site_name\" content=\"Ayuntamiento de Mutxamel\" \/>\n<meta property=\"article:modified_time\" content=\"2025-05-05T10:03:09+00:00\" \/>\n<meta property=\"og:image\" content=\"https:\/\/ayto.mutxamel.org\/wp-content\/uploads\/2025\/05\/681877d5ed6260.38410720NINA-SWEET-VAL-1.jpg\" \/>\n\t<meta property=\"og:image:width\" content=\"1080\" \/>\n\t<meta property=\"og:image:height\" content=\"1080\" \/>\n\t<meta property=\"og:image:type\" content=\"image\/jpeg\" \/>\n<meta name=\"twitter:card\" content=\"summary_large_image\" \/>\n<meta name=\"twitter:label1\" content=\"Temps estimat de lectura\" \/>\n\t<meta name=\"twitter:data1\" content=\"1 minut\" \/>\n<script type=\"application\/ld+json\" class=\"yoast-schema-graph\">{\"@context\":\"https:\\\/\\\/schema.org\",\"@graph\":[{\"@type\":\"WebPage\",\"@id\":\"https:\\\/\\\/ayto.mutxamel.org\\\/ca\\\/eventos\\\/xarrada-amb-lautora-nina-sweet\\\/\",\"url\":\"https:\\\/\\\/ayto.mutxamel.org\\\/ca\\\/eventos\\\/xarrada-amb-lautora-nina-sweet\\\/\",\"name\":\"Xarrada amb l'autora Nina Sweet - Ayuntamiento de Mutxamel\",\"isPartOf\":{\"@id\":\"https:\\\/\\\/ayto.mutxamel.org\\\/ca\\\/#website\"},\"primaryImageOfPage\":{\"@id\":\"https:\\\/\\\/ayto.mutxamel.org\\\/ca\\\/eventos\\\/xarrada-amb-lautora-nina-sweet\\\/#primaryimage\"},\"image\":{\"@id\":\"https:\\\/\\\/ayto.mutxamel.org\\\/ca\\\/eventos\\\/xarrada-amb-lautora-nina-sweet\\\/#primaryimage\"},\"thumbnailUrl\":\"https:\\\/\\\/ayto.mutxamel.org\\\/wp-content\\\/uploads\\\/2025\\\/05\\\/681877d5ed6260.38410720NINA-SWEET-VAL-1.jpg\",\"datePublished\":\"2025-05-05T09:59:40+00:00\",\"dateModified\":\"2025-05-05T10:03:09+00:00\",\"breadcrumb\":{\"@id\":\"https:\\\/\\\/ayto.mutxamel.org\\\/ca\\\/eventos\\\/xarrada-amb-lautora-nina-sweet\\\/#breadcrumb\"},\"inLanguage\":\"ca\",\"potentialAction\":[{\"@type\":\"ReadAction\",\"target\":[\"https:\\\/\\\/ayto.mutxamel.org\\\/ca\\\/eventos\\\/xarrada-amb-lautora-nina-sweet\\\/\"]}]},{\"@type\":\"ImageObject\",\"inLanguage\":\"ca\",\"@id\":\"https:\\\/\\\/ayto.mutxamel.org\\\/ca\\\/eventos\\\/xarrada-amb-lautora-nina-sweet\\\/#primaryimage\",\"url\":\"https:\\\/\\\/ayto.mutxamel.org\\\/wp-content\\\/uploads\\\/2025\\\/05\\\/681877d5ed6260.38410720NINA-SWEET-VAL-1.jpg\",\"contentUrl\":\"https:\\\/\\\/ayto.mutxamel.org\\\/wp-content\\\/uploads\\\/2025\\\/05\\\/681877d5ed6260.38410720NINA-SWEET-VAL-1.jpg\",\"width\":1080,\"height\":1080},{\"@type\":\"BreadcrumbList\",\"@id\":\"https:\\\/\\\/ayto.mutxamel.org\\\/ca\\\/eventos\\\/xarrada-amb-lautora-nina-sweet\\\/#breadcrumb\",\"itemListElement\":[{\"@type\":\"ListItem\",\"position\":1,\"name\":\"Portada\",\"item\":\"https:\\\/\\\/ayto.mutxamel.org\\\/ca\\\/\"},{\"@type\":\"ListItem\",\"position\":2,\"name\":\"Events\",\"item\":\"https:\\\/\\\/ayto.mutxamel.org\\\/ca\\\/eventos\\\/\"},{\"@type\":\"ListItem\",\"position\":3,\"name\":\"Xarrada amb l&#8217;autora Nina Sweet\"}]},{\"@type\":\"WebSite\",\"@id\":\"https:\\\/\\\/ayto.mutxamel.org\\\/ca\\\/#website\",\"url\":\"https:\\\/\\\/ayto.mutxamel.org\\\/ca\\\/\",\"name\":\"Ayuntamiento de Mutxamel\",\"description\":\"\",\"potentialAction\":[{\"@type\":\"SearchAction\",\"target\":{\"@type\":\"EntryPoint\",\"urlTemplate\":\"https:\\\/\\\/ayto.mutxamel.org\\\/ca\\\/?s={search_term_string}\"},\"query-input\":{\"@type\":\"PropertyValueSpecification\",\"valueRequired\":true,\"valueName\":\"search_term_string\"}}],\"inLanguage\":\"ca\"}]}<\/script>\n<!-- \/ Yoast SEO plugin. -->","yoast_head_json":{"title":"Xarrada amb l'autora Nina Sweet - Ayuntamiento de Mutxamel","robots":{"index":"index","follow":"follow","max-snippet":"max-snippet:-1","max-image-preview":"max-image-preview:large","max-video-preview":"max-video-preview:-1"},"canonical":"https:\/\/ayto.mutxamel.org\/ca\/eventos\/xarrada-amb-lautora-nina-sweet\/","og_locale":"ca_ES","og_type":"article","og_title":"Xarrada amb l'autora Nina Sweet - Ayuntamiento de Mutxamel","og_description":"\u00c9s un privilegi per a nosaltres tindre a l&#8217;autora Paz Castell\u00f3 (Nina Sweet) el dia 16 de maig. Ens presentar\u00e0 i desgranar\u00e0 els aspectes m\u00e9s importants de la seua nova novel\u00b7la \u201cLo prohibido\u201d. Es tracta d&#8217;una obra de suspens rom\u00e0ntic que est\u00e0 tenint molt bon acolliment entre els lectors i lectores de tot el m\u00f3n....","og_url":"https:\/\/ayto.mutxamel.org\/ca\/eventos\/xarrada-amb-lautora-nina-sweet\/","og_site_name":"Ayuntamiento de Mutxamel","article_modified_time":"2025-05-05T10:03:09+00:00","og_image":[{"width":1080,"height":1080,"url":"https:\/\/ayto.mutxamel.org\/wp-content\/uploads\/2025\/05\/681877d5ed6260.38410720NINA-SWEET-VAL-1.jpg","type":"image\/jpeg"}],"twitter_card":"summary_large_image","twitter_misc":{"Temps estimat de lectura":"1 minut"},"schema":{"@context":"https:\/\/schema.org","@graph":[{"@type":"WebPage","@id":"https:\/\/ayto.mutxamel.org\/ca\/eventos\/xarrada-amb-lautora-nina-sweet\/","url":"https:\/\/ayto.mutxamel.org\/ca\/eventos\/xarrada-amb-lautora-nina-sweet\/","name":"Xarrada amb l'autora Nina Sweet - Ayuntamiento de Mutxamel","isPartOf":{"@id":"https:\/\/ayto.mutxamel.org\/ca\/#website"},"primaryImageOfPage":{"@id":"https:\/\/ayto.mutxamel.org\/ca\/eventos\/xarrada-amb-lautora-nina-sweet\/#primaryimage"},"image":{"@id":"https:\/\/ayto.mutxamel.org\/ca\/eventos\/xarrada-amb-lautora-nina-sweet\/#primaryimage"},"thumbnailUrl":"https:\/\/ayto.mutxamel.org\/wp-content\/uploads\/2025\/05\/681877d5ed6260.38410720NINA-SWEET-VAL-1.jpg","datePublished":"2025-05-05T09:59:40+00:00","dateModified":"2025-05-05T10:03:09+00:00","breadcrumb":{"@id":"https:\/\/ayto.mutxamel.org\/ca\/eventos\/xarrada-amb-lautora-nina-sweet\/#breadcrumb"},"inLanguage":"ca","potentialAction":[{"@type":"ReadAction","target":["https:\/\/ayto.mutxamel.org\/ca\/eventos\/xarrada-amb-lautora-nina-sweet\/"]}]},{"@type":"ImageObject","inLanguage":"ca","@id":"https:\/\/ayto.mutxamel.org\/ca\/eventos\/xarrada-amb-lautora-nina-sweet\/#primaryimage","url":"https:\/\/ayto.mutxamel.org\/wp-content\/uploads\/2025\/05\/681877d5ed6260.38410720NINA-SWEET-VAL-1.jpg","contentUrl":"https:\/\/ayto.mutxamel.org\/wp-content\/uploads\/2025\/05\/681877d5ed6260.38410720NINA-SWEET-VAL-1.jpg","width":1080,"height":1080},{"@type":"BreadcrumbList","@id":"https:\/\/ayto.mutxamel.org\/ca\/eventos\/xarrada-amb-lautora-nina-sweet\/#breadcrumb","itemListElement":[{"@type":"ListItem","position":1,"name":"Portada","item":"https:\/\/ayto.mutxamel.org\/ca\/"},{"@type":"ListItem","position":2,"name":"Events","item":"https:\/\/ayto.mutxamel.org\/ca\/eventos\/"},{"@type":"ListItem","position":3,"name":"Xarrada amb l&#8217;autora Nina Sweet"}]},{"@type":"WebSite","@id":"https:\/\/ayto.mutxamel.org\/ca\/#website","url":"https:\/\/ayto.mutxamel.org\/ca\/","name":"Ayuntamiento de Mutxamel","description":"","potentialAction":[{"@type":"SearchAction","target":{"@type":"EntryPoint","urlTemplate":"https:\/\/ayto.mutxamel.org\/ca\/?s={search_term_string}"},"query-input":{"@type":"PropertyValueSpecification","valueRequired":true,"valueName":"search_term_string"}}],"inLanguage":"ca"}]}},"_links":{"self":[{"href":"https:\/\/ayto.mutxamel.org\/ca\/wp-json\/wp\/v2\/mec-events\/57018","targetHints":{"allow":["GET"]}}],"collection":[{"href":"https:\/\/ayto.mutxamel.org\/ca\/wp-json\/wp\/v2\/mec-events"}],"about":[{"href":"https:\/\/ayto.mutxamel.org\/ca\/wp-json\/wp\/v2\/types\/mec-events"}],"author":[{"embeddable":true,"href":"https:\/\/ayto.mutxamel.org\/ca\/wp-json\/wp\/v2\/users\/11"}],"replies":[{"embeddable":true,"href":"https:\/\/ayto.mutxamel.org\/ca\/wp-json\/wp\/v2\/comments?post=57018"}],"wp:featuredmedia":[{"embeddable":true,"href":"https:\/\/ayto.mutxamel.org\/ca\/wp-json\/wp\/v2\/media\/57019"}],"wp:attachment":[{"href":"https:\/\/ayto.mutxamel.org\/ca\/wp-json\/wp\/v2\/media?parent=57018"}],"wp:term":[{"taxonomy":"post_tag","embeddable":true,"href":"https:\/\/ayto.mutxamel.org\/ca\/wp-json\/wp\/v2\/tags?post=57018"},{"taxonomy":"mec_category","embeddable":true,"href":"https:\/\/ayto.mutxamel.org\/ca\/wp-json\/wp\/v2\/mec_category?post=57018"}],"curies":[{"name":"wp","href":"https:\/\/api.w.org\/{rel}","templated":true}]}}

<p>És un privilegi per a nosaltres tindre a l&#8217;autora Paz Castelló (Nina Sweet) el dia 16 de maig. Ens presentarà i desgranarà els aspectes més importants de la seua nova novel·la “Lo prohibido”. Es tracta d&#8217;una obra de suspens romàntic que està tenint molt bon acolliment entre els lectors i lectores de tot el món.</p>
<p>Si sents curiositat passa&#8217;t per la biblioteca i compartix este moment amb nosaltres, a més, es podrà adquirir el llibre el mateix dia de la presentació.</p>

<p>És un privilegi per a nosaltres tindre a l&#8217;autora Paz Castelló (Nina Sweet) el dia 16 de maig. Ens presentarà i desgranarà els aspectes més importants de la seua nova novel·la “Lo prohibido”. Es tracta d&#8217;una obra de suspens romàntic que està tenint molt bon acolliment entre els lectors i lectores de tot el món&#8230;.</p>

<!-- This site is optimized with the Yoast SEO plugin v27.3 - https://yoast.com/product/yoast-seo-wordpress/ -->
<title>Xarrada amb l&#039;autora Nina Sweet - Ayuntamiento de Mutxamel</title>
<meta name="robots" content="index, follow, max-snippet:-1, max-image-preview:large, max-video-preview:-1" />
<link rel="canonical" href="https://ayto.mutxamel.org/ca/eventos/xarrada-amb-lautora-nina-sweet/" />
<meta property="og:locale" content="ca_ES" />
<meta property="og:type" content="article" />
<meta property="og:title" content="Xarrada amb l&#039;autora Nina Sweet - Ayuntamiento de Mutxamel" />
<meta property="og:description" content="És un privilegi per a nosaltres tindre a l&#8217;autora Paz Castelló (Nina Sweet) el dia 16 de maig. Ens presentarà i desgranarà els aspectes més importants de la seua nova novel·la “Lo prohibido”. Es tracta d&#8217;una obra de suspens romàntic que està tenint molt bon acolliment entre els lectors i lectores de tot el món...." />
<meta property="og:url" content="https://ayto.mutxamel.org/ca/eventos/xarrada-amb-lautora-nina-sweet/" />
<meta property="og:site_name" content="Ayuntamiento de Mutxamel" />
<meta property="article:modified_time" content="2025-05-05T10:03:09+00:00" />
<meta property="og:image" content="https://ayto.mutxamel.org/wp-content/uploads/2025/05/681877d5ed6260.38410720NINA-SWEET-VAL-1.jpg" />
	<meta property="og:image:width" content="1080" />
	<meta property="og:image:height" content="1080" />
	<meta property="og:image:type" content="image/jpeg" />
<meta name="twitter:card" content="summary_large_image" />
<meta name="twitter:label1" content="Temps estimat de lectura" />
	<meta name="twitter:data1" content="1 minut" />
<script type="application/ld+json" class="yoast-schema-graph">{"@context":"https:\/\/schema.org","@graph":[{"@type":"WebPage","@id":"https:\/\/ayto.mutxamel.org\/ca\/eventos\/xarrada-amb-lautora-nina-sweet\/","url":"https:\/\/ayto.mutxamel.org\/ca\/eventos\/xarrada-amb-lautora-nina-sweet\/","name":"Xarrada amb l'autora Nina Sweet - Ayuntamiento de Mutxamel","isPartOf":{"@id":"https:\/\/ayto.mutxamel.org\/ca\/#website"},"primaryImageOfPage":{"@id":"https:\/\/ayto.mutxamel.org\/ca\/eventos\/xarrada-amb-lautora-nina-sweet\/#primaryimage"},"image":{"@id":"https:\/\/ayto.mutxamel.org\/ca\/eventos\/xarrada-amb-lautora-nina-sweet\/#primaryimage"},"thumbnailUrl":"https:\/\/ayto.mutxamel.org\/wp-content\/uploads\/2025\/05\/681877d5ed6260.38410720NINA-SWEET-VAL-1.jpg","datePublished":"2025-05-05T09:59:40+00:00","dateModified":"2025-05-05T10:03:09+00:00","breadcrumb":{"@id":"https:\/\/ayto.mutxamel.org\/ca\/eventos\/xarrada-amb-lautora-nina-sweet\/#breadcrumb"},"inLanguage":"ca","potentialAction":[{"@type":"ReadAction","target":["https:\/\/ayto.mutxamel.org\/ca\/eventos\/xarrada-amb-lautora-nina-sweet\/"]}]},{"@type":"ImageObject","inLanguage":"ca","@id":"https:\/\/ayto.mutxamel.org\/ca\/eventos\/xarrada-amb-lautora-nina-sweet\/#primaryimage","url":"https:\/\/ayto.mutxamel.org\/wp-content\/uploads\/2025\/05\/681877d5ed6260.38410720NINA-SWEET-VAL-1.jpg","contentUrl":"https:\/\/ayto.mutxamel.org\/wp-content\/uploads\/2025\/05\/681877d5ed6260.38410720NINA-SWEET-VAL-1.jpg","width":1080,"height":1080},{"@type":"BreadcrumbList","@id":"https:\/\/ayto.mutxamel.org\/ca\/eventos\/xarrada-amb-lautora-nina-sweet\/#breadcrumb","itemListElement":[{"@type":"ListItem","position":1,"name":"Portada","item":"https:\/\/ayto.mutxamel.org\/ca\/"},{"@type":"ListItem","position":2,"name":"Events","item":"https:\/\/ayto.mutxamel.org\/ca\/eventos\/"},{"@type":"ListItem","position":3,"name":"Xarrada amb l&#8217;autora Nina Sweet"}]},{"@type":"WebSite","@id":"https:\/\/ayto.mutxamel.org\/ca\/#website","url":"https:\/\/ayto.mutxamel.org\/ca\/","name":"Ayuntamiento de Mutxamel","description":"","potentialAction":[{"@type":"SearchAction","target":{"@type":"EntryPoint","urlTemplate":"https:\/\/ayto.mutxamel.org\/ca\/?s={search_term_string}"},"query-input":{"@type":"PropertyValueSpecification","valueRequired":true,"valueName":"search_term_string"}}],"inLanguage":"ca"}]}</script>
<!-- / Yoast SEO plugin. -->

És un privilegi per a nosaltres tindre a l&#8217;autora Paz Castelló (Nina Sweet) el dia 16 de maig. Ens presentarà i desgranarà els aspectes més importants de la seua nova novel·la “Lo prohibido”. Es tracta d&#8217;una obra de suspens romàntic que està tenint molt bon acolliment entre els lectors i lectores de tot el món....
