{"id":56367,"date":"2025-04-11T09:35:06","date_gmt":"2025-04-11T07:35:06","guid":{"rendered":"https:\/\/ayto.mutxamel.org\/eventos\/escola-de-families-acompanyant-emocions\/"},"modified":"2025-04-11T09:38:46","modified_gmt":"2025-04-11T07:38:46","slug":"escola-de-families-acompanyant-emocions","status":"publish","type":"mec-events","link":"https:\/\/ayto.mutxamel.org\/ca\/eventos\/escola-de-families-acompanyant-emocions\/","title":{"rendered":"Escola de fam\u00edlies: Acompanyant emocions"},"content":{"rendered":"<p>Escola de Fam\u00edlies: Acompanyant Emocions<\/p>\n<ul>\n<li>29 d&#8217;abril<\/li>\n<li>17:00 h<\/li>\n<li>CEIP Arbre Blanc<\/li>\n<\/ul>\n<p>Ponent: Elvira Carrera. Neurocoach educativa, mediadora escolar i arteterapeuta.<\/p>\n<p>Una trobada interactiva pensada per a fam\u00edlies i professionals, on aprendrem a acompanyar emocionalment als nostres fills i filles, a comprendre millor el que senten i a gestionar les nostres pr\u00f2pies emocions com a persones adultes. Un espai per a reflexionar, compartir i cr\u00e9ixer junts en fam\u00edlia.<\/p>\n<p>Servici de ludoteca disponible durant la sessi\u00f3.<br \/>\nEntrada lliure i gratu\u00efta.<\/p>\n","protected":false},"excerpt":{"rendered":"<p>Escola de Fam\u00edlies: Acompanyant Emocions 29 d&#8217;abril 17:00 h CEIP Arbre Blanc Ponent: Elvira Carrera. Neurocoach educativa, mediadora escolar i arteterapeuta. Una trobada interactiva pensada per a fam\u00edlies i professionals, on aprendrem a acompanyar emocionalment als nostres fills i filles, a comprendre millor el que senten i a gestionar les nostres pr\u00f2pies emocions com a&#8230;<\/p>\n","protected":false},"author":11,"featured_media":56364,"comment_status":"closed","ping_status":"closed","template":"","tags":[],"mec_category":[13],"class_list":["post-56367","mec-events","type-mec-events","status-publish","has-post-thumbnail","hentry","mec_category-educacio"],"acf":[],"yoast_head":"<!-- This site is optimized with the Yoast SEO plugin v27.3 - https:\/\/yoast.com\/product\/yoast-seo-wordpress\/ -->\n<title>Escola de fam\u00edlies: Acompanyant emocions - Ayuntamiento de Mutxamel<\/title>\n<meta name=\"robots\" content=\"index, follow, max-snippet:-1, max-image-preview:large, max-video-preview:-1\" \/>\n<link rel=\"canonical\" href=\"https:\/\/ayto.mutxamel.org\/ca\/eventos\/escola-de-families-acompanyant-emocions\/\" \/>\n<meta property=\"og:locale\" content=\"ca_ES\" \/>\n<meta property=\"og:type\" content=\"article\" \/>\n<meta property=\"og:title\" content=\"Escola de fam\u00edlies: Acompanyant emocions - Ayuntamiento de Mutxamel\" \/>\n<meta property=\"og:description\" content=\"Escola de Fam\u00edlies: Acompanyant Emocions 29 d&#8217;abril 17:00 h CEIP Arbre Blanc Ponent: Elvira Carrera. Neurocoach educativa, mediadora escolar i arteterapeuta. Una trobada interactiva pensada per a fam\u00edlies i professionals, on aprendrem a acompanyar emocionalment als nostres fills i filles, a comprendre millor el que senten i a gestionar les nostres pr\u00f2pies emocions com a...\" \/>\n<meta property=\"og:url\" content=\"https:\/\/ayto.mutxamel.org\/ca\/eventos\/escola-de-families-acompanyant-emocions\/\" \/>\n<meta property=\"og:site_name\" content=\"Ayuntamiento de Mutxamel\" \/>\n<meta property=\"article:modified_time\" content=\"2025-04-11T07:38:46+00:00\" \/>\n<meta property=\"og:image\" content=\"https:\/\/ayto.mutxamel.org\/wp-content\/uploads\/2025\/04\/VALENCIANO-scaled.jpg\" \/>\n\t<meta property=\"og:image:width\" content=\"1357\" \/>\n\t<meta property=\"og:image:height\" content=\"1920\" \/>\n\t<meta property=\"og:image:type\" content=\"image\/jpeg\" \/>\n<meta name=\"twitter:card\" content=\"summary_large_image\" \/>\n<meta name=\"twitter:label1\" content=\"Temps estimat de lectura\" \/>\n\t<meta name=\"twitter:data1\" content=\"1 minut\" \/>\n<script type=\"application\/ld+json\" class=\"yoast-schema-graph\">{\"@context\":\"https:\\\/\\\/schema.org\",\"@graph\":[{\"@type\":\"WebPage\",\"@id\":\"https:\\\/\\\/ayto.mutxamel.org\\\/ca\\\/eventos\\\/escola-de-families-acompanyant-emocions\\\/\",\"url\":\"https:\\\/\\\/ayto.mutxamel.org\\\/ca\\\/eventos\\\/escola-de-families-acompanyant-emocions\\\/\",\"name\":\"Escola de fam\u00edlies: Acompanyant emocions - Ayuntamiento de Mutxamel\",\"isPartOf\":{\"@id\":\"https:\\\/\\\/ayto.mutxamel.org\\\/ca\\\/#website\"},\"primaryImageOfPage\":{\"@id\":\"https:\\\/\\\/ayto.mutxamel.org\\\/ca\\\/eventos\\\/escola-de-families-acompanyant-emocions\\\/#primaryimage\"},\"image\":{\"@id\":\"https:\\\/\\\/ayto.mutxamel.org\\\/ca\\\/eventos\\\/escola-de-families-acompanyant-emocions\\\/#primaryimage\"},\"thumbnailUrl\":\"https:\\\/\\\/ayto.mutxamel.org\\\/wp-content\\\/uploads\\\/2025\\\/04\\\/VALENCIANO-scaled.jpg\",\"datePublished\":\"2025-04-11T07:35:06+00:00\",\"dateModified\":\"2025-04-11T07:38:46+00:00\",\"breadcrumb\":{\"@id\":\"https:\\\/\\\/ayto.mutxamel.org\\\/ca\\\/eventos\\\/escola-de-families-acompanyant-emocions\\\/#breadcrumb\"},\"inLanguage\":\"ca\",\"potentialAction\":[{\"@type\":\"ReadAction\",\"target\":[\"https:\\\/\\\/ayto.mutxamel.org\\\/ca\\\/eventos\\\/escola-de-families-acompanyant-emocions\\\/\"]}]},{\"@type\":\"ImageObject\",\"inLanguage\":\"ca\",\"@id\":\"https:\\\/\\\/ayto.mutxamel.org\\\/ca\\\/eventos\\\/escola-de-families-acompanyant-emocions\\\/#primaryimage\",\"url\":\"https:\\\/\\\/ayto.mutxamel.org\\\/wp-content\\\/uploads\\\/2025\\\/04\\\/VALENCIANO-scaled.jpg\",\"contentUrl\":\"https:\\\/\\\/ayto.mutxamel.org\\\/wp-content\\\/uploads\\\/2025\\\/04\\\/VALENCIANO-scaled.jpg\",\"width\":1357,\"height\":1920,\"caption\":\"Escuela de familias emociones VAL\"},{\"@type\":\"BreadcrumbList\",\"@id\":\"https:\\\/\\\/ayto.mutxamel.org\\\/ca\\\/eventos\\\/escola-de-families-acompanyant-emocions\\\/#breadcrumb\",\"itemListElement\":[{\"@type\":\"ListItem\",\"position\":1,\"name\":\"Portada\",\"item\":\"https:\\\/\\\/ayto.mutxamel.org\\\/ca\\\/\"},{\"@type\":\"ListItem\",\"position\":2,\"name\":\"Events\",\"item\":\"https:\\\/\\\/ayto.mutxamel.org\\\/ca\\\/eventos\\\/\"},{\"@type\":\"ListItem\",\"position\":3,\"name\":\"Escola de fam\u00edlies: Acompanyant emocions\"}]},{\"@type\":\"WebSite\",\"@id\":\"https:\\\/\\\/ayto.mutxamel.org\\\/ca\\\/#website\",\"url\":\"https:\\\/\\\/ayto.mutxamel.org\\\/ca\\\/\",\"name\":\"Ayuntamiento de Mutxamel\",\"description\":\"\",\"potentialAction\":[{\"@type\":\"SearchAction\",\"target\":{\"@type\":\"EntryPoint\",\"urlTemplate\":\"https:\\\/\\\/ayto.mutxamel.org\\\/ca\\\/?s={search_term_string}\"},\"query-input\":{\"@type\":\"PropertyValueSpecification\",\"valueRequired\":true,\"valueName\":\"search_term_string\"}}],\"inLanguage\":\"ca\"}]}<\/script>\n<!-- \/ Yoast SEO plugin. -->","yoast_head_json":{"title":"Escola de fam\u00edlies: Acompanyant emocions - Ayuntamiento de Mutxamel","robots":{"index":"index","follow":"follow","max-snippet":"max-snippet:-1","max-image-preview":"max-image-preview:large","max-video-preview":"max-video-preview:-1"},"canonical":"https:\/\/ayto.mutxamel.org\/ca\/eventos\/escola-de-families-acompanyant-emocions\/","og_locale":"ca_ES","og_type":"article","og_title":"Escola de fam\u00edlies: Acompanyant emocions - Ayuntamiento de Mutxamel","og_description":"Escola de Fam\u00edlies: Acompanyant Emocions 29 d&#8217;abril 17:00 h CEIP Arbre Blanc Ponent: Elvira Carrera. Neurocoach educativa, mediadora escolar i arteterapeuta. Una trobada interactiva pensada per a fam\u00edlies i professionals, on aprendrem a acompanyar emocionalment als nostres fills i filles, a comprendre millor el que senten i a gestionar les nostres pr\u00f2pies emocions com a...","og_url":"https:\/\/ayto.mutxamel.org\/ca\/eventos\/escola-de-families-acompanyant-emocions\/","og_site_name":"Ayuntamiento de Mutxamel","article_modified_time":"2025-04-11T07:38:46+00:00","og_image":[{"width":1357,"height":1920,"url":"https:\/\/ayto.mutxamel.org\/wp-content\/uploads\/2025\/04\/VALENCIANO-scaled.jpg","type":"image\/jpeg"}],"twitter_card":"summary_large_image","twitter_misc":{"Temps estimat de lectura":"1 minut"},"schema":{"@context":"https:\/\/schema.org","@graph":[{"@type":"WebPage","@id":"https:\/\/ayto.mutxamel.org\/ca\/eventos\/escola-de-families-acompanyant-emocions\/","url":"https:\/\/ayto.mutxamel.org\/ca\/eventos\/escola-de-families-acompanyant-emocions\/","name":"Escola de fam\u00edlies: Acompanyant emocions - Ayuntamiento de Mutxamel","isPartOf":{"@id":"https:\/\/ayto.mutxamel.org\/ca\/#website"},"primaryImageOfPage":{"@id":"https:\/\/ayto.mutxamel.org\/ca\/eventos\/escola-de-families-acompanyant-emocions\/#primaryimage"},"image":{"@id":"https:\/\/ayto.mutxamel.org\/ca\/eventos\/escola-de-families-acompanyant-emocions\/#primaryimage"},"thumbnailUrl":"https:\/\/ayto.mutxamel.org\/wp-content\/uploads\/2025\/04\/VALENCIANO-scaled.jpg","datePublished":"2025-04-11T07:35:06+00:00","dateModified":"2025-04-11T07:38:46+00:00","breadcrumb":{"@id":"https:\/\/ayto.mutxamel.org\/ca\/eventos\/escola-de-families-acompanyant-emocions\/#breadcrumb"},"inLanguage":"ca","potentialAction":[{"@type":"ReadAction","target":["https:\/\/ayto.mutxamel.org\/ca\/eventos\/escola-de-families-acompanyant-emocions\/"]}]},{"@type":"ImageObject","inLanguage":"ca","@id":"https:\/\/ayto.mutxamel.org\/ca\/eventos\/escola-de-families-acompanyant-emocions\/#primaryimage","url":"https:\/\/ayto.mutxamel.org\/wp-content\/uploads\/2025\/04\/VALENCIANO-scaled.jpg","contentUrl":"https:\/\/ayto.mutxamel.org\/wp-content\/uploads\/2025\/04\/VALENCIANO-scaled.jpg","width":1357,"height":1920,"caption":"Escuela de familias emociones VAL"},{"@type":"BreadcrumbList","@id":"https:\/\/ayto.mutxamel.org\/ca\/eventos\/escola-de-families-acompanyant-emocions\/#breadcrumb","itemListElement":[{"@type":"ListItem","position":1,"name":"Portada","item":"https:\/\/ayto.mutxamel.org\/ca\/"},{"@type":"ListItem","position":2,"name":"Events","item":"https:\/\/ayto.mutxamel.org\/ca\/eventos\/"},{"@type":"ListItem","position":3,"name":"Escola de fam\u00edlies: Acompanyant emocions"}]},{"@type":"WebSite","@id":"https:\/\/ayto.mutxamel.org\/ca\/#website","url":"https:\/\/ayto.mutxamel.org\/ca\/","name":"Ayuntamiento de Mutxamel","description":"","potentialAction":[{"@type":"SearchAction","target":{"@type":"EntryPoint","urlTemplate":"https:\/\/ayto.mutxamel.org\/ca\/?s={search_term_string}"},"query-input":{"@type":"PropertyValueSpecification","valueRequired":true,"valueName":"search_term_string"}}],"inLanguage":"ca"}]}},"_links":{"self":[{"href":"https:\/\/ayto.mutxamel.org\/ca\/wp-json\/wp\/v2\/mec-events\/56367","targetHints":{"allow":["GET"]}}],"collection":[{"href":"https:\/\/ayto.mutxamel.org\/ca\/wp-json\/wp\/v2\/mec-events"}],"about":[{"href":"https:\/\/ayto.mutxamel.org\/ca\/wp-json\/wp\/v2\/types\/mec-events"}],"author":[{"embeddable":true,"href":"https:\/\/ayto.mutxamel.org\/ca\/wp-json\/wp\/v2\/users\/11"}],"replies":[{"embeddable":true,"href":"https:\/\/ayto.mutxamel.org\/ca\/wp-json\/wp\/v2\/comments?post=56367"}],"wp:featuredmedia":[{"embeddable":true,"href":"https:\/\/ayto.mutxamel.org\/ca\/wp-json\/wp\/v2\/media\/56364"}],"wp:attachment":[{"href":"https:\/\/ayto.mutxamel.org\/ca\/wp-json\/wp\/v2\/media?parent=56367"}],"wp:term":[{"taxonomy":"post_tag","embeddable":true,"href":"https:\/\/ayto.mutxamel.org\/ca\/wp-json\/wp\/v2\/tags?post=56367"},{"taxonomy":"mec_category","embeddable":true,"href":"https:\/\/ayto.mutxamel.org\/ca\/wp-json\/wp\/v2\/mec_category?post=56367"}],"curies":[{"name":"wp","href":"https:\/\/api.w.org\/{rel}","templated":true}]}}

Escola de famílies: Acompanyant emocions

<p>Escola de Famílies: Acompanyant Emocions</p>
<ul>
<li>29 d&#8217;abril</li>
<li>17:00 h</li>
<li>CEIP Arbre Blanc</li>
</ul>
<p>Ponent: Elvira Carrera. Neurocoach educativa, mediadora escolar i arteterapeuta.</p>
<p>Una trobada interactiva pensada per a famílies i professionals, on aprendrem a acompanyar emocionalment als nostres fills i filles, a comprendre millor el que senten i a gestionar les nostres pròpies emocions com a persones adultes. Un espai per a reflexionar, compartir i créixer junts en família.</p>
<p>Servici de ludoteca disponible durant la sessió.<br />
Entrada lliure i gratuïta.</p>

<p>Escola de Famílies: Acompanyant Emocions 29 d&#8217;abril 17:00 h CEIP Arbre Blanc Ponent: Elvira Carrera. Neurocoach educativa, mediadora escolar i arteterapeuta. Una trobada interactiva pensada per a famílies i professionals, on aprendrem a acompanyar emocionalment als nostres fills i filles, a comprendre millor el que senten i a gestionar les nostres pròpies emocions com a&#8230;</p>

<!-- This site is optimized with the Yoast SEO plugin v27.3 - https://yoast.com/product/yoast-seo-wordpress/ -->
<title>Escola de famílies: Acompanyant emocions - Ayuntamiento de Mutxamel</title>
<meta name="robots" content="index, follow, max-snippet:-1, max-image-preview:large, max-video-preview:-1" />
<link rel="canonical" href="https://ayto.mutxamel.org/ca/eventos/escola-de-families-acompanyant-emocions/" />
<meta property="og:locale" content="ca_ES" />
<meta property="og:type" content="article" />
<meta property="og:title" content="Escola de famílies: Acompanyant emocions - Ayuntamiento de Mutxamel" />
<meta property="og:description" content="Escola de Famílies: Acompanyant Emocions 29 d&#8217;abril 17:00 h CEIP Arbre Blanc Ponent: Elvira Carrera. Neurocoach educativa, mediadora escolar i arteterapeuta. Una trobada interactiva pensada per a famílies i professionals, on aprendrem a acompanyar emocionalment als nostres fills i filles, a comprendre millor el que senten i a gestionar les nostres pròpies emocions com a..." />
<meta property="og:url" content="https://ayto.mutxamel.org/ca/eventos/escola-de-families-acompanyant-emocions/" />
<meta property="og:site_name" content="Ayuntamiento de Mutxamel" />
<meta property="article:modified_time" content="2025-04-11T07:38:46+00:00" />
<meta property="og:image" content="https://ayto.mutxamel.org/wp-content/uploads/2025/04/VALENCIANO-scaled.jpg" />
	<meta property="og:image:width" content="1357" />
	<meta property="og:image:height" content="1920" />
	<meta property="og:image:type" content="image/jpeg" />
<meta name="twitter:card" content="summary_large_image" />
<meta name="twitter:label1" content="Temps estimat de lectura" />
	<meta name="twitter:data1" content="1 minut" />
<script type="application/ld+json" class="yoast-schema-graph">{"@context":"https:\/\/schema.org","@graph":[{"@type":"WebPage","@id":"https:\/\/ayto.mutxamel.org\/ca\/eventos\/escola-de-families-acompanyant-emocions\/","url":"https:\/\/ayto.mutxamel.org\/ca\/eventos\/escola-de-families-acompanyant-emocions\/","name":"Escola de famílies: Acompanyant emocions - Ayuntamiento de Mutxamel","isPartOf":{"@id":"https:\/\/ayto.mutxamel.org\/ca\/#website"},"primaryImageOfPage":{"@id":"https:\/\/ayto.mutxamel.org\/ca\/eventos\/escola-de-families-acompanyant-emocions\/#primaryimage"},"image":{"@id":"https:\/\/ayto.mutxamel.org\/ca\/eventos\/escola-de-families-acompanyant-emocions\/#primaryimage"},"thumbnailUrl":"https:\/\/ayto.mutxamel.org\/wp-content\/uploads\/2025\/04\/VALENCIANO-scaled.jpg","datePublished":"2025-04-11T07:35:06+00:00","dateModified":"2025-04-11T07:38:46+00:00","breadcrumb":{"@id":"https:\/\/ayto.mutxamel.org\/ca\/eventos\/escola-de-families-acompanyant-emocions\/#breadcrumb"},"inLanguage":"ca","potentialAction":[{"@type":"ReadAction","target":["https:\/\/ayto.mutxamel.org\/ca\/eventos\/escola-de-families-acompanyant-emocions\/"]}]},{"@type":"ImageObject","inLanguage":"ca","@id":"https:\/\/ayto.mutxamel.org\/ca\/eventos\/escola-de-families-acompanyant-emocions\/#primaryimage","url":"https:\/\/ayto.mutxamel.org\/wp-content\/uploads\/2025\/04\/VALENCIANO-scaled.jpg","contentUrl":"https:\/\/ayto.mutxamel.org\/wp-content\/uploads\/2025\/04\/VALENCIANO-scaled.jpg","width":1357,"height":1920,"caption":"Escuela de familias emociones VAL"},{"@type":"BreadcrumbList","@id":"https:\/\/ayto.mutxamel.org\/ca\/eventos\/escola-de-families-acompanyant-emocions\/#breadcrumb","itemListElement":[{"@type":"ListItem","position":1,"name":"Portada","item":"https:\/\/ayto.mutxamel.org\/ca\/"},{"@type":"ListItem","position":2,"name":"Events","item":"https:\/\/ayto.mutxamel.org\/ca\/eventos\/"},{"@type":"ListItem","position":3,"name":"Escola de famílies: Acompanyant emocions"}]},{"@type":"WebSite","@id":"https:\/\/ayto.mutxamel.org\/ca\/#website","url":"https:\/\/ayto.mutxamel.org\/ca\/","name":"Ayuntamiento de Mutxamel","description":"","potentialAction":[{"@type":"SearchAction","target":{"@type":"EntryPoint","urlTemplate":"https:\/\/ayto.mutxamel.org\/ca\/?s={search_term_string}"},"query-input":{"@type":"PropertyValueSpecification","valueRequired":true,"valueName":"search_term_string"}}],"inLanguage":"ca"}]}</script>
<!-- / Yoast SEO plugin. -->

Escola de famílies: Acompanyant emocions - Ayuntamiento de Mutxamel

Escola de Famílies: Acompanyant Emocions 29 d&#8217;abril 17:00 h CEIP Arbre Blanc Ponent: Elvira Carrera. Neurocoach educativa, mediadora escolar i arteterapeuta. Una trobada interactiva pensada per a famílies i professionals, on aprendrem a acompanyar emocionalment als nostres fills i filles, a comprendre millor el que senten i a gestionar les nostres pròpies emocions com a...
