{"id":55087,"date":"2025-03-11T11:19:25","date_gmt":"2025-03-11T10:19:25","guid":{"rendered":"https:\/\/ayto.mutxamel.org\/eventos\/ravalet-en-igualtat\/"},"modified":"2025-03-11T11:21:36","modified_gmt":"2025-03-11T10:21:36","slug":"ravalet-en-igualtat","status":"publish","type":"mec-events","link":"https:\/\/ayto.mutxamel.org\/ca\/eventos\/ravalet-en-igualtat\/","title":{"rendered":"Ravalet en igualtat"},"content":{"rendered":"<p>Et convidem a la inauguraci\u00f3 de l&#8217;exposici\u00f3 &#8220;Dones del Ravalet: Retrats de Fortalesa i Resili\u00e8ncia&#8221;. Veuen a con\u00e9ixer les hist\u00f2ries inspiradores de dones que han deixat empremta en la nostra comunitat. Els seus retrats s\u00f3n un homenatge a la for\u00e7a i la valentia que ens envolta.<br \/>\nA m\u00e9s, no et perdes el nostre taller de batucada habitada, on podr\u00e0s aprendre a tocar i sentir l&#8217;energia de la m\u00fasica en un ambient inclusiu i divertit. No importa si no tens experi\u00e8ncia, nom\u00e9s porta les teues ganes de participar!<\/p>\n","protected":false},"excerpt":{"rendered":"<p>Et convidem a la inauguraci\u00f3 de l&#8217;exposici\u00f3 &#8220;Dones del Ravalet: Retrats de Fortalesa i Resili\u00e8ncia&#8221;. Veuen a con\u00e9ixer les hist\u00f2ries inspiradores de dones que han deixat empremta en la nostra comunitat. Els seus retrats s\u00f3n un homenatge a la for\u00e7a i la valentia que ens envolta. A m\u00e9s, no et perdes el nostre taller de&#8230;<\/p>\n","protected":false},"author":6,"featured_media":55074,"comment_status":"closed","ping_status":"closed","template":"","tags":[],"mec_category":[13,32,439],"class_list":["post-55087","mec-events","type-mec-events","status-publish","has-post-thumbnail","hentry","mec_category-educacio","mec_category-igualtat","mec_category-serveis-socials"],"acf":[],"yoast_head":"<!-- This site is optimized with the Yoast SEO plugin v27.3 - https:\/\/yoast.com\/product\/yoast-seo-wordpress\/ -->\n<title>Ravalet en igualtat - Ayuntamiento de Mutxamel<\/title>\n<meta name=\"robots\" content=\"index, follow, max-snippet:-1, max-image-preview:large, max-video-preview:-1\" \/>\n<link rel=\"canonical\" href=\"https:\/\/ayto.mutxamel.org\/ca\/eventos\/ravalet-en-igualtat\/\" \/>\n<meta property=\"og:locale\" content=\"ca_ES\" \/>\n<meta property=\"og:type\" content=\"article\" \/>\n<meta property=\"og:title\" content=\"Ravalet en igualtat - Ayuntamiento de Mutxamel\" \/>\n<meta property=\"og:description\" content=\"Et convidem a la inauguraci\u00f3 de l&#8217;exposici\u00f3 &#8220;Dones del Ravalet: Retrats de Fortalesa i Resili\u00e8ncia&#8221;. Veuen a con\u00e9ixer les hist\u00f2ries inspiradores de dones que han deixat empremta en la nostra comunitat. Els seus retrats s\u00f3n un homenatge a la for\u00e7a i la valentia que ens envolta. A m\u00e9s, no et perdes el nostre taller de...\" \/>\n<meta property=\"og:url\" content=\"https:\/\/ayto.mutxamel.org\/ca\/eventos\/ravalet-en-igualtat\/\" \/>\n<meta property=\"og:site_name\" content=\"Ayuntamiento de Mutxamel\" \/>\n<meta property=\"article:modified_time\" content=\"2025-03-11T10:21:36+00:00\" \/>\n<meta property=\"og:image\" content=\"https:\/\/ayto.mutxamel.org\/wp-content\/uploads\/2025\/03\/Ravalet-en-igualdad-valenciano-scaled.jpg\" \/>\n\t<meta property=\"og:image:width\" content=\"1920\" \/>\n\t<meta property=\"og:image:height\" content=\"1357\" \/>\n\t<meta property=\"og:image:type\" content=\"image\/jpeg\" \/>\n<meta name=\"twitter:card\" content=\"summary_large_image\" \/>\n<meta name=\"twitter:label1\" content=\"Temps estimat de lectura\" \/>\n\t<meta name=\"twitter:data1\" content=\"1 minut\" \/>\n<script type=\"application\/ld+json\" class=\"yoast-schema-graph\">{\"@context\":\"https:\\\/\\\/schema.org\",\"@graph\":[{\"@type\":\"WebPage\",\"@id\":\"https:\\\/\\\/ayto.mutxamel.org\\\/ca\\\/eventos\\\/ravalet-en-igualtat\\\/\",\"url\":\"https:\\\/\\\/ayto.mutxamel.org\\\/ca\\\/eventos\\\/ravalet-en-igualtat\\\/\",\"name\":\"Ravalet en igualtat - Ayuntamiento de Mutxamel\",\"isPartOf\":{\"@id\":\"https:\\\/\\\/ayto.mutxamel.org\\\/ca\\\/#website\"},\"primaryImageOfPage\":{\"@id\":\"https:\\\/\\\/ayto.mutxamel.org\\\/ca\\\/eventos\\\/ravalet-en-igualtat\\\/#primaryimage\"},\"image\":{\"@id\":\"https:\\\/\\\/ayto.mutxamel.org\\\/ca\\\/eventos\\\/ravalet-en-igualtat\\\/#primaryimage\"},\"thumbnailUrl\":\"https:\\\/\\\/ayto.mutxamel.org\\\/wp-content\\\/uploads\\\/2025\\\/03\\\/Ravalet-en-igualdad-valenciano-scaled.jpg\",\"datePublished\":\"2025-03-11T10:19:25+00:00\",\"dateModified\":\"2025-03-11T10:21:36+00:00\",\"breadcrumb\":{\"@id\":\"https:\\\/\\\/ayto.mutxamel.org\\\/ca\\\/eventos\\\/ravalet-en-igualtat\\\/#breadcrumb\"},\"inLanguage\":\"ca\",\"potentialAction\":[{\"@type\":\"ReadAction\",\"target\":[\"https:\\\/\\\/ayto.mutxamel.org\\\/ca\\\/eventos\\\/ravalet-en-igualtat\\\/\"]}]},{\"@type\":\"ImageObject\",\"inLanguage\":\"ca\",\"@id\":\"https:\\\/\\\/ayto.mutxamel.org\\\/ca\\\/eventos\\\/ravalet-en-igualtat\\\/#primaryimage\",\"url\":\"https:\\\/\\\/ayto.mutxamel.org\\\/wp-content\\\/uploads\\\/2025\\\/03\\\/Ravalet-en-igualdad-valenciano-scaled.jpg\",\"contentUrl\":\"https:\\\/\\\/ayto.mutxamel.org\\\/wp-content\\\/uploads\\\/2025\\\/03\\\/Ravalet-en-igualdad-valenciano-scaled.jpg\",\"width\":1920,\"height\":1357,\"caption\":\"igualdad\"},{\"@type\":\"BreadcrumbList\",\"@id\":\"https:\\\/\\\/ayto.mutxamel.org\\\/ca\\\/eventos\\\/ravalet-en-igualtat\\\/#breadcrumb\",\"itemListElement\":[{\"@type\":\"ListItem\",\"position\":1,\"name\":\"Portada\",\"item\":\"https:\\\/\\\/ayto.mutxamel.org\\\/ca\\\/\"},{\"@type\":\"ListItem\",\"position\":2,\"name\":\"Events\",\"item\":\"https:\\\/\\\/ayto.mutxamel.org\\\/ca\\\/eventos\\\/\"},{\"@type\":\"ListItem\",\"position\":3,\"name\":\"Ravalet en igualtat\"}]},{\"@type\":\"WebSite\",\"@id\":\"https:\\\/\\\/ayto.mutxamel.org\\\/ca\\\/#website\",\"url\":\"https:\\\/\\\/ayto.mutxamel.org\\\/ca\\\/\",\"name\":\"Ayuntamiento de Mutxamel\",\"description\":\"\",\"potentialAction\":[{\"@type\":\"SearchAction\",\"target\":{\"@type\":\"EntryPoint\",\"urlTemplate\":\"https:\\\/\\\/ayto.mutxamel.org\\\/ca\\\/?s={search_term_string}\"},\"query-input\":{\"@type\":\"PropertyValueSpecification\",\"valueRequired\":true,\"valueName\":\"search_term_string\"}}],\"inLanguage\":\"ca\"}]}<\/script>\n<!-- \/ Yoast SEO plugin. -->","yoast_head_json":{"title":"Ravalet en igualtat - Ayuntamiento de Mutxamel","robots":{"index":"index","follow":"follow","max-snippet":"max-snippet:-1","max-image-preview":"max-image-preview:large","max-video-preview":"max-video-preview:-1"},"canonical":"https:\/\/ayto.mutxamel.org\/ca\/eventos\/ravalet-en-igualtat\/","og_locale":"ca_ES","og_type":"article","og_title":"Ravalet en igualtat - Ayuntamiento de Mutxamel","og_description":"Et convidem a la inauguraci\u00f3 de l&#8217;exposici\u00f3 &#8220;Dones del Ravalet: Retrats de Fortalesa i Resili\u00e8ncia&#8221;. Veuen a con\u00e9ixer les hist\u00f2ries inspiradores de dones que han deixat empremta en la nostra comunitat. Els seus retrats s\u00f3n un homenatge a la for\u00e7a i la valentia que ens envolta. A m\u00e9s, no et perdes el nostre taller de...","og_url":"https:\/\/ayto.mutxamel.org\/ca\/eventos\/ravalet-en-igualtat\/","og_site_name":"Ayuntamiento de Mutxamel","article_modified_time":"2025-03-11T10:21:36+00:00","og_image":[{"width":1920,"height":1357,"url":"https:\/\/ayto.mutxamel.org\/wp-content\/uploads\/2025\/03\/Ravalet-en-igualdad-valenciano-scaled.jpg","type":"image\/jpeg"}],"twitter_card":"summary_large_image","twitter_misc":{"Temps estimat de lectura":"1 minut"},"schema":{"@context":"https:\/\/schema.org","@graph":[{"@type":"WebPage","@id":"https:\/\/ayto.mutxamel.org\/ca\/eventos\/ravalet-en-igualtat\/","url":"https:\/\/ayto.mutxamel.org\/ca\/eventos\/ravalet-en-igualtat\/","name":"Ravalet en igualtat - Ayuntamiento de Mutxamel","isPartOf":{"@id":"https:\/\/ayto.mutxamel.org\/ca\/#website"},"primaryImageOfPage":{"@id":"https:\/\/ayto.mutxamel.org\/ca\/eventos\/ravalet-en-igualtat\/#primaryimage"},"image":{"@id":"https:\/\/ayto.mutxamel.org\/ca\/eventos\/ravalet-en-igualtat\/#primaryimage"},"thumbnailUrl":"https:\/\/ayto.mutxamel.org\/wp-content\/uploads\/2025\/03\/Ravalet-en-igualdad-valenciano-scaled.jpg","datePublished":"2025-03-11T10:19:25+00:00","dateModified":"2025-03-11T10:21:36+00:00","breadcrumb":{"@id":"https:\/\/ayto.mutxamel.org\/ca\/eventos\/ravalet-en-igualtat\/#breadcrumb"},"inLanguage":"ca","potentialAction":[{"@type":"ReadAction","target":["https:\/\/ayto.mutxamel.org\/ca\/eventos\/ravalet-en-igualtat\/"]}]},{"@type":"ImageObject","inLanguage":"ca","@id":"https:\/\/ayto.mutxamel.org\/ca\/eventos\/ravalet-en-igualtat\/#primaryimage","url":"https:\/\/ayto.mutxamel.org\/wp-content\/uploads\/2025\/03\/Ravalet-en-igualdad-valenciano-scaled.jpg","contentUrl":"https:\/\/ayto.mutxamel.org\/wp-content\/uploads\/2025\/03\/Ravalet-en-igualdad-valenciano-scaled.jpg","width":1920,"height":1357,"caption":"igualdad"},{"@type":"BreadcrumbList","@id":"https:\/\/ayto.mutxamel.org\/ca\/eventos\/ravalet-en-igualtat\/#breadcrumb","itemListElement":[{"@type":"ListItem","position":1,"name":"Portada","item":"https:\/\/ayto.mutxamel.org\/ca\/"},{"@type":"ListItem","position":2,"name":"Events","item":"https:\/\/ayto.mutxamel.org\/ca\/eventos\/"},{"@type":"ListItem","position":3,"name":"Ravalet en igualtat"}]},{"@type":"WebSite","@id":"https:\/\/ayto.mutxamel.org\/ca\/#website","url":"https:\/\/ayto.mutxamel.org\/ca\/","name":"Ayuntamiento de Mutxamel","description":"","potentialAction":[{"@type":"SearchAction","target":{"@type":"EntryPoint","urlTemplate":"https:\/\/ayto.mutxamel.org\/ca\/?s={search_term_string}"},"query-input":{"@type":"PropertyValueSpecification","valueRequired":true,"valueName":"search_term_string"}}],"inLanguage":"ca"}]}},"_links":{"self":[{"href":"https:\/\/ayto.mutxamel.org\/ca\/wp-json\/wp\/v2\/mec-events\/55087","targetHints":{"allow":["GET"]}}],"collection":[{"href":"https:\/\/ayto.mutxamel.org\/ca\/wp-json\/wp\/v2\/mec-events"}],"about":[{"href":"https:\/\/ayto.mutxamel.org\/ca\/wp-json\/wp\/v2\/types\/mec-events"}],"author":[{"embeddable":true,"href":"https:\/\/ayto.mutxamel.org\/ca\/wp-json\/wp\/v2\/users\/6"}],"replies":[{"embeddable":true,"href":"https:\/\/ayto.mutxamel.org\/ca\/wp-json\/wp\/v2\/comments?post=55087"}],"wp:featuredmedia":[{"embeddable":true,"href":"https:\/\/ayto.mutxamel.org\/ca\/wp-json\/wp\/v2\/media\/55074"}],"wp:attachment":[{"href":"https:\/\/ayto.mutxamel.org\/ca\/wp-json\/wp\/v2\/media?parent=55087"}],"wp:term":[{"taxonomy":"post_tag","embeddable":true,"href":"https:\/\/ayto.mutxamel.org\/ca\/wp-json\/wp\/v2\/tags?post=55087"},{"taxonomy":"mec_category","embeddable":true,"href":"https:\/\/ayto.mutxamel.org\/ca\/wp-json\/wp\/v2\/mec_category?post=55087"}],"curies":[{"name":"wp","href":"https:\/\/api.w.org\/{rel}","templated":true}]}}

<p>Et convidem a la inauguració de l&#8217;exposició &#8220;Dones del Ravalet: Retrats de Fortalesa i Resiliència&#8221;. Veuen a conéixer les històries inspiradores de dones que han deixat empremta en la nostra comunitat. Els seus retrats són un homenatge a la força i la valentia que ens envolta.<br />
A més, no et perdes el nostre taller de batucada habitada, on podràs aprendre a tocar i sentir l&#8217;energia de la música en un ambient inclusiu i divertit. No importa si no tens experiència, només porta les teues ganes de participar!</p>

<p>Et convidem a la inauguració de l&#8217;exposició &#8220;Dones del Ravalet: Retrats de Fortalesa i Resiliència&#8221;. Veuen a conéixer les històries inspiradores de dones que han deixat empremta en la nostra comunitat. Els seus retrats són un homenatge a la força i la valentia que ens envolta. A més, no et perdes el nostre taller de&#8230;</p>

<!-- This site is optimized with the Yoast SEO plugin v27.3 - https://yoast.com/product/yoast-seo-wordpress/ -->
<title>Ravalet en igualtat - Ayuntamiento de Mutxamel</title>
<meta name="robots" content="index, follow, max-snippet:-1, max-image-preview:large, max-video-preview:-1" />
<link rel="canonical" href="https://ayto.mutxamel.org/ca/eventos/ravalet-en-igualtat/" />
<meta property="og:locale" content="ca_ES" />
<meta property="og:type" content="article" />
<meta property="og:title" content="Ravalet en igualtat - Ayuntamiento de Mutxamel" />
<meta property="og:description" content="Et convidem a la inauguració de l&#8217;exposició &#8220;Dones del Ravalet: Retrats de Fortalesa i Resiliència&#8221;. Veuen a conéixer les històries inspiradores de dones que han deixat empremta en la nostra comunitat. Els seus retrats són un homenatge a la força i la valentia que ens envolta. A més, no et perdes el nostre taller de..." />
<meta property="og:url" content="https://ayto.mutxamel.org/ca/eventos/ravalet-en-igualtat/" />
<meta property="og:site_name" content="Ayuntamiento de Mutxamel" />
<meta property="article:modified_time" content="2025-03-11T10:21:36+00:00" />
<meta property="og:image" content="https://ayto.mutxamel.org/wp-content/uploads/2025/03/Ravalet-en-igualdad-valenciano-scaled.jpg" />
	<meta property="og:image:width" content="1920" />
	<meta property="og:image:height" content="1357" />
	<meta property="og:image:type" content="image/jpeg" />
<meta name="twitter:card" content="summary_large_image" />
<meta name="twitter:label1" content="Temps estimat de lectura" />
	<meta name="twitter:data1" content="1 minut" />
<script type="application/ld+json" class="yoast-schema-graph">{"@context":"https:\/\/schema.org","@graph":[{"@type":"WebPage","@id":"https:\/\/ayto.mutxamel.org\/ca\/eventos\/ravalet-en-igualtat\/","url":"https:\/\/ayto.mutxamel.org\/ca\/eventos\/ravalet-en-igualtat\/","name":"Ravalet en igualtat - Ayuntamiento de Mutxamel","isPartOf":{"@id":"https:\/\/ayto.mutxamel.org\/ca\/#website"},"primaryImageOfPage":{"@id":"https:\/\/ayto.mutxamel.org\/ca\/eventos\/ravalet-en-igualtat\/#primaryimage"},"image":{"@id":"https:\/\/ayto.mutxamel.org\/ca\/eventos\/ravalet-en-igualtat\/#primaryimage"},"thumbnailUrl":"https:\/\/ayto.mutxamel.org\/wp-content\/uploads\/2025\/03\/Ravalet-en-igualdad-valenciano-scaled.jpg","datePublished":"2025-03-11T10:19:25+00:00","dateModified":"2025-03-11T10:21:36+00:00","breadcrumb":{"@id":"https:\/\/ayto.mutxamel.org\/ca\/eventos\/ravalet-en-igualtat\/#breadcrumb"},"inLanguage":"ca","potentialAction":[{"@type":"ReadAction","target":["https:\/\/ayto.mutxamel.org\/ca\/eventos\/ravalet-en-igualtat\/"]}]},{"@type":"ImageObject","inLanguage":"ca","@id":"https:\/\/ayto.mutxamel.org\/ca\/eventos\/ravalet-en-igualtat\/#primaryimage","url":"https:\/\/ayto.mutxamel.org\/wp-content\/uploads\/2025\/03\/Ravalet-en-igualdad-valenciano-scaled.jpg","contentUrl":"https:\/\/ayto.mutxamel.org\/wp-content\/uploads\/2025\/03\/Ravalet-en-igualdad-valenciano-scaled.jpg","width":1920,"height":1357,"caption":"igualdad"},{"@type":"BreadcrumbList","@id":"https:\/\/ayto.mutxamel.org\/ca\/eventos\/ravalet-en-igualtat\/#breadcrumb","itemListElement":[{"@type":"ListItem","position":1,"name":"Portada","item":"https:\/\/ayto.mutxamel.org\/ca\/"},{"@type":"ListItem","position":2,"name":"Events","item":"https:\/\/ayto.mutxamel.org\/ca\/eventos\/"},{"@type":"ListItem","position":3,"name":"Ravalet en igualtat"}]},{"@type":"WebSite","@id":"https:\/\/ayto.mutxamel.org\/ca\/#website","url":"https:\/\/ayto.mutxamel.org\/ca\/","name":"Ayuntamiento de Mutxamel","description":"","potentialAction":[{"@type":"SearchAction","target":{"@type":"EntryPoint","urlTemplate":"https:\/\/ayto.mutxamel.org\/ca\/?s={search_term_string}"},"query-input":{"@type":"PropertyValueSpecification","valueRequired":true,"valueName":"search_term_string"}}],"inLanguage":"ca"}]}</script>
<!-- / Yoast SEO plugin. -->

Et convidem a la inauguració de l&#8217;exposició &#8220;Dones del Ravalet: Retrats de Fortalesa i Resiliència&#8221;. Veuen a conéixer les històries inspiradores de dones que han deixat empremta en la nostra comunitat. Els seus retrats són un homenatge a la força i la valentia que ens envolta. A més, no et perdes el nostre taller de...
