{"id":54927,"date":"2025-03-05T14:25:21","date_gmt":"2025-03-05T13:25:21","guid":{"rendered":"https:\/\/ayto.mutxamel.org\/eventos\/contacontes-5\/"},"modified":"2025-03-05T14:26:32","modified_gmt":"2025-03-05T13:26:32","slug":"contacontes-5","status":"publish","type":"mec-events","link":"https:\/\/ayto.mutxamel.org\/ca\/eventos\/contacontes-5\/","title":{"rendered":"Contacontes"},"content":{"rendered":"<p>El dimecres 12 de mar\u00e7 tindrem el privilegi de realitzar un contacontes amb Mar\u00eda Gil Algora, autora del conte infantil &#8220;El amigo del B\u00fafalo&#8221;. Reserva la teua pla\u00e7a i no et perdes este contacontes tan especial!<\/p>\n<p>Inscripciones biblioteca@mutxamel.org<\/p>\n","protected":false},"excerpt":{"rendered":"<p>El dimecres 12 de mar\u00e7 tindrem el privilegi de realitzar un contacontes amb Mar\u00eda Gil Algora, autora del conte infantil &#8220;El amigo del B\u00fafalo&#8221;. Reserva la teua pla\u00e7a i no et perdes este contacontes tan especial! Inscripciones biblioteca@mutxamel.org<\/p>\n","protected":false},"author":6,"featured_media":54924,"comment_status":"closed","ping_status":"closed","template":"","tags":[],"mec_category":[28],"class_list":["post-54927","mec-events","type-mec-events","status-publish","has-post-thumbnail","hentry","mec_category-biblioteca-va"],"acf":[],"yoast_head":"<!-- This site is optimized with the Yoast SEO plugin v27.3 - https:\/\/yoast.com\/product\/yoast-seo-wordpress\/ -->\n<title>Contacontes - Ayuntamiento de Mutxamel<\/title>\n<meta name=\"robots\" content=\"index, follow, max-snippet:-1, max-image-preview:large, max-video-preview:-1\" \/>\n<link rel=\"canonical\" href=\"https:\/\/ayto.mutxamel.org\/ca\/eventos\/contacontes-5\/\" \/>\n<meta property=\"og:locale\" content=\"ca_ES\" \/>\n<meta property=\"og:type\" content=\"article\" \/>\n<meta property=\"og:title\" content=\"Contacontes - Ayuntamiento de Mutxamel\" \/>\n<meta property=\"og:description\" content=\"El dimecres 12 de mar\u00e7 tindrem el privilegi de realitzar un contacontes amb Mar\u00eda Gil Algora, autora del conte infantil &#8220;El amigo del B\u00fafalo&#8221;. Reserva la teua pla\u00e7a i no et perdes este contacontes tan especial! Inscripciones biblioteca@mutxamel.org\" \/>\n<meta property=\"og:url\" content=\"https:\/\/ayto.mutxamel.org\/ca\/eventos\/contacontes-5\/\" \/>\n<meta property=\"og:site_name\" content=\"Ayuntamiento de Mutxamel\" \/>\n<meta property=\"article:modified_time\" content=\"2025-03-05T13:26:32+00:00\" \/>\n<meta property=\"og:image\" content=\"https:\/\/ayto.mutxamel.org\/wp-content\/uploads\/2025\/03\/Cuentacuentos-presentacion-VAL.jpg\" \/>\n\t<meta property=\"og:image:width\" content=\"1080\" \/>\n\t<meta property=\"og:image:height\" content=\"1080\" \/>\n\t<meta property=\"og:image:type\" content=\"image\/jpeg\" \/>\n<meta name=\"twitter:card\" content=\"summary_large_image\" \/>\n<meta name=\"twitter:label1\" content=\"Temps estimat de lectura\" \/>\n\t<meta name=\"twitter:data1\" content=\"1 minut\" \/>\n<script type=\"application\/ld+json\" class=\"yoast-schema-graph\">{\"@context\":\"https:\\\/\\\/schema.org\",\"@graph\":[{\"@type\":\"WebPage\",\"@id\":\"https:\\\/\\\/ayto.mutxamel.org\\\/ca\\\/eventos\\\/contacontes-5\\\/\",\"url\":\"https:\\\/\\\/ayto.mutxamel.org\\\/ca\\\/eventos\\\/contacontes-5\\\/\",\"name\":\"Contacontes - Ayuntamiento de Mutxamel\",\"isPartOf\":{\"@id\":\"https:\\\/\\\/ayto.mutxamel.org\\\/ca\\\/#website\"},\"primaryImageOfPage\":{\"@id\":\"https:\\\/\\\/ayto.mutxamel.org\\\/ca\\\/eventos\\\/contacontes-5\\\/#primaryimage\"},\"image\":{\"@id\":\"https:\\\/\\\/ayto.mutxamel.org\\\/ca\\\/eventos\\\/contacontes-5\\\/#primaryimage\"},\"thumbnailUrl\":\"https:\\\/\\\/ayto.mutxamel.org\\\/wp-content\\\/uploads\\\/2025\\\/03\\\/Cuentacuentos-presentacion-VAL.jpg\",\"datePublished\":\"2025-03-05T13:25:21+00:00\",\"dateModified\":\"2025-03-05T13:26:32+00:00\",\"breadcrumb\":{\"@id\":\"https:\\\/\\\/ayto.mutxamel.org\\\/ca\\\/eventos\\\/contacontes-5\\\/#breadcrumb\"},\"inLanguage\":\"ca\",\"potentialAction\":[{\"@type\":\"ReadAction\",\"target\":[\"https:\\\/\\\/ayto.mutxamel.org\\\/ca\\\/eventos\\\/contacontes-5\\\/\"]}]},{\"@type\":\"ImageObject\",\"inLanguage\":\"ca\",\"@id\":\"https:\\\/\\\/ayto.mutxamel.org\\\/ca\\\/eventos\\\/contacontes-5\\\/#primaryimage\",\"url\":\"https:\\\/\\\/ayto.mutxamel.org\\\/wp-content\\\/uploads\\\/2025\\\/03\\\/Cuentacuentos-presentacion-VAL.jpg\",\"contentUrl\":\"https:\\\/\\\/ayto.mutxamel.org\\\/wp-content\\\/uploads\\\/2025\\\/03\\\/Cuentacuentos-presentacion-VAL.jpg\",\"width\":1080,\"height\":1080,\"caption\":\"cuentacuentos\"},{\"@type\":\"BreadcrumbList\",\"@id\":\"https:\\\/\\\/ayto.mutxamel.org\\\/ca\\\/eventos\\\/contacontes-5\\\/#breadcrumb\",\"itemListElement\":[{\"@type\":\"ListItem\",\"position\":1,\"name\":\"Portada\",\"item\":\"https:\\\/\\\/ayto.mutxamel.org\\\/ca\\\/\"},{\"@type\":\"ListItem\",\"position\":2,\"name\":\"Events\",\"item\":\"https:\\\/\\\/ayto.mutxamel.org\\\/ca\\\/eventos\\\/\"},{\"@type\":\"ListItem\",\"position\":3,\"name\":\"Contacontes\"}]},{\"@type\":\"WebSite\",\"@id\":\"https:\\\/\\\/ayto.mutxamel.org\\\/ca\\\/#website\",\"url\":\"https:\\\/\\\/ayto.mutxamel.org\\\/ca\\\/\",\"name\":\"Ayuntamiento de Mutxamel\",\"description\":\"\",\"potentialAction\":[{\"@type\":\"SearchAction\",\"target\":{\"@type\":\"EntryPoint\",\"urlTemplate\":\"https:\\\/\\\/ayto.mutxamel.org\\\/ca\\\/?s={search_term_string}\"},\"query-input\":{\"@type\":\"PropertyValueSpecification\",\"valueRequired\":true,\"valueName\":\"search_term_string\"}}],\"inLanguage\":\"ca\"}]}<\/script>\n<!-- \/ Yoast SEO plugin. -->","yoast_head_json":{"title":"Contacontes - Ayuntamiento de Mutxamel","robots":{"index":"index","follow":"follow","max-snippet":"max-snippet:-1","max-image-preview":"max-image-preview:large","max-video-preview":"max-video-preview:-1"},"canonical":"https:\/\/ayto.mutxamel.org\/ca\/eventos\/contacontes-5\/","og_locale":"ca_ES","og_type":"article","og_title":"Contacontes - Ayuntamiento de Mutxamel","og_description":"El dimecres 12 de mar\u00e7 tindrem el privilegi de realitzar un contacontes amb Mar\u00eda Gil Algora, autora del conte infantil &#8220;El amigo del B\u00fafalo&#8221;. Reserva la teua pla\u00e7a i no et perdes este contacontes tan especial! Inscripciones biblioteca@mutxamel.org","og_url":"https:\/\/ayto.mutxamel.org\/ca\/eventos\/contacontes-5\/","og_site_name":"Ayuntamiento de Mutxamel","article_modified_time":"2025-03-05T13:26:32+00:00","og_image":[{"width":1080,"height":1080,"url":"https:\/\/ayto.mutxamel.org\/wp-content\/uploads\/2025\/03\/Cuentacuentos-presentacion-VAL.jpg","type":"image\/jpeg"}],"twitter_card":"summary_large_image","twitter_misc":{"Temps estimat de lectura":"1 minut"},"schema":{"@context":"https:\/\/schema.org","@graph":[{"@type":"WebPage","@id":"https:\/\/ayto.mutxamel.org\/ca\/eventos\/contacontes-5\/","url":"https:\/\/ayto.mutxamel.org\/ca\/eventos\/contacontes-5\/","name":"Contacontes - Ayuntamiento de Mutxamel","isPartOf":{"@id":"https:\/\/ayto.mutxamel.org\/ca\/#website"},"primaryImageOfPage":{"@id":"https:\/\/ayto.mutxamel.org\/ca\/eventos\/contacontes-5\/#primaryimage"},"image":{"@id":"https:\/\/ayto.mutxamel.org\/ca\/eventos\/contacontes-5\/#primaryimage"},"thumbnailUrl":"https:\/\/ayto.mutxamel.org\/wp-content\/uploads\/2025\/03\/Cuentacuentos-presentacion-VAL.jpg","datePublished":"2025-03-05T13:25:21+00:00","dateModified":"2025-03-05T13:26:32+00:00","breadcrumb":{"@id":"https:\/\/ayto.mutxamel.org\/ca\/eventos\/contacontes-5\/#breadcrumb"},"inLanguage":"ca","potentialAction":[{"@type":"ReadAction","target":["https:\/\/ayto.mutxamel.org\/ca\/eventos\/contacontes-5\/"]}]},{"@type":"ImageObject","inLanguage":"ca","@id":"https:\/\/ayto.mutxamel.org\/ca\/eventos\/contacontes-5\/#primaryimage","url":"https:\/\/ayto.mutxamel.org\/wp-content\/uploads\/2025\/03\/Cuentacuentos-presentacion-VAL.jpg","contentUrl":"https:\/\/ayto.mutxamel.org\/wp-content\/uploads\/2025\/03\/Cuentacuentos-presentacion-VAL.jpg","width":1080,"height":1080,"caption":"cuentacuentos"},{"@type":"BreadcrumbList","@id":"https:\/\/ayto.mutxamel.org\/ca\/eventos\/contacontes-5\/#breadcrumb","itemListElement":[{"@type":"ListItem","position":1,"name":"Portada","item":"https:\/\/ayto.mutxamel.org\/ca\/"},{"@type":"ListItem","position":2,"name":"Events","item":"https:\/\/ayto.mutxamel.org\/ca\/eventos\/"},{"@type":"ListItem","position":3,"name":"Contacontes"}]},{"@type":"WebSite","@id":"https:\/\/ayto.mutxamel.org\/ca\/#website","url":"https:\/\/ayto.mutxamel.org\/ca\/","name":"Ayuntamiento de Mutxamel","description":"","potentialAction":[{"@type":"SearchAction","target":{"@type":"EntryPoint","urlTemplate":"https:\/\/ayto.mutxamel.org\/ca\/?s={search_term_string}"},"query-input":{"@type":"PropertyValueSpecification","valueRequired":true,"valueName":"search_term_string"}}],"inLanguage":"ca"}]}},"_links":{"self":[{"href":"https:\/\/ayto.mutxamel.org\/ca\/wp-json\/wp\/v2\/mec-events\/54927","targetHints":{"allow":["GET"]}}],"collection":[{"href":"https:\/\/ayto.mutxamel.org\/ca\/wp-json\/wp\/v2\/mec-events"}],"about":[{"href":"https:\/\/ayto.mutxamel.org\/ca\/wp-json\/wp\/v2\/types\/mec-events"}],"author":[{"embeddable":true,"href":"https:\/\/ayto.mutxamel.org\/ca\/wp-json\/wp\/v2\/users\/6"}],"replies":[{"embeddable":true,"href":"https:\/\/ayto.mutxamel.org\/ca\/wp-json\/wp\/v2\/comments?post=54927"}],"wp:featuredmedia":[{"embeddable":true,"href":"https:\/\/ayto.mutxamel.org\/ca\/wp-json\/wp\/v2\/media\/54924"}],"wp:attachment":[{"href":"https:\/\/ayto.mutxamel.org\/ca\/wp-json\/wp\/v2\/media?parent=54927"}],"wp:term":[{"taxonomy":"post_tag","embeddable":true,"href":"https:\/\/ayto.mutxamel.org\/ca\/wp-json\/wp\/v2\/tags?post=54927"},{"taxonomy":"mec_category","embeddable":true,"href":"https:\/\/ayto.mutxamel.org\/ca\/wp-json\/wp\/v2\/mec_category?post=54927"}],"curies":[{"name":"wp","href":"https:\/\/api.w.org\/{rel}","templated":true}]}}

<p>El dimecres 12 de març tindrem el privilegi de realitzar un contacontes amb María Gil Algora, autora del conte infantil &#8220;El amigo del Búfalo&#8221;. Reserva la teua plaça i no et perdes este contacontes tan especial!</p>
<p>Inscripciones biblioteca@mutxamel.org</p>

<p>El dimecres 12 de març tindrem el privilegi de realitzar un contacontes amb María Gil Algora, autora del conte infantil &#8220;El amigo del Búfalo&#8221;. Reserva la teua plaça i no et perdes este contacontes tan especial! Inscripciones biblioteca@mutxamel.org</p>

<!-- This site is optimized with the Yoast SEO plugin v27.3 - https://yoast.com/product/yoast-seo-wordpress/ -->
<title>Contacontes - Ayuntamiento de Mutxamel</title>
<meta name="robots" content="index, follow, max-snippet:-1, max-image-preview:large, max-video-preview:-1" />
<link rel="canonical" href="https://ayto.mutxamel.org/ca/eventos/contacontes-5/" />
<meta property="og:locale" content="ca_ES" />
<meta property="og:type" content="article" />
<meta property="og:title" content="Contacontes - Ayuntamiento de Mutxamel" />
<meta property="og:description" content="El dimecres 12 de març tindrem el privilegi de realitzar un contacontes amb María Gil Algora, autora del conte infantil &#8220;El amigo del Búfalo&#8221;. Reserva la teua plaça i no et perdes este contacontes tan especial! Inscripciones biblioteca@mutxamel.org" />
<meta property="og:url" content="https://ayto.mutxamel.org/ca/eventos/contacontes-5/" />
<meta property="og:site_name" content="Ayuntamiento de Mutxamel" />
<meta property="article:modified_time" content="2025-03-05T13:26:32+00:00" />
<meta property="og:image" content="https://ayto.mutxamel.org/wp-content/uploads/2025/03/Cuentacuentos-presentacion-VAL.jpg" />
	<meta property="og:image:width" content="1080" />
	<meta property="og:image:height" content="1080" />
	<meta property="og:image:type" content="image/jpeg" />
<meta name="twitter:card" content="summary_large_image" />
<meta name="twitter:label1" content="Temps estimat de lectura" />
	<meta name="twitter:data1" content="1 minut" />
<script type="application/ld+json" class="yoast-schema-graph">{"@context":"https:\/\/schema.org","@graph":[{"@type":"WebPage","@id":"https:\/\/ayto.mutxamel.org\/ca\/eventos\/contacontes-5\/","url":"https:\/\/ayto.mutxamel.org\/ca\/eventos\/contacontes-5\/","name":"Contacontes - Ayuntamiento de Mutxamel","isPartOf":{"@id":"https:\/\/ayto.mutxamel.org\/ca\/#website"},"primaryImageOfPage":{"@id":"https:\/\/ayto.mutxamel.org\/ca\/eventos\/contacontes-5\/#primaryimage"},"image":{"@id":"https:\/\/ayto.mutxamel.org\/ca\/eventos\/contacontes-5\/#primaryimage"},"thumbnailUrl":"https:\/\/ayto.mutxamel.org\/wp-content\/uploads\/2025\/03\/Cuentacuentos-presentacion-VAL.jpg","datePublished":"2025-03-05T13:25:21+00:00","dateModified":"2025-03-05T13:26:32+00:00","breadcrumb":{"@id":"https:\/\/ayto.mutxamel.org\/ca\/eventos\/contacontes-5\/#breadcrumb"},"inLanguage":"ca","potentialAction":[{"@type":"ReadAction","target":["https:\/\/ayto.mutxamel.org\/ca\/eventos\/contacontes-5\/"]}]},{"@type":"ImageObject","inLanguage":"ca","@id":"https:\/\/ayto.mutxamel.org\/ca\/eventos\/contacontes-5\/#primaryimage","url":"https:\/\/ayto.mutxamel.org\/wp-content\/uploads\/2025\/03\/Cuentacuentos-presentacion-VAL.jpg","contentUrl":"https:\/\/ayto.mutxamel.org\/wp-content\/uploads\/2025\/03\/Cuentacuentos-presentacion-VAL.jpg","width":1080,"height":1080,"caption":"cuentacuentos"},{"@type":"BreadcrumbList","@id":"https:\/\/ayto.mutxamel.org\/ca\/eventos\/contacontes-5\/#breadcrumb","itemListElement":[{"@type":"ListItem","position":1,"name":"Portada","item":"https:\/\/ayto.mutxamel.org\/ca\/"},{"@type":"ListItem","position":2,"name":"Events","item":"https:\/\/ayto.mutxamel.org\/ca\/eventos\/"},{"@type":"ListItem","position":3,"name":"Contacontes"}]},{"@type":"WebSite","@id":"https:\/\/ayto.mutxamel.org\/ca\/#website","url":"https:\/\/ayto.mutxamel.org\/ca\/","name":"Ayuntamiento de Mutxamel","description":"","potentialAction":[{"@type":"SearchAction","target":{"@type":"EntryPoint","urlTemplate":"https:\/\/ayto.mutxamel.org\/ca\/?s={search_term_string}"},"query-input":{"@type":"PropertyValueSpecification","valueRequired":true,"valueName":"search_term_string"}}],"inLanguage":"ca"}]}</script>
<!-- / Yoast SEO plugin. -->

El dimecres 12 de març tindrem el privilegi de realitzar un contacontes amb María Gil Algora, autora del conte infantil &#8220;El amigo del Búfalo&#8221;. Reserva la teua plaça i no et perdes este contacontes tan especial! Inscripciones biblioteca@mutxamel.org
