{"id":54450,"date":"2025-02-17T14:24:31","date_gmt":"2025-02-17T13:24:31","guid":{"rendered":"https:\/\/ayto.mutxamel.org\/eventos\/presentacio-del-llibre-el-despertar-de-las-flores-del-ciruelo-de-paulina-l-ravel\/"},"modified":"2025-02-17T14:26:07","modified_gmt":"2025-02-17T13:26:07","slug":"presentacio-del-llibre-el-despertar-de-las-flores-del-ciruelo-de-paulina-l-ravel","status":"publish","type":"mec-events","link":"https:\/\/ayto.mutxamel.org\/ca\/eventos\/presentacio-del-llibre-el-despertar-de-las-flores-del-ciruelo-de-paulina-l-ravel\/","title":{"rendered":"Presentaci\u00f3 del llibre: &#8220;El despertar de las flores del ciruelo&#8221; de Paulina L. Ravel"},"content":{"rendered":"<p>El dia 26 de febrer comptarem amb la pres\u00e8ncia de Paulina L. Ravel presentant el seu \u00faltim llibre &#8220;El despertar de las flores del ciruelo&#8221; a les 18:00 a la Biblioteca Notari Josep Blanquer.<\/p>\n<p>Un llibre que arreplega deu relats protagonitzats per dones en els quals s&#8217;aborden temes com el racisme, l&#8217;educaci\u00f3, la viol\u00e8ncia, la guerra, l&#8217;emigraci\u00f3, la maternitat, les fidelitats familiars, el dol, la identitat sexual, el matrimoni for\u00e7at i altres q\u00fcestions que generen desigualtats.<\/p>\n","protected":false},"excerpt":{"rendered":"<p>El dia 26 de febrer comptarem amb la pres\u00e8ncia de Paulina L. Ravel presentant el seu \u00faltim llibre &#8220;El despertar de las flores del ciruelo&#8221; a les 18:00 a la Biblioteca Notari Josep Blanquer. Un llibre que arreplega deu relats protagonitzats per dones en els quals s&#8217;aborden temes com el racisme, l&#8217;educaci\u00f3, la viol\u00e8ncia, la&#8230;<\/p>\n","protected":false},"author":6,"featured_media":54445,"comment_status":"closed","ping_status":"closed","template":"","tags":[],"mec_category":[28],"class_list":["post-54450","mec-events","type-mec-events","status-publish","has-post-thumbnail","hentry","mec_category-biblioteca-va"],"acf":[],"yoast_head":"<!-- This site is optimized with the Yoast SEO plugin v27.3 - https:\/\/yoast.com\/product\/yoast-seo-wordpress\/ -->\n<title>Presentaci\u00f3 del llibre: &quot;El despertar de las flores del ciruelo&quot; de Paulina L. Ravel - Ayuntamiento de Mutxamel<\/title>\n<meta name=\"robots\" content=\"index, follow, max-snippet:-1, max-image-preview:large, max-video-preview:-1\" \/>\n<link rel=\"canonical\" href=\"https:\/\/ayto.mutxamel.org\/ca\/eventos\/presentacio-del-llibre-el-despertar-de-las-flores-del-ciruelo-de-paulina-l-ravel\/\" \/>\n<meta property=\"og:locale\" content=\"ca_ES\" \/>\n<meta property=\"og:type\" content=\"article\" \/>\n<meta property=\"og:title\" content=\"Presentaci\u00f3 del llibre: &quot;El despertar de las flores del ciruelo&quot; de Paulina L. Ravel - Ayuntamiento de Mutxamel\" \/>\n<meta property=\"og:description\" content=\"El dia 26 de febrer comptarem amb la pres\u00e8ncia de Paulina L. Ravel presentant el seu \u00faltim llibre &#8220;El despertar de las flores del ciruelo&#8221; a les 18:00 a la Biblioteca Notari Josep Blanquer. Un llibre que arreplega deu relats protagonitzats per dones en els quals s&#8217;aborden temes com el racisme, l&#8217;educaci\u00f3, la viol\u00e8ncia, la...\" \/>\n<meta property=\"og:url\" content=\"https:\/\/ayto.mutxamel.org\/ca\/eventos\/presentacio-del-llibre-el-despertar-de-las-flores-del-ciruelo-de-paulina-l-ravel\/\" \/>\n<meta property=\"og:site_name\" content=\"Ayuntamiento de Mutxamel\" \/>\n<meta property=\"article:modified_time\" content=\"2025-02-17T13:26:07+00:00\" \/>\n<meta property=\"og:image\" content=\"https:\/\/ayto.mutxamel.org\/wp-content\/uploads\/2025\/02\/PRESENTACION-26F-valenciano_El-despertar-de-las-flores-del-ciruelo.jpg\" \/>\n\t<meta property=\"og:image:width\" content=\"1080\" \/>\n\t<meta property=\"og:image:height\" content=\"1350\" \/>\n\t<meta property=\"og:image:type\" content=\"image\/jpeg\" \/>\n<meta name=\"twitter:card\" content=\"summary_large_image\" \/>\n<meta name=\"twitter:label1\" content=\"Temps estimat de lectura\" \/>\n\t<meta name=\"twitter:data1\" content=\"1 minut\" \/>\n<script type=\"application\/ld+json\" class=\"yoast-schema-graph\">{\"@context\":\"https:\\\/\\\/schema.org\",\"@graph\":[{\"@type\":\"WebPage\",\"@id\":\"https:\\\/\\\/ayto.mutxamel.org\\\/ca\\\/eventos\\\/presentacio-del-llibre-el-despertar-de-las-flores-del-ciruelo-de-paulina-l-ravel\\\/\",\"url\":\"https:\\\/\\\/ayto.mutxamel.org\\\/ca\\\/eventos\\\/presentacio-del-llibre-el-despertar-de-las-flores-del-ciruelo-de-paulina-l-ravel\\\/\",\"name\":\"Presentaci\u00f3 del llibre: \\\"El despertar de las flores del ciruelo\\\" de Paulina L. Ravel - Ayuntamiento de Mutxamel\",\"isPartOf\":{\"@id\":\"https:\\\/\\\/ayto.mutxamel.org\\\/ca\\\/#website\"},\"primaryImageOfPage\":{\"@id\":\"https:\\\/\\\/ayto.mutxamel.org\\\/ca\\\/eventos\\\/presentacio-del-llibre-el-despertar-de-las-flores-del-ciruelo-de-paulina-l-ravel\\\/#primaryimage\"},\"image\":{\"@id\":\"https:\\\/\\\/ayto.mutxamel.org\\\/ca\\\/eventos\\\/presentacio-del-llibre-el-despertar-de-las-flores-del-ciruelo-de-paulina-l-ravel\\\/#primaryimage\"},\"thumbnailUrl\":\"https:\\\/\\\/ayto.mutxamel.org\\\/wp-content\\\/uploads\\\/2025\\\/02\\\/PRESENTACION-26F-valenciano_El-despertar-de-las-flores-del-ciruelo.jpg\",\"datePublished\":\"2025-02-17T13:24:31+00:00\",\"dateModified\":\"2025-02-17T13:26:07+00:00\",\"breadcrumb\":{\"@id\":\"https:\\\/\\\/ayto.mutxamel.org\\\/ca\\\/eventos\\\/presentacio-del-llibre-el-despertar-de-las-flores-del-ciruelo-de-paulina-l-ravel\\\/#breadcrumb\"},\"inLanguage\":\"ca\",\"potentialAction\":[{\"@type\":\"ReadAction\",\"target\":[\"https:\\\/\\\/ayto.mutxamel.org\\\/ca\\\/eventos\\\/presentacio-del-llibre-el-despertar-de-las-flores-del-ciruelo-de-paulina-l-ravel\\\/\"]}]},{\"@type\":\"ImageObject\",\"inLanguage\":\"ca\",\"@id\":\"https:\\\/\\\/ayto.mutxamel.org\\\/ca\\\/eventos\\\/presentacio-del-llibre-el-despertar-de-las-flores-del-ciruelo-de-paulina-l-ravel\\\/#primaryimage\",\"url\":\"https:\\\/\\\/ayto.mutxamel.org\\\/wp-content\\\/uploads\\\/2025\\\/02\\\/PRESENTACION-26F-valenciano_El-despertar-de-las-flores-del-ciruelo.jpg\",\"contentUrl\":\"https:\\\/\\\/ayto.mutxamel.org\\\/wp-content\\\/uploads\\\/2025\\\/02\\\/PRESENTACION-26F-valenciano_El-despertar-de-las-flores-del-ciruelo.jpg\",\"width\":1080,\"height\":1350,\"caption\":\"presentacion libro\"},{\"@type\":\"BreadcrumbList\",\"@id\":\"https:\\\/\\\/ayto.mutxamel.org\\\/ca\\\/eventos\\\/presentacio-del-llibre-el-despertar-de-las-flores-del-ciruelo-de-paulina-l-ravel\\\/#breadcrumb\",\"itemListElement\":[{\"@type\":\"ListItem\",\"position\":1,\"name\":\"Portada\",\"item\":\"https:\\\/\\\/ayto.mutxamel.org\\\/ca\\\/\"},{\"@type\":\"ListItem\",\"position\":2,\"name\":\"Events\",\"item\":\"https:\\\/\\\/ayto.mutxamel.org\\\/ca\\\/eventos\\\/\"},{\"@type\":\"ListItem\",\"position\":3,\"name\":\"Presentaci\u00f3 del llibre: \u00abEl despertar de las flores del ciruelo\u00bb de Paulina L. Ravel\"}]},{\"@type\":\"WebSite\",\"@id\":\"https:\\\/\\\/ayto.mutxamel.org\\\/ca\\\/#website\",\"url\":\"https:\\\/\\\/ayto.mutxamel.org\\\/ca\\\/\",\"name\":\"Ayuntamiento de Mutxamel\",\"description\":\"\",\"potentialAction\":[{\"@type\":\"SearchAction\",\"target\":{\"@type\":\"EntryPoint\",\"urlTemplate\":\"https:\\\/\\\/ayto.mutxamel.org\\\/ca\\\/?s={search_term_string}\"},\"query-input\":{\"@type\":\"PropertyValueSpecification\",\"valueRequired\":true,\"valueName\":\"search_term_string\"}}],\"inLanguage\":\"ca\"}]}<\/script>\n<!-- \/ Yoast SEO plugin. -->","yoast_head_json":{"title":"Presentaci\u00f3 del llibre: \"El despertar de las flores del ciruelo\" de Paulina L. Ravel - Ayuntamiento de Mutxamel","robots":{"index":"index","follow":"follow","max-snippet":"max-snippet:-1","max-image-preview":"max-image-preview:large","max-video-preview":"max-video-preview:-1"},"canonical":"https:\/\/ayto.mutxamel.org\/ca\/eventos\/presentacio-del-llibre-el-despertar-de-las-flores-del-ciruelo-de-paulina-l-ravel\/","og_locale":"ca_ES","og_type":"article","og_title":"Presentaci\u00f3 del llibre: \"El despertar de las flores del ciruelo\" de Paulina L. Ravel - Ayuntamiento de Mutxamel","og_description":"El dia 26 de febrer comptarem amb la pres\u00e8ncia de Paulina L. Ravel presentant el seu \u00faltim llibre &#8220;El despertar de las flores del ciruelo&#8221; a les 18:00 a la Biblioteca Notari Josep Blanquer. Un llibre que arreplega deu relats protagonitzats per dones en els quals s&#8217;aborden temes com el racisme, l&#8217;educaci\u00f3, la viol\u00e8ncia, la...","og_url":"https:\/\/ayto.mutxamel.org\/ca\/eventos\/presentacio-del-llibre-el-despertar-de-las-flores-del-ciruelo-de-paulina-l-ravel\/","og_site_name":"Ayuntamiento de Mutxamel","article_modified_time":"2025-02-17T13:26:07+00:00","og_image":[{"width":1080,"height":1350,"url":"https:\/\/ayto.mutxamel.org\/wp-content\/uploads\/2025\/02\/PRESENTACION-26F-valenciano_El-despertar-de-las-flores-del-ciruelo.jpg","type":"image\/jpeg"}],"twitter_card":"summary_large_image","twitter_misc":{"Temps estimat de lectura":"1 minut"},"schema":{"@context":"https:\/\/schema.org","@graph":[{"@type":"WebPage","@id":"https:\/\/ayto.mutxamel.org\/ca\/eventos\/presentacio-del-llibre-el-despertar-de-las-flores-del-ciruelo-de-paulina-l-ravel\/","url":"https:\/\/ayto.mutxamel.org\/ca\/eventos\/presentacio-del-llibre-el-despertar-de-las-flores-del-ciruelo-de-paulina-l-ravel\/","name":"Presentaci\u00f3 del llibre: \"El despertar de las flores del ciruelo\" de Paulina L. Ravel - Ayuntamiento de Mutxamel","isPartOf":{"@id":"https:\/\/ayto.mutxamel.org\/ca\/#website"},"primaryImageOfPage":{"@id":"https:\/\/ayto.mutxamel.org\/ca\/eventos\/presentacio-del-llibre-el-despertar-de-las-flores-del-ciruelo-de-paulina-l-ravel\/#primaryimage"},"image":{"@id":"https:\/\/ayto.mutxamel.org\/ca\/eventos\/presentacio-del-llibre-el-despertar-de-las-flores-del-ciruelo-de-paulina-l-ravel\/#primaryimage"},"thumbnailUrl":"https:\/\/ayto.mutxamel.org\/wp-content\/uploads\/2025\/02\/PRESENTACION-26F-valenciano_El-despertar-de-las-flores-del-ciruelo.jpg","datePublished":"2025-02-17T13:24:31+00:00","dateModified":"2025-02-17T13:26:07+00:00","breadcrumb":{"@id":"https:\/\/ayto.mutxamel.org\/ca\/eventos\/presentacio-del-llibre-el-despertar-de-las-flores-del-ciruelo-de-paulina-l-ravel\/#breadcrumb"},"inLanguage":"ca","potentialAction":[{"@type":"ReadAction","target":["https:\/\/ayto.mutxamel.org\/ca\/eventos\/presentacio-del-llibre-el-despertar-de-las-flores-del-ciruelo-de-paulina-l-ravel\/"]}]},{"@type":"ImageObject","inLanguage":"ca","@id":"https:\/\/ayto.mutxamel.org\/ca\/eventos\/presentacio-del-llibre-el-despertar-de-las-flores-del-ciruelo-de-paulina-l-ravel\/#primaryimage","url":"https:\/\/ayto.mutxamel.org\/wp-content\/uploads\/2025\/02\/PRESENTACION-26F-valenciano_El-despertar-de-las-flores-del-ciruelo.jpg","contentUrl":"https:\/\/ayto.mutxamel.org\/wp-content\/uploads\/2025\/02\/PRESENTACION-26F-valenciano_El-despertar-de-las-flores-del-ciruelo.jpg","width":1080,"height":1350,"caption":"presentacion libro"},{"@type":"BreadcrumbList","@id":"https:\/\/ayto.mutxamel.org\/ca\/eventos\/presentacio-del-llibre-el-despertar-de-las-flores-del-ciruelo-de-paulina-l-ravel\/#breadcrumb","itemListElement":[{"@type":"ListItem","position":1,"name":"Portada","item":"https:\/\/ayto.mutxamel.org\/ca\/"},{"@type":"ListItem","position":2,"name":"Events","item":"https:\/\/ayto.mutxamel.org\/ca\/eventos\/"},{"@type":"ListItem","position":3,"name":"Presentaci\u00f3 del llibre: \u00abEl despertar de las flores del ciruelo\u00bb de Paulina L. Ravel"}]},{"@type":"WebSite","@id":"https:\/\/ayto.mutxamel.org\/ca\/#website","url":"https:\/\/ayto.mutxamel.org\/ca\/","name":"Ayuntamiento de Mutxamel","description":"","potentialAction":[{"@type":"SearchAction","target":{"@type":"EntryPoint","urlTemplate":"https:\/\/ayto.mutxamel.org\/ca\/?s={search_term_string}"},"query-input":{"@type":"PropertyValueSpecification","valueRequired":true,"valueName":"search_term_string"}}],"inLanguage":"ca"}]}},"_links":{"self":[{"href":"https:\/\/ayto.mutxamel.org\/ca\/wp-json\/wp\/v2\/mec-events\/54450","targetHints":{"allow":["GET"]}}],"collection":[{"href":"https:\/\/ayto.mutxamel.org\/ca\/wp-json\/wp\/v2\/mec-events"}],"about":[{"href":"https:\/\/ayto.mutxamel.org\/ca\/wp-json\/wp\/v2\/types\/mec-events"}],"author":[{"embeddable":true,"href":"https:\/\/ayto.mutxamel.org\/ca\/wp-json\/wp\/v2\/users\/6"}],"replies":[{"embeddable":true,"href":"https:\/\/ayto.mutxamel.org\/ca\/wp-json\/wp\/v2\/comments?post=54450"}],"wp:featuredmedia":[{"embeddable":true,"href":"https:\/\/ayto.mutxamel.org\/ca\/wp-json\/wp\/v2\/media\/54445"}],"wp:attachment":[{"href":"https:\/\/ayto.mutxamel.org\/ca\/wp-json\/wp\/v2\/media?parent=54450"}],"wp:term":[{"taxonomy":"post_tag","embeddable":true,"href":"https:\/\/ayto.mutxamel.org\/ca\/wp-json\/wp\/v2\/tags?post=54450"},{"taxonomy":"mec_category","embeddable":true,"href":"https:\/\/ayto.mutxamel.org\/ca\/wp-json\/wp\/v2\/mec_category?post=54450"}],"curies":[{"name":"wp","href":"https:\/\/api.w.org\/{rel}","templated":true}]}}

Presentació del llibre: &#8220;El despertar de las flores del ciruelo&#8221; de Paulina L. Ravel

<p>El dia 26 de febrer comptarem amb la presència de Paulina L. Ravel presentant el seu últim llibre &#8220;El despertar de las flores del ciruelo&#8221; a les 18:00 a la Biblioteca Notari Josep Blanquer.</p>
<p>Un llibre que arreplega deu relats protagonitzats per dones en els quals s&#8217;aborden temes com el racisme, l&#8217;educació, la violència, la guerra, l&#8217;emigració, la maternitat, les fidelitats familiars, el dol, la identitat sexual, el matrimoni forçat i altres qüestions que generen desigualtats.</p>

<p>El dia 26 de febrer comptarem amb la presència de Paulina L. Ravel presentant el seu últim llibre &#8220;El despertar de las flores del ciruelo&#8221; a les 18:00 a la Biblioteca Notari Josep Blanquer. Un llibre que arreplega deu relats protagonitzats per dones en els quals s&#8217;aborden temes com el racisme, l&#8217;educació, la violència, la&#8230;</p>

<!-- This site is optimized with the Yoast SEO plugin v27.3 - https://yoast.com/product/yoast-seo-wordpress/ -->
<title>Presentació del llibre: &quot;El despertar de las flores del ciruelo&quot; de Paulina L. Ravel - Ayuntamiento de Mutxamel</title>
<meta name="robots" content="index, follow, max-snippet:-1, max-image-preview:large, max-video-preview:-1" />
<link rel="canonical" href="https://ayto.mutxamel.org/ca/eventos/presentacio-del-llibre-el-despertar-de-las-flores-del-ciruelo-de-paulina-l-ravel/" />
<meta property="og:locale" content="ca_ES" />
<meta property="og:type" content="article" />
<meta property="og:title" content="Presentació del llibre: &quot;El despertar de las flores del ciruelo&quot; de Paulina L. Ravel - Ayuntamiento de Mutxamel" />
<meta property="og:description" content="El dia 26 de febrer comptarem amb la presència de Paulina L. Ravel presentant el seu últim llibre &#8220;El despertar de las flores del ciruelo&#8221; a les 18:00 a la Biblioteca Notari Josep Blanquer. Un llibre que arreplega deu relats protagonitzats per dones en els quals s&#8217;aborden temes com el racisme, l&#8217;educació, la violència, la..." />
<meta property="og:url" content="https://ayto.mutxamel.org/ca/eventos/presentacio-del-llibre-el-despertar-de-las-flores-del-ciruelo-de-paulina-l-ravel/" />
<meta property="og:site_name" content="Ayuntamiento de Mutxamel" />
<meta property="article:modified_time" content="2025-02-17T13:26:07+00:00" />
<meta property="og:image" content="https://ayto.mutxamel.org/wp-content/uploads/2025/02/PRESENTACION-26F-valenciano_El-despertar-de-las-flores-del-ciruelo.jpg" />
	<meta property="og:image:width" content="1080" />
	<meta property="og:image:height" content="1350" />
	<meta property="og:image:type" content="image/jpeg" />
<meta name="twitter:card" content="summary_large_image" />
<meta name="twitter:label1" content="Temps estimat de lectura" />
	<meta name="twitter:data1" content="1 minut" />
<script type="application/ld+json" class="yoast-schema-graph">{"@context":"https:\/\/schema.org","@graph":[{"@type":"WebPage","@id":"https:\/\/ayto.mutxamel.org\/ca\/eventos\/presentacio-del-llibre-el-despertar-de-las-flores-del-ciruelo-de-paulina-l-ravel\/","url":"https:\/\/ayto.mutxamel.org\/ca\/eventos\/presentacio-del-llibre-el-despertar-de-las-flores-del-ciruelo-de-paulina-l-ravel\/","name":"Presentació del llibre: \"El despertar de las flores del ciruelo\" de Paulina L. Ravel - Ayuntamiento de Mutxamel","isPartOf":{"@id":"https:\/\/ayto.mutxamel.org\/ca\/#website"},"primaryImageOfPage":{"@id":"https:\/\/ayto.mutxamel.org\/ca\/eventos\/presentacio-del-llibre-el-despertar-de-las-flores-del-ciruelo-de-paulina-l-ravel\/#primaryimage"},"image":{"@id":"https:\/\/ayto.mutxamel.org\/ca\/eventos\/presentacio-del-llibre-el-despertar-de-las-flores-del-ciruelo-de-paulina-l-ravel\/#primaryimage"},"thumbnailUrl":"https:\/\/ayto.mutxamel.org\/wp-content\/uploads\/2025\/02\/PRESENTACION-26F-valenciano_El-despertar-de-las-flores-del-ciruelo.jpg","datePublished":"2025-02-17T13:24:31+00:00","dateModified":"2025-02-17T13:26:07+00:00","breadcrumb":{"@id":"https:\/\/ayto.mutxamel.org\/ca\/eventos\/presentacio-del-llibre-el-despertar-de-las-flores-del-ciruelo-de-paulina-l-ravel\/#breadcrumb"},"inLanguage":"ca","potentialAction":[{"@type":"ReadAction","target":["https:\/\/ayto.mutxamel.org\/ca\/eventos\/presentacio-del-llibre-el-despertar-de-las-flores-del-ciruelo-de-paulina-l-ravel\/"]}]},{"@type":"ImageObject","inLanguage":"ca","@id":"https:\/\/ayto.mutxamel.org\/ca\/eventos\/presentacio-del-llibre-el-despertar-de-las-flores-del-ciruelo-de-paulina-l-ravel\/#primaryimage","url":"https:\/\/ayto.mutxamel.org\/wp-content\/uploads\/2025\/02\/PRESENTACION-26F-valenciano_El-despertar-de-las-flores-del-ciruelo.jpg","contentUrl":"https:\/\/ayto.mutxamel.org\/wp-content\/uploads\/2025\/02\/PRESENTACION-26F-valenciano_El-despertar-de-las-flores-del-ciruelo.jpg","width":1080,"height":1350,"caption":"presentacion libro"},{"@type":"BreadcrumbList","@id":"https:\/\/ayto.mutxamel.org\/ca\/eventos\/presentacio-del-llibre-el-despertar-de-las-flores-del-ciruelo-de-paulina-l-ravel\/#breadcrumb","itemListElement":[{"@type":"ListItem","position":1,"name":"Portada","item":"https:\/\/ayto.mutxamel.org\/ca\/"},{"@type":"ListItem","position":2,"name":"Events","item":"https:\/\/ayto.mutxamel.org\/ca\/eventos\/"},{"@type":"ListItem","position":3,"name":"Presentació del llibre: «El despertar de las flores del ciruelo» de Paulina L. Ravel"}]},{"@type":"WebSite","@id":"https:\/\/ayto.mutxamel.org\/ca\/#website","url":"https:\/\/ayto.mutxamel.org\/ca\/","name":"Ayuntamiento de Mutxamel","description":"","potentialAction":[{"@type":"SearchAction","target":{"@type":"EntryPoint","urlTemplate":"https:\/\/ayto.mutxamel.org\/ca\/?s={search_term_string}"},"query-input":{"@type":"PropertyValueSpecification","valueRequired":true,"valueName":"search_term_string"}}],"inLanguage":"ca"}]}</script>
<!-- / Yoast SEO plugin. -->

Presentació del llibre: "El despertar de las flores del ciruelo" de Paulina L. Ravel - Ayuntamiento de Mutxamel

El dia 26 de febrer comptarem amb la presència de Paulina L. Ravel presentant el seu últim llibre &#8220;El despertar de las flores del ciruelo&#8221; a les 18:00 a la Biblioteca Notari Josep Blanquer. Un llibre que arreplega deu relats protagonitzats per dones en els quals s&#8217;aborden temes com el racisme, l&#8217;educació, la violència, la...

Presentació del llibre: «El despertar de las flores del ciruelo» de Paulina L. Ravel
